{"id":770,"date":"2022-04-27T08:37:29","date_gmt":"2022-04-27T08:37:29","guid":{"rendered":"https:\/\/covermagazin.com\/trudnoca\/?page_id=770"},"modified":"2022-04-27T08:37:29","modified_gmt":"2022-04-27T08:37:29","slug":"kontracepcijske-hormonske-pilule-kombinirana-pilula","status":"publish","type":"page","link":"https:\/\/covermagazin.com\/trudnoca\/?page_id=770","title":{"rendered":"Kontracepcijske (hormonske) pilule &#8211;  kombinirana pilula"},"content":{"rendered":"\n<p><a href=\"https:\/\/covermagazin.com\/trudnoca\/wp-content\/uploads\/kontracepcija-2.jpg\"><img loading=\"lazy\" decoding=\"async\" class=\"alignnone size-full wp-image-771\" src=\"https:\/\/covermagazin.com\/trudnoca\/wp-content\/uploads\/kontracepcija-2.jpg\" alt=\"\" width=\"116\" height=\"85\" srcset=\"https:\/\/covermagazin.com\/trudnoca\/wp-content\/uploads\/kontracepcija-2.jpg 116w, https:\/\/covermagazin.com\/trudnoca\/wp-content\/uploads\/kontracepcija-2-80x60.jpg 80w\" sizes=\"auto, (max-width: 116px) 100vw, 116px\" \/><\/a><\/p>\n\n\n\n<h2 class=\"wp-block-heading\">Kontracepcijske (hormonske) pilule &#8211;<br>kombinirana pilula<\/h2>\n\n\n\n<p>Kombinirana pilula je jedan od najuobi\u010dajenijih oblika kontracepcije.<\/p>\n\n\n\n<h3 class=\"wp-block-heading\">\u0160to je i kako djeluje?<\/h3>\n\n\n\n<p>Postoje razli\u010dite vrste kombiniranih pilula razli\u010ditih proizvo\u0111a\u010da, a zajedni\u010dko im je da sadr\u017ee dva hormona: oestrogen i progestagen.<br>Pilule djeluju trostruko na sprje\u010davanje trudno\u0107e:<br>1 &#8211; Spre\u010davaju ovulaciju (sazrijevanje i osloba\u0111anje jajne stanice iz jajnika).<br>2 &#8211; Mijenjaju viskozitet sluzi koju lu\u010de \u017elijezde sluznice maternice, ote\u017eavaju\u0107i tako prolaz spermija.<br>3 \u2013 Mijenja samu sluznicu maternice, \u0161to ote\u017eava implantaciju eventualno oplo\u0111ene jajne stanice.<\/p>\n\n\n\n<h3 class=\"wp-block-heading\">U\u010dinkovitost<\/h3>\n\n\n\n<p>Kombinirana pilula ima u\u010dinkovitost ve\u0107u od 99%, (0,01% u idealnoj situaciji, ako se uzima redovito bez kombiniranja s drugim lijekovima) \u0161to zna\u010di da \u0107e samo 1 \u017eena na svakih 1000 koje koriste ovu vrstu za\u0161tite ostati trudna godi\u0161nje.<\/p>\n\n\n\n<h3 class=\"wp-block-heading\">Prednosti<\/h3>\n\n\n\n<p>&#8211; Ne utje\u010de na seksualni odnos<br>&#8211; \u010cini mjese\u010dnice kra\u0107ima i manje bolnima<br>&#8211; \u0160titi od raka maternice<br>&#8211; Umanjuje predmenstrualne tegobe<br>&#8211; Smanjuje rizik nekancerogenih tumora na maternici.<\/p>\n\n\n\n<h3 class=\"wp-block-heading\">Nedostaci<\/h3>\n\n\n\n<p>&#8211; Nuspojave mogu uklju\u010divati glavobolje, mijenjanje te\u017eine i veli\u010dine grudi<br>&#8211; Mo\u017ee povisiti krvni tlak<br>&#8211; Rijetko, ali mo\u017ee povisiti rizik nastanka tromboze<br>&#8211; Postoji vrlo mali rizik uzrokovanja tumora na grudima (mi\u0161ljenja znanstvenika se razlikuju jer ova teza nije do sada znanstveno dokazana, ali nije ni opovrgnuta)<br>&#8211; Ne smije se uzimati istovremeno s nekim lijekovima jer poni\u0161tava ili pove\u0107ava njihov u\u010dinak ovisno o lijeku.<\/p>\n\n\n\n<h3 class=\"wp-block-heading\">Kako se mogu dobiti (kupiti) hormonske kontracepcijske pilule?<\/h3>\n\n\n\n<p>Kontracepcijske tablete kupuju se uz recept nakon ginekolo\u0161kog pregleda i razgovora s lije\u010dnikom.<\/p>\n\n\n\n<h3 class=\"wp-block-heading\">Prije uzimanja<\/h3>\n\n\n\n<p>Prije uzimanja potrebno je napraviti ginekolo\u0161ki pregled. Tom prilikom potrebno je s ginekologom razgovarati o eventualnim ranijim bolestima, uzimanju drugih lijekova i mogu\u0107im kontraindikacijama. Poslije su potrebne kontrole svakih 6-12 mjeseci.<\/p>\n\n\n\n<h3 class=\"wp-block-heading\">Uzimanje pilula<\/h3>\n\n\n\n<p>Najbolje je kontracepcijske tablete uzimati uvijek u isto vrijeme, na primjer nave\u010der. U tom slu\u010daju ujutro mo\u017eete lako provjeriti jeste li prethodnog dana uzeli tabletu.<br>Uzimanje kontracepcijskih tableta prilago\u0111eno je menstruacijskom ciklusu koji traje 28 dana. Ve\u0107ina tableta uzima se 21 dan. Nakon toga slijedi stanka od sedam dana unutar koje se javlja krvarenje (naj\u010de\u0161\u0107e 2. &#8211; 4. dana stanke). Nakon stanke po\u010dinje se koristiti sljede\u0107e pakiranje. Sedmi dan zapo\u010dinje se s novim pakiranjem neovisno je li krvarenje prestalo ili jo\u0161 uvijek traje.<\/p>\n\n\n\n<h3 class=\"wp-block-heading\">\u0160to ako ste zaboravili popiti pilulu<\/h3>\n\n\n\n<p>Ako ste u odre\u0111eno vrijeme zaboravili popiti tabletu, mo\u017eete to u\u010diniti u sljede\u0107ih dvanaest sati. Ako je izme\u0111u dva uzimanja tableta pro\u0161lo vi\u0161e od 24 sata kontracepcijska pouzdanost mo\u017ee do\u0107i u pitanje.<\/p>\n\n\n\n<h3 class=\"wp-block-heading\">\u0160to dodatno smanjuje u\u010dinkovitost?<\/h3>\n\n\n\n<p>&#8211; Povra\u0107anje ili vrlo jaki proljev tijekom prva tri sata nakon uzimanja tablete.<br>&#8211; Neki lijekovi iz skupine antibiotika (rifampicin, ampicilin), barbiturata i lijekova za lije\u010denje epilepsije, te neki biljni antidepresivi (gospina trava).<\/p>\n\n\n\n<h3 class=\"wp-block-heading\">Je li preporu\u010dljiva stanka tijekom uzimanja kontracepcijskih tableta?<\/h3>\n\n\n\n<p>Ako ne postoje medicinski razlozi, nije potrebno \u010diniti stanku. Nepotrebno prekidanje uzimanja tableta mo\u017ee donijeti samo probleme.<\/p>\n\n\n\n<h3 class=\"wp-block-heading\">\u0160to u\u010diniti ako se jave izvanmenstrualna krvarenja?<\/h3>\n\n\n\n<p>Izvanmenstrualna krvarenja naj\u010de\u0161\u0107e su sasvim bezopasna. Zbog njih se ne treba brinuti. Javljaju se uglavnom na po\u010detku kori\u0161tenja tableta i naj\u010de\u0161\u0107e prestaju ve\u0107 u slijede\u0107em ciklusu. Ako se ponovno jave, treba nastaviti piti tablete. Ako su krvarenja u\u010destala i obilna, treba se posavjetovati s ginekologom.<\/p>\n\n\n\n<h3 class=\"wp-block-heading\">\u0160to u\u010diniti ako ne do\u0111e do krvarenja?<\/h3>\n\n\n\n<p>Vrlo rijetko krvarenje potpuno izostane. To ne mora zna\u010diti da je do\u0161lo do trudno\u0107e. Sluznica maternice mo\u017ee postati tako oskudna da ne dolazi do njezinog odbacivanja. U svakom slu\u010daju, novonastalu situaciju potrebno je razjasniti s ginekologom.<\/p>\n\n\n\n<h3 class=\"wp-block-heading\">Koje nuspojave imaju kontracepcijske pilule?<\/h3>\n\n\n\n<p>Nuspojave su obi\u010dno bezazlene i naj\u010de\u0161\u0107e prestaju u prva tri mjeseca kori\u0161tenja. Mogu se javiti mu\u010dnina, napetost dojki, blaga glavobolja ili promjene raspolo\u017eenja.<\/p>\n\n\n\n<h3 class=\"wp-block-heading\">Kako kontracepcijske pilule djeluju na tjelesnu te\u017einu?<\/h3>\n\n\n\n<p>Iako sadr\u017ee male doze hormona, kontracepcijske tablete u nekih \u017eena mogu uzrokovati blago nakupljanje teku\u0107ine, zbog \u010dega dolazi do neznatnih promjena tjelesne te\u017eine.<\/p>\n\n\n\n<h3 class=\"wp-block-heading\">Kako kombinirane hormonske pilule utje\u010du na kasniju plodnost?<\/h3>\n\n\n\n<p>Uzimanje tableta nema nikakvog utjecaja na kasniju plodnost, trudno\u0107u niti na dijete.<\/p>\n\n\n\n<h3 class=\"wp-block-heading\">Tko i kada ne treba uzimati kontracepcijske pilule?<\/h3>\n\n\n\n<p>Kontracepcijske pilule ne treba uzimati u sljede\u0107im stanjima:<br>&#8211; postoje\u0107e bolesti krvo\u017eilnog sustava (tromboza, embolija), osobito mo\u017edani ili sr\u010dani udar<br>&#8211; postoje\u0107a trudno\u0107a<br>&#8211; postoje\u0107i hormonski ovisni zlo\u0107udni tumori<br>&#8211; te\u0161ka o\u0161te\u0107enja jetre, hormoni iz kontracepcijskih pilula mogu jetra dodatno opteretiti<br>&#8211; bolesti krvnih \u017eila mozga ili o\u010diju<br>&#8211; osobe s visokim krvnim tlakom, osobito ako su prisutne komplikacije<br>&#8211; uro\u0111eni ili ste\u010deni poreme\u0107aji metabolizma kao \u0161to su \u0161e\u0107erna bolest ili poreme\u0107aji metabolizma lipida<br>&#8211; otoskleroza, koja se pogor\u0161ala u prethodnoj trudno\u0107i<br>&#8211; \u017eene koje pu\u0161e, a starije su od 30 godina, osobito ako su prisutni i drugi faktori rizika kao \u0161to su prekomjerna tjelesna te\u017eina ili povi\u0161eni krvni tlak.<\/p>\n\n\n\n<h3 class=\"wp-block-heading\">Kada je potrebno prestati uzimati kontracepcijske pilule:<\/h3>\n\n\n\n<p>&#8211; migrena koja se javlja prvi put nakon uzimanja hormonskih kontraceptiva, krvne \u017eile mozga mogu preosjetljivo reagirati na spolne hormone<br>&#8211; iznenadni poreme\u0107aji vida, oni mogu biti prvi znak tromboti\u010dnih promjena krvnih \u017eila mozga<br>&#8211; akutna tromboza<br>&#8211; akutna \u017eutica<br>&#8211; dulji boravak u krevetu, na primjer nakon te\u017ee traume ili velikih operativnih zahvata<br>&#8211; povi\u0161enje krvnog tlaka<br>&#8211; trudno\u0107a<br>&#8211; pojava mioma, \u010dvorova u dojkama ili endometrioze.<\/p>\n\n\n\n<h3 class=\"wp-block-heading\">Op\u0107enite informacije<\/h3>\n\n\n\n<p>Da biste se navikli na kombiniranu kontracepcijsku pilulu, op\u0107enito je potrebno do tri mjeseca. Ukoliko i nakon tog vremena osje\u0107ate neke promjene ili smetnje trebali biste razmisliti o promjeni vrste kontracepcije iako je \u010desto dovoljno promijeniti samo proizvo\u0111a\u010da i koristiti pilule s druga\u010dijim omjerom hormona.<\/p>\n\n\n\n<p><strong>Vezano:<\/strong><\/p>\n\n\n\n<h4 class=\"wp-block-heading\"><strong><em><a href=\"https:\/\/covermagazin.com\/trudnoca\/?page_id=762\">Metode kontracepcije<\/a><\/em><\/strong><\/h4>\n\n\n\n<p><a href=\"https:\/\/covermagazin.com\/trudnoca\/?page_id=792\">Dijafragme i cervikalne kapice<\/a><\/p>\n\n\n\n<p><a href=\"https:\/\/covermagazin.com\/trudnoca\/?page_id=811\">Hitna kontracepcija \u2013 pilula za dan poslije<\/a><\/p>\n\n\n\n<p><a href=\"https:\/\/covermagazin.com\/trudnoca\/?page_id=783\">Kontracepcijska injekcija<\/a><\/p>\n\n\n\n<p><a href=\"https:\/\/covermagazin.com\/trudnoca\/?page_id=770\">Kontracepcijske (hormonske) pilule \u2013 kombinirana pilula<\/a><\/p>\n\n\n\n<p><a href=\"https:\/\/covermagazin.com\/trudnoca\/?page_id=774\">Kontracepcijske (hormonske) pilule \u2013 pilula samo s progestagenom<\/a><\/p>\n\n\n\n<p><a href=\"https:\/\/covermagazin.com\/trudnoca\/?page_id=786\">Kontracepcijski implantati<\/a><\/p>\n\n\n\n<p><a href=\"https:\/\/covermagazin.com\/trudnoca\/?page_id=778\">Kontracepcijskii flasteri<\/a><\/p>\n\n\n\n<p><a href=\"https:\/\/covermagazin.com\/trudnoca\/?page_id=796\">Mu\u0161ki (prezervativi) i \u017eenski (femidom) kondomi<\/a><\/p>\n\n\n\n<p><a href=\"https:\/\/covermagazin.com\/trudnoca\/?page_id=766\">Prirodne metode kontracepcije<\/a><\/p>\n\n\n\n<p><a href=\"https:\/\/covermagazin.com\/trudnoca\/?page_id=789\">Spermicidna sredstva<\/a><\/p>\n\n\n\n<p><a href=\"https:\/\/covermagazin.com\/trudnoca\/?page_id=803\">Sterilizacija mu\u0161karaca i \u017eene<\/a><\/p>\n\n\n\n<p><a href=\"https:\/\/covermagazin.com\/trudnoca\/?page_id=799\">Unutarmateri\u010dni umetak (spirala)<\/a><\/p>\n\n\n\n<p><a href=\"https:\/\/covermagazin.com\/trudnoca\/?page_id=762\">Unutarmaterni\u010dni sustav<\/a><\/p>\n","protected":false},"excerpt":{"rendered":"<p>Kontracepcijske (hormonske) pilule &#8211;kombinirana pilula Kombinirana pilula je jedan od najuobi\u010dajenijih oblika kontracepcije. \u0160to je i kako djeluje? Postoje razli\u010dite vrste kombiniranih pilula razli\u010ditih proizvo\u0111a\u010da, a zajedni\u010dko im je da sadr\u017ee dva hormona: oestrogen i progestagen.Pilule djeluju trostruko na sprje\u010davanje trudno\u0107e:1 &#8211; Spre\u010davaju ovulaciju (sazrijevanje i osloba\u0111anje jajne stanice iz jajnika).2 &#8211; Mijenjaju viskozitet sluzi [&hellip;]<\/p>\n","protected":false},"author":1,"featured_media":771,"parent":762,"menu_order":0,"comment_status":"closed","ping_status":"closed","template":"","meta":{"footnotes":"","_links_to":"","_links_to_target":""},"class_list":["post-770","page","type-page","status-publish","has-post-thumbnail","hentry"],"_links":{"self":[{"href":"https:\/\/covermagazin.com\/trudnoca\/index.php?rest_route=\/wp\/v2\/pages\/770","targetHints":{"allow":["GET"]}}],"collection":[{"href":"https:\/\/covermagazin.com\/trudnoca\/index.php?rest_route=\/wp\/v2\/pages"}],"about":[{"href":"https:\/\/covermagazin.com\/trudnoca\/index.php?rest_route=\/wp\/v2\/types\/page"}],"author":[{"embeddable":true,"href":"https:\/\/covermagazin.com\/trudnoca\/index.php?rest_route=\/wp\/v2\/users\/1"}],"replies":[{"embeddable":true,"href":"https:\/\/covermagazin.com\/trudnoca\/index.php?rest_route=%2Fwp%2Fv2%2Fcomments&post=770"}],"version-history":[{"count":3,"href":"https:\/\/covermagazin.com\/trudnoca\/index.php?rest_route=\/wp\/v2\/pages\/770\/revisions"}],"predecessor-version":[{"id":1303,"href":"https:\/\/covermagazin.com\/trudnoca\/index.php?rest_route=\/wp\/v2\/pages\/770\/revisions\/1303"}],"up":[{"embeddable":true,"href":"https:\/\/covermagazin.com\/trudnoca\/index.php?rest_route=\/wp\/v2\/pages\/762"}],"wp:featuredmedia":[{"embeddable":true,"href":"https:\/\/covermagazin.com\/trudnoca\/index.php?rest_route=\/wp\/v2\/media\/771"}],"wp:attachment":[{"href":"https:\/\/covermagazin.com\/trudnoca\/index.php?rest_route=%2Fwp%2Fv2%2Fmedia&parent=770"}],"curies":[{"name":"wp","href":"https:\/\/api.w.org\/{rel}","templated":true}]}}