{"id":766,"date":"2022-04-27T09:11:47","date_gmt":"2022-04-27T09:11:47","guid":{"rendered":"https:\/\/covermagazin.com\/trudnoca\/?page_id=766"},"modified":"2022-04-27T09:11:47","modified_gmt":"2022-04-27T09:11:47","slug":"prirodne-metode-kontracepcije","status":"publish","type":"page","link":"https:\/\/covermagazin.com\/trudnoca\/?page_id=766","title":{"rendered":"Prirodne metode kontracepcije"},"content":{"rendered":"\n<p><a href=\"https:\/\/covermagazin.com\/trudnoca\/wp-content\/uploads\/kontracepcija-1.jpg\"><img loading=\"lazy\" decoding=\"async\" class=\"alignnone size-full wp-image-767\" src=\"https:\/\/covermagazin.com\/trudnoca\/wp-content\/uploads\/kontracepcija-1.jpg\" alt=\"\" width=\"116\" height=\"85\" srcset=\"https:\/\/covermagazin.com\/trudnoca\/wp-content\/uploads\/kontracepcija-1.jpg 116w, https:\/\/covermagazin.com\/trudnoca\/wp-content\/uploads\/kontracepcija-1-80x60.jpg 80w\" sizes=\"auto, (max-width: 116px) 100vw, 116px\" \/><\/a><\/p>\n\n\n\n<h2 class=\"wp-block-heading\">Prirodne metode kontracepcije<\/h2>\n\n\n\n<p>Prirodne metode kontracepcije zasnivaju se na suzdr\u017eavanju (apstinenciji) od spolnih odnosa u vrijeme plodnih dana ciklusa.<\/p>\n\n\n\n<p>Parovi koji odaberu tu vrstu za\u0161tite moraju poznavati i pomno pratiti menstruacijski ciklus \u017eene.<br>\u0160to je i kako djeluje?<\/p>\n\n\n\n<p>Prirodne kontracepcijske metode zasnivaju se na pra\u0107enju vremena ovulacije i plodnog razdoblja, te na suzdr\u017eavanju od spolnih odnosa u to vrijeme. Potrebna je poduka od strane stru\u010dnjaka i samokontrola oba partnera, te dobro poznavanje i redovitost menstrualnog ciklusa. Metode karakterizira niska djelotvornost i ne preporu\u010duju se adolescenticama.<\/p>\n\n\n\n<h3 class=\"wp-block-heading\">U\u010dinkovitost<\/h3>\n\n\n\n<p>Ukoliko se pravilno mjere i kombiniraju ove metode u\u010dinkovitost je 92 \u2013 94%.<\/p>\n\n\n\n<h3 class=\"wp-block-heading\">Indikatori<\/h3>\n\n\n\n<p>Prirodna kontracepcijska metoda naju\u010dinkovitija je kada se koriste i kombiniraju svi indikatori:<br>&#8211; bazalna temperatura<br>&#8211; pra\u0107enja cervikalne sluzi (Billingsova metoda)<br>&#8211; kalendarska ili ritmi\u010dka metoda (Ogino-Knausova metoda)<\/p>\n\n\n\n<h3 class=\"wp-block-heading\">Plodni dani<\/h3>\n\n\n\n<p>Plodno razdoblje obuhva\u0107a 4 dana prije ovulacije i 3 dana poslije ovulacije.<\/p>\n\n\n\n<h3 class=\"wp-block-heading\">Bazalne temperatura<\/h3>\n\n\n\n<p>Temperatura va\u0161eg tijela raste nakon ovulacije. Ako mjerite bazalnu temperaturu (temperaturu neposredno nakon bu\u0111enja) svako jutro prije ustajanja, uvijek u isto vrijeme, obi\u010dnim i uvijek istim toplomjerom (najbolje u ustima) znat \u0107ete kada se ovulacija dogodila.<\/p>\n\n\n\n<p>Prije mjerenja \u017eena mora spavati najmanje \u0161est sati i ne smije uzimati sredstva za spavanje.<br>U urednom menstruacijskom ciklusu razlikujemo dvije faze. U prvoj fazi bazalna tjelesna temperatura je ni\u017ea (ispod 36,6\u00b0C). U drugoj fazi, nakon ovulacije, bazalna tjelesna temperatura je vi\u0161a za 0,2-0,4\u00b0 C (36,6-37,2\u00b0 C).<\/p>\n\n\n\n<p>Skok u razini progesterona neposredno nakon ovulacije povisiti \u0107e tjelesnu temperaturu za 0.5 do 1.0 \u00b0C nakon ovulacije i ona \u0107e ostati tako povi\u0161ena tijekom cijele druge polovice ovulacijskog ciklusa. Ovulacija se doga\u0111a 1-2 dana prije skoka temperature, pa se odre\u0111uje retrogradno. Promjene temperature ukazuju na plodne dane. Neplodno sigurno razdoblje po\u010dinje tek kad je povi\u0161ena temperatura ustaljena tri dana.<\/p>\n\n\n\n<p>Pri ovoj metodi preporu\u010duje se apstinencija ili kori\u0161tenje barijerne metode od 1. dana menstruacije do 3. uzastopnog dana povi\u0161ene temperature.<\/p>\n\n\n\n<h3 class=\"wp-block-heading\">Pra\u0107enja cervikalne sluzi<\/h3>\n\n\n\n<p>Za vrijeme menstrualnog ciklusa pojavljuju se promjene u koli\u010dini cervikalne sluzi. Takve promjene uzrokuju osje\u0107aj suho\u0107e ili vla\u017enosti u vagini.<\/p>\n\n\n\n<p>Na po\u010detku i na kraju ciklusa, prije i poslije menstruacije, sluzi nema ili je oskudna. Sluz je gusta, ljepljiva i mutna. Nekoliko dana prije ovulacije stvara se vi\u0161e sluzi, obilnija je, postaje bistrija. Pri ovulaciji sluz sli\u010di bjelancu jajeta i vrlo je elasti\u010dna, rastezljiva. Nakon ovulacije, u nekoliko dana, sluz postaje gu\u0161\u0107a, ljepljiva i mutna, pa nestaje.<\/p>\n\n\n\n<p>Plodni dani traju cijelo vrijeme dok je sluz obilna, bistra i elasti\u010dna, pet dana prije i tri dana nakon ovulacije. Preporu\u010duje se apstinencija od pojave prvih znakova sluzi nakon menstruacije do 4. dana nakon dana najve\u0107e elasti\u010dnosti sluzi.<\/p>\n\n\n\n<h3 class=\"wp-block-heading\">Kalendarska ili ritmi\u010dka metoda<\/h3>\n\n\n\n<p>Ogino je zaklju\u010dio da je druga faza ciklusa, zna\u010di faza nakon ovulacije, stabilna te da ovulacija prethodi sljede\u0107oj menstruaciji uvijek 12 -16 dana. Da bi metoda bila pouzdana, potrebno je pratiti duljinu ciklusa tijekom 12 mjeseci i odrediti najkra\u0107i i najdulji ciklus. Ne preporu\u010duje se \u017eenama s neredovitim ciklusima<\/p>\n\n\n\n<p>Prema Knausu, prvi plodni dan izra\u010dunava se po formuli najkra\u0107i menstrualni ciklus u danima \u2013 (minus) 17. Zadnji plodni dan izra\u010dunava se po formuli najdulji menstrualni ciklus u danima \u2013 (minus) 13.<\/p>\n\n\n\n<figure class=\"wp-block-embed is-type-wp-embed is-provider-cover-magazin-com wp-block-embed-cover-magazin-com\"><div class=\"wp-block-embed__wrapper\">\n<blockquote class=\"wp-embedded-content\" data-secret=\"MFG8fgP8e0\"><a href=\"https:\/\/covermagazin.com\/?page_id=29096\">Plodni dani KALKULATOR + kako znati kad su plodni dani<\/a><\/blockquote><iframe loading=\"lazy\" class=\"wp-embedded-content\" sandbox=\"allow-scripts\" security=\"restricted\" style=\"position: absolute; visibility: hidden;\" title=\"&#8220;Plodni dani KALKULATOR + kako znati kad su plodni dani&#8221; &#8212; COVER magazin.com\" src=\"https:\/\/covermagazin.com\/?page_id=29096&#038;embed=true#?secret=hAh8EFynlf#?secret=MFG8fgP8e0\" data-secret=\"MFG8fgP8e0\" width=\"500\" height=\"282\" frameborder=\"0\" marginwidth=\"0\" marginheight=\"0\" scrolling=\"no\"><\/iframe>\n<\/div><\/figure>\n\n\n\n<h3 class=\"wp-block-heading\">Ovulacijske trakice<\/h3>\n\n\n\n<p>Koriste se testiranjem urina i pokazuju kada se pribli\u017eava ovulacija jer mjere LH hormon u urinu. Mo\u017ee se preko interneta naru\u010diti relativno jeftino pakiranje trakica za predvi\u0111anje ovulacije dovoljnih za oko godinu dana za 50 do 100 kn.<\/p>\n\n\n\n<h3 class=\"wp-block-heading\">Persona<\/h3>\n\n\n\n<p>U svrhu kontracepcije u novije vrijeme se za odre\u0111ivanje termina ovulacije koristi i minikompjutor zvani Persona. Tijekom ciklusa upoznavanja, Persona \u0107e od vas zahtijevati mjerenje bazalne temperature i uno\u0161enje podataka o BT, a onda \u0107e tra\u017eiti da napravite test u mokra\u0107i s prilo\u017eenim trakicama (odre\u0111ivanje hormona LH) i predkazati \u0107e vam ovulaciju s to\u010dno\u0161\u0107u od 94%. Kao i za ostale prirodne metode kontracepcije potrebno je imati redovite menstruacijske cikluse.<\/p>\n\n\n\n<p><strong>Prednosti<\/strong><br>&#8211; Nema fizi\u010dkih nuspojava<br>&#8211; U\u010dinkovita je ako se slijede instrukcije<br>&#8211; Ne koriste se hormoni ni mehani\u010dki ure\u0111aji<br>&#8211; Poma\u017ee razumijevanju plodnosti i funkcioniranja tijela<br>&#8211; Koristi se ili za planiranje ili izbjegavanje trudno\u0107e<\/p>\n\n\n\n<p><strong>Nedostaci<\/strong><\/p>\n\n\n\n<p>&#8211; Treba pro\u0107i najmanje 6 menstrualnih ciklusa da bi se upoznalo tijelo<br>&#8211; Zahtijeva svakodnevno pra\u0107enje i bilje\u017eenje<br>&#8211; Seks se treba izbjegavati ili koristiti druga sredstva za\u0161tite nekoliko dana u mjesecu<br>&#8211; Bolest, stres ili putovanja mogu poremetiti ciklus i ote\u017eati pra\u0107enje znakova plodnosti.<\/p>\n\n\n\n<h3 class=\"wp-block-heading\">Mo\u017ee li je svatko koristiti?<\/h3>\n\n\n\n<p>I oni s \u010dvrstim vjerskim uvjerenjima koja zabranjuju kori\u0161tenje drugih sredstava kontracepcije mogu koristiti ovu metodu. Prihva\u0107ena je u svim kulturama i vjerama.<\/p>\n\n\n\n<h3 class=\"wp-block-heading\">Op\u0107enite informacije<\/h3>\n\n\n\n<p>Pra\u0107enje plodnosti postalo je mnogo u\u010dinkovitije otkada u ljekarnama postoje ure\u0111aji i ovulacijske trakice koji u tome poma\u017eu.<\/p>\n\n\n\n<p><strong>Vezano:<\/strong><\/p>\n\n\n\n<h4 class=\"wp-block-heading\"><strong><em><a href=\"https:\/\/covermagazin.com\/trudnoca\/?page_id=762\">Metode kontracepcije<\/a><\/em><\/strong><\/h4>\n\n\n\n<p><a href=\"https:\/\/covermagazin.com\/trudnoca\/?page_id=792\">Dijafragme i cervikalne kapice<\/a><\/p>\n\n\n\n<p><a href=\"https:\/\/covermagazin.com\/trudnoca\/?page_id=811\">Hitna kontracepcija \u2013 pilula za dan poslije<\/a><\/p>\n\n\n\n<p><a href=\"https:\/\/covermagazin.com\/trudnoca\/?page_id=783\">Kontracepcijska injekcija<\/a><\/p>\n\n\n\n<p><a href=\"https:\/\/covermagazin.com\/trudnoca\/?page_id=770\">Kontracepcijske (hormonske) pilule \u2013 kombinirana pilula<\/a><\/p>\n\n\n\n<p><a href=\"https:\/\/covermagazin.com\/trudnoca\/?page_id=774\">Kontracepcijske (hormonske) pilule \u2013 pilula samo s progestagenom<\/a><\/p>\n\n\n\n<p><a href=\"https:\/\/covermagazin.com\/trudnoca\/?page_id=786\">Kontracepcijski implantati<\/a><\/p>\n\n\n\n<p><a href=\"https:\/\/covermagazin.com\/trudnoca\/?page_id=778\">Kontracepcijskii flasteri<\/a><\/p>\n\n\n\n<p><a href=\"https:\/\/covermagazin.com\/trudnoca\/?page_id=796\">Mu\u0161ki (prezervativi) i \u017eenski (femidom) kondomi<\/a><\/p>\n\n\n\n<p><a href=\"https:\/\/covermagazin.com\/trudnoca\/?page_id=766\">Prirodne metode kontracepcije<\/a><\/p>\n\n\n\n<p><a href=\"https:\/\/covermagazin.com\/trudnoca\/?page_id=789\">Spermicidna sredstva<\/a><\/p>\n\n\n\n<p><a href=\"https:\/\/covermagazin.com\/trudnoca\/?page_id=803\">Sterilizacija mu\u0161karaca i \u017eene<\/a><\/p>\n\n\n\n<p><a href=\"https:\/\/covermagazin.com\/trudnoca\/?page_id=799\">Unutarmateri\u010dni umetak (spirala)<\/a><\/p>\n\n\n\n<p><a href=\"https:\/\/covermagazin.com\/trudnoca\/?page_id=762\">Unutarmaterni\u010dni sustav<\/a><\/p>\n","protected":false},"excerpt":{"rendered":"<p>Prirodne metode kontracepcije Prirodne metode kontracepcije zasnivaju se na suzdr\u017eavanju (apstinenciji) od spolnih odnosa u vrijeme plodnih dana ciklusa. Parovi koji odaberu tu vrstu za\u0161tite moraju poznavati i pomno pratiti menstruacijski ciklus \u017eene.\u0160to je i kako djeluje? Prirodne kontracepcijske metode zasnivaju se na pra\u0107enju vremena ovulacije i plodnog razdoblja, te na suzdr\u017eavanju od spolnih odnosa [&hellip;]<\/p>\n","protected":false},"author":1,"featured_media":767,"parent":762,"menu_order":0,"comment_status":"closed","ping_status":"closed","template":"","meta":{"footnotes":"","_links_to":"","_links_to_target":""},"class_list":["post-766","page","type-page","status-publish","has-post-thumbnail","hentry"],"_links":{"self":[{"href":"https:\/\/covermagazin.com\/trudnoca\/index.php?rest_route=\/wp\/v2\/pages\/766","targetHints":{"allow":["GET"]}}],"collection":[{"href":"https:\/\/covermagazin.com\/trudnoca\/index.php?rest_route=\/wp\/v2\/pages"}],"about":[{"href":"https:\/\/covermagazin.com\/trudnoca\/index.php?rest_route=\/wp\/v2\/types\/page"}],"author":[{"embeddable":true,"href":"https:\/\/covermagazin.com\/trudnoca\/index.php?rest_route=\/wp\/v2\/users\/1"}],"replies":[{"embeddable":true,"href":"https:\/\/covermagazin.com\/trudnoca\/index.php?rest_route=%2Fwp%2Fv2%2Fcomments&post=766"}],"version-history":[{"count":2,"href":"https:\/\/covermagazin.com\/trudnoca\/index.php?rest_route=\/wp\/v2\/pages\/766\/revisions"}],"predecessor-version":[{"id":1326,"href":"https:\/\/covermagazin.com\/trudnoca\/index.php?rest_route=\/wp\/v2\/pages\/766\/revisions\/1326"}],"up":[{"embeddable":true,"href":"https:\/\/covermagazin.com\/trudnoca\/index.php?rest_route=\/wp\/v2\/pages\/762"}],"wp:featuredmedia":[{"embeddable":true,"href":"https:\/\/covermagazin.com\/trudnoca\/index.php?rest_route=\/wp\/v2\/media\/767"}],"wp:attachment":[{"href":"https:\/\/covermagazin.com\/trudnoca\/index.php?rest_route=%2Fwp%2Fv2%2Fmedia&parent=766"}],"curies":[{"name":"wp","href":"https:\/\/api.w.org\/{rel}","templated":true}]}}