{"id":762,"date":"2020-05-11T17:56:26","date_gmt":"2020-05-11T17:56:26","guid":{"rendered":"https:\/\/covermagazin.com\/trudnoca\/?page_id=762"},"modified":"2020-05-11T19:51:25","modified_gmt":"2020-05-11T19:51:25","slug":"metode-kontracepcije","status":"publish","type":"page","link":"https:\/\/covermagazin.com\/trudnoca\/?page_id=762","title":{"rendered":"Metode kontracepcije"},"content":{"rendered":"<h3><a href=\"https:\/\/covermagazin.com\/trudnoca\/wp-content\/uploads\/kontracepcija.jpg\"><img loading=\"lazy\" decoding=\"async\" class=\"alignnone size-full wp-image-763\" src=\"https:\/\/covermagazin.com\/trudnoca\/wp-content\/uploads\/kontracepcija.jpg\" alt=\"\" width=\"600\" height=\"401\" srcset=\"https:\/\/covermagazin.com\/trudnoca\/wp-content\/uploads\/kontracepcija.jpg 600w, https:\/\/covermagazin.com\/trudnoca\/wp-content\/uploads\/kontracepcija-300x201.jpg 300w, https:\/\/covermagazin.com\/trudnoca\/wp-content\/uploads\/kontracepcija-576x384.jpg 576w\" sizes=\"auto, (max-width: 600px) 100vw, 600px\" \/><\/a><\/h3>\n<h3>Metode kontracepcije &#8211; Kontracepcija<\/h3>\n<p>Kontracepcija obuhva\u0107a sve metode koje sprje\u010davaju nastanak ne\u017eeljene trudno\u0107e.<br \/>\nKontracepcijske metode najvjerojatnije postoje koliko i ljudski rod. U nekim dijelovima svijeta primjenjuju se normalno, dok u nekim jo\u0161 uvijek postoje predrasude, \u0161to iz vjerskih razloga \u0161to iz straha i neznanja.<\/p>\n<p>Prema na\u010dinu djelovanja dijelimo ih na barijerna sredstva, hormonske metode, materni\u010dne ulo\u0161ke, kirur\u0161ke metode, prirodne metode i postkoitalnu za\u0161titu.<br \/>\nPo\u0161to nema &#8220;savr\u0161ene&#8221; metode izbor kontracepcije \u0107e biti neka vrsta kompromisa. Sigurnost i djelotvornost su vjerojatno najva\u017eniji faktori, a nekima je va\u017ena i njihova prakti\u010dnost, dostupnost i cijena.<\/p>\n<p>Pri izboru metode va\u017eno je biti informiran o njenim prednostima i nedostacima, mogu\u0107im popratnim efektima, djelotvornosti za\u0161tite od trudno\u0107e i spolno prenosivih infekcija, te o pravilnom na\u010dinu upotrebe. Potrebno je uzeti u obzir i va\u0161u dob, zdravstveno stanje, koliko \u010desto imate spolne odnose, te osobne stavove i uvjerenja.<\/p>\n<p>Najbolje bi bilo konzultirati se s lije\u010dnikom koji \u0107e vam pomo\u0107i u dono\u0161enju odluke, a za neke metode je lije\u010dni\u010dki pregled obavezan.<\/p>\n<blockquote class=\"wp-embedded-content\" data-secret=\"6nMRxnVF66\"><p><a href=\"https:\/\/covermagazin.com\/trudnoca\/?page_id=766\">Prirodne metode kontracepcije<\/a><\/p><\/blockquote>\n<p><iframe loading=\"lazy\" class=\"wp-embedded-content\" sandbox=\"allow-scripts\" security=\"restricted\" style=\"position: absolute; visibility: hidden;\" title=\"&#8220;Prirodne metode kontracepcije&#8221; &#8212; Trudno\u0107a \" src=\"https:\/\/covermagazin.com\/trudnoca\/?page_id=766&#038;embed=true#?secret=uFSPD4U9bc#?secret=6nMRxnVF66\" data-secret=\"6nMRxnVF66\" width=\"500\" height=\"282\" frameborder=\"0\" marginwidth=\"0\" marginheight=\"0\" scrolling=\"no\"><\/iframe><\/p>\n<blockquote class=\"wp-embedded-content\" data-secret=\"JHS4Im7Mms\"><p><a href=\"https:\/\/covermagazin.com\/trudnoca\/?page_id=770\">Kontracepcijske (hormonske) pilule &#8211;  kombinirana pilula<\/a><\/p><\/blockquote>\n<p><iframe loading=\"lazy\" class=\"wp-embedded-content\" sandbox=\"allow-scripts\" security=\"restricted\" style=\"position: absolute; visibility: hidden;\" title=\"&#8220;Kontracepcijske (hormonske) pilule &#8211;  kombinirana pilula&#8221; &#8212; Trudno\u0107a \" src=\"https:\/\/covermagazin.com\/trudnoca\/?page_id=770&#038;embed=true#?secret=tDQ50LcQfG#?secret=JHS4Im7Mms\" data-secret=\"JHS4Im7Mms\" width=\"500\" height=\"282\" frameborder=\"0\" marginwidth=\"0\" marginheight=\"0\" scrolling=\"no\"><\/iframe><\/p>\n<blockquote class=\"wp-embedded-content\" data-secret=\"CWHthCT2kA\"><p><a href=\"https:\/\/covermagazin.com\/trudnoca\/?page_id=774\">Kontracepcijske (hormonske) pilule &#8211; pilula samo s progestagenom<\/a><\/p><\/blockquote>\n<p><iframe loading=\"lazy\" class=\"wp-embedded-content\" sandbox=\"allow-scripts\" security=\"restricted\" style=\"position: absolute; visibility: hidden;\" title=\"&#8220;Kontracepcijske (hormonske) pilule &#8211; pilula samo s progestagenom&#8221; &#8212; Trudno\u0107a \" src=\"https:\/\/covermagazin.com\/trudnoca\/?page_id=774&#038;embed=true#?secret=Wx61yRAWKQ#?secret=CWHthCT2kA\" data-secret=\"CWHthCT2kA\" width=\"500\" height=\"282\" frameborder=\"0\" marginwidth=\"0\" marginheight=\"0\" scrolling=\"no\"><\/iframe><\/p>\n<blockquote class=\"wp-embedded-content\" data-secret=\"afiN6JVQyx\"><p><a href=\"https:\/\/covermagazin.com\/trudnoca\/?page_id=778\">Kontracepcijskii flasteri<\/a><\/p><\/blockquote>\n<p><iframe loading=\"lazy\" class=\"wp-embedded-content\" sandbox=\"allow-scripts\" security=\"restricted\" style=\"position: absolute; visibility: hidden;\" title=\"&#8220;Kontracepcijskii flasteri&#8221; &#8212; Trudno\u0107a \" src=\"https:\/\/covermagazin.com\/trudnoca\/?page_id=778&#038;embed=true#?secret=3JceY6kGrf#?secret=afiN6JVQyx\" data-secret=\"afiN6JVQyx\" width=\"500\" height=\"282\" frameborder=\"0\" marginwidth=\"0\" marginheight=\"0\" scrolling=\"no\"><\/iframe><\/p>\n<blockquote class=\"wp-embedded-content\" data-secret=\"06qFQQIx6J\"><p><a href=\"https:\/\/covermagazin.com\/trudnoca\/?page_id=783\">Kontracepcijska injekcija<\/a><\/p><\/blockquote>\n<p><iframe loading=\"lazy\" class=\"wp-embedded-content\" sandbox=\"allow-scripts\" security=\"restricted\" style=\"position: absolute; visibility: hidden;\" title=\"&#8220;Kontracepcijska injekcija&#8221; &#8212; Trudno\u0107a \" src=\"https:\/\/covermagazin.com\/trudnoca\/?page_id=783&#038;embed=true#?secret=Ui51nkXMe2#?secret=06qFQQIx6J\" data-secret=\"06qFQQIx6J\" width=\"500\" height=\"282\" frameborder=\"0\" marginwidth=\"0\" marginheight=\"0\" scrolling=\"no\"><\/iframe><\/p>\n<blockquote class=\"wp-embedded-content\" data-secret=\"RgT2c5KRQx\"><p><a href=\"https:\/\/covermagazin.com\/trudnoca\/?page_id=786\">Kontracepcijski implantati<\/a><\/p><\/blockquote>\n<p><iframe loading=\"lazy\" class=\"wp-embedded-content\" sandbox=\"allow-scripts\" security=\"restricted\" style=\"position: absolute; visibility: hidden;\" title=\"&#8220;Kontracepcijski implantati&#8221; &#8212; Trudno\u0107a \" src=\"https:\/\/covermagazin.com\/trudnoca\/?page_id=786&#038;embed=true#?secret=t5Lm3qNkin#?secret=RgT2c5KRQx\" data-secret=\"RgT2c5KRQx\" width=\"500\" height=\"282\" frameborder=\"0\" marginwidth=\"0\" marginheight=\"0\" scrolling=\"no\"><\/iframe><\/p>\n<blockquote class=\"wp-embedded-content\" data-secret=\"f0tF11yeoV\"><p><a href=\"https:\/\/covermagazin.com\/trudnoca\/?page_id=789\">Spermicidna sredstva<\/a><\/p><\/blockquote>\n<p><iframe loading=\"lazy\" class=\"wp-embedded-content\" sandbox=\"allow-scripts\" security=\"restricted\" style=\"position: absolute; visibility: hidden;\" title=\"&#8220;Spermicidna sredstva&#8221; &#8212; Trudno\u0107a \" src=\"https:\/\/covermagazin.com\/trudnoca\/?page_id=789&#038;embed=true#?secret=CB05FtaPEP#?secret=f0tF11yeoV\" data-secret=\"f0tF11yeoV\" width=\"500\" height=\"282\" frameborder=\"0\" marginwidth=\"0\" marginheight=\"0\" scrolling=\"no\"><\/iframe><\/p>\n<blockquote class=\"wp-embedded-content\" data-secret=\"9WH4ny8LsP\"><p><a href=\"https:\/\/covermagazin.com\/trudnoca\/?page_id=792\">Dijafragme i cervikalne kapice<\/a><\/p><\/blockquote>\n<p><iframe loading=\"lazy\" class=\"wp-embedded-content\" sandbox=\"allow-scripts\" security=\"restricted\" style=\"position: absolute; visibility: hidden;\" title=\"&#8220;Dijafragme i cervikalne kapice&#8221; &#8212; Trudno\u0107a \" src=\"https:\/\/covermagazin.com\/trudnoca\/?page_id=792&#038;embed=true#?secret=B8zpGLuXP7#?secret=9WH4ny8LsP\" data-secret=\"9WH4ny8LsP\" width=\"500\" height=\"282\" frameborder=\"0\" marginwidth=\"0\" marginheight=\"0\" scrolling=\"no\"><\/iframe><\/p>\n<blockquote class=\"wp-embedded-content\" data-secret=\"BWkfQj9s1F\"><p><a href=\"https:\/\/covermagazin.com\/trudnoca\/?page_id=796\">Mu\u0161ki (prezervativi) i \u017eenski kondomi (femidom)<\/a><\/p><\/blockquote>\n<p><iframe loading=\"lazy\" class=\"wp-embedded-content\" sandbox=\"allow-scripts\" security=\"restricted\" style=\"position: absolute; visibility: hidden;\" title=\"&#8220;Mu\u0161ki (prezervativi) i \u017eenski kondomi (femidom)&#8221; &#8212; Trudno\u0107a \" src=\"https:\/\/covermagazin.com\/trudnoca\/?page_id=796&#038;embed=true#?secret=RxOMLi8fTG#?secret=BWkfQj9s1F\" data-secret=\"BWkfQj9s1F\" width=\"500\" height=\"282\" frameborder=\"0\" marginwidth=\"0\" marginheight=\"0\" scrolling=\"no\"><\/iframe><\/p>\n<blockquote class=\"wp-embedded-content\" data-secret=\"kQ2YrISH3y\"><p><a href=\"https:\/\/covermagazin.com\/trudnoca\/?page_id=799\">Unutarmaterni\u010dni sustav<\/a><\/p><\/blockquote>\n<p><iframe loading=\"lazy\" class=\"wp-embedded-content\" sandbox=\"allow-scripts\" security=\"restricted\" style=\"position: absolute; visibility: hidden;\" title=\"&#8220;Unutarmaterni\u010dni sustav&#8221; &#8212; Trudno\u0107a \" src=\"https:\/\/covermagazin.com\/trudnoca\/?page_id=799&#038;embed=true#?secret=WWFDyujAct#?secret=kQ2YrISH3y\" data-secret=\"kQ2YrISH3y\" width=\"500\" height=\"282\" frameborder=\"0\" marginwidth=\"0\" marginheight=\"0\" scrolling=\"no\"><\/iframe><\/p>\n<blockquote class=\"wp-embedded-content\" data-secret=\"mLQZmAtJ2p\"><p><a href=\"https:\/\/covermagazin.com\/trudnoca\/?page_id=803\">Unutarmateri\u010dni umetak (spirala)<\/a><\/p><\/blockquote>\n<p><iframe loading=\"lazy\" class=\"wp-embedded-content\" sandbox=\"allow-scripts\" security=\"restricted\" style=\"position: absolute; visibility: hidden;\" title=\"&#8220;Unutarmateri\u010dni umetak (spirala)&#8221; &#8212; Trudno\u0107a \" src=\"https:\/\/covermagazin.com\/trudnoca\/?page_id=803&#038;embed=true#?secret=qGZ5k2jtP0#?secret=mLQZmAtJ2p\" data-secret=\"mLQZmAtJ2p\" width=\"500\" height=\"282\" frameborder=\"0\" marginwidth=\"0\" marginheight=\"0\" scrolling=\"no\"><\/iframe><\/p>\n<blockquote class=\"wp-embedded-content\" data-secret=\"pujsGLuhay\"><p><a href=\"https:\/\/covermagazin.com\/trudnoca\/?page_id=808\">Sterilizacija mu\u0161karaca i \u017eene<\/a><\/p><\/blockquote>\n<p><iframe loading=\"lazy\" class=\"wp-embedded-content\" sandbox=\"allow-scripts\" security=\"restricted\" style=\"position: absolute; visibility: hidden;\" title=\"&#8220;Sterilizacija mu\u0161karaca i \u017eene&#8221; &#8212; Trudno\u0107a \" src=\"https:\/\/covermagazin.com\/trudnoca\/?page_id=808&#038;embed=true#?secret=K0y2pqS3as#?secret=pujsGLuhay\" data-secret=\"pujsGLuhay\" width=\"500\" height=\"282\" frameborder=\"0\" marginwidth=\"0\" marginheight=\"0\" scrolling=\"no\"><\/iframe><\/p>\n<blockquote class=\"wp-embedded-content\" data-secret=\"jPFirhjYSE\"><p><a href=\"https:\/\/covermagazin.com\/trudnoca\/?page_id=811\">Hitna kontracepcija &#8211; pilula za dan poslije<\/a><\/p><\/blockquote>\n<p><iframe loading=\"lazy\" class=\"wp-embedded-content\" sandbox=\"allow-scripts\" security=\"restricted\" style=\"position: absolute; visibility: hidden;\" title=\"&#8220;Hitna kontracepcija &#8211; pilula za dan poslije&#8221; &#8212; Trudno\u0107a \" src=\"https:\/\/covermagazin.com\/trudnoca\/?page_id=811&#038;embed=true#?secret=2dioSxEqFL#?secret=jPFirhjYSE\" data-secret=\"jPFirhjYSE\" width=\"500\" height=\"282\" frameborder=\"0\" marginwidth=\"0\" marginheight=\"0\" scrolling=\"no\"><\/iframe><\/p>\n<p>&nbsp;<\/p>\n<p>&nbsp;<\/p>\n","protected":false},"excerpt":{"rendered":"<p>Metode kontracepcije &#8211; Kontracepcija Kontracepcija obuhva\u0107a sve metode koje sprje\u010davaju nastanak ne\u017eeljene trudno\u0107e. Kontracepcijske metode najvjerojatnije postoje koliko i ljudski rod. U nekim dijelovima svijeta primjenjuju se normalno, dok u nekim jo\u0161 uvijek postoje predrasude, \u0161to iz vjerskih razloga \u0161to iz straha i neznanja. Prema na\u010dinu djelovanja dijelimo ih na barijerna sredstva, hormonske metode, materni\u010dne [&hellip;]<\/p>\n","protected":false},"author":1,"featured_media":763,"parent":0,"menu_order":0,"comment_status":"closed","ping_status":"closed","template":"","meta":{"footnotes":"","_links_to":"","_links_to_target":""},"class_list":["post-762","page","type-page","status-publish","has-post-thumbnail","hentry"],"_links":{"self":[{"href":"https:\/\/covermagazin.com\/trudnoca\/index.php?rest_route=\/wp\/v2\/pages\/762","targetHints":{"allow":["GET"]}}],"collection":[{"href":"https:\/\/covermagazin.com\/trudnoca\/index.php?rest_route=\/wp\/v2\/pages"}],"about":[{"href":"https:\/\/covermagazin.com\/trudnoca\/index.php?rest_route=\/wp\/v2\/types\/page"}],"author":[{"embeddable":true,"href":"https:\/\/covermagazin.com\/trudnoca\/index.php?rest_route=\/wp\/v2\/users\/1"}],"replies":[{"embeddable":true,"href":"https:\/\/covermagazin.com\/trudnoca\/index.php?rest_route=%2Fwp%2Fv2%2Fcomments&post=762"}],"version-history":[{"count":9,"href":"https:\/\/covermagazin.com\/trudnoca\/index.php?rest_route=\/wp\/v2\/pages\/762\/revisions"}],"predecessor-version":[{"id":814,"href":"https:\/\/covermagazin.com\/trudnoca\/index.php?rest_route=\/wp\/v2\/pages\/762\/revisions\/814"}],"wp:featuredmedia":[{"embeddable":true,"href":"https:\/\/covermagazin.com\/trudnoca\/index.php?rest_route=\/wp\/v2\/media\/763"}],"wp:attachment":[{"href":"https:\/\/covermagazin.com\/trudnoca\/index.php?rest_route=%2Fwp%2Fv2%2Fmedia&parent=762"}],"curies":[{"name":"wp","href":"https:\/\/api.w.org\/{rel}","templated":true}]}}