{"id":1001,"date":"2020-11-11T14:11:24","date_gmt":"2020-11-11T14:11:24","guid":{"rendered":"https:\/\/covermagazin.com\/trudnoca\/wp-content\/uploads\/Zbog-cega-je-svih-40-tjedana-trudnoce-vazno-COVER.jpg"},"modified":"2020-11-11T14:11:28","modified_gmt":"2020-11-11T14:11:28","slug":"zbog-cega-je-svih-40-tjedana-trudnoce-vazno-cover","status":"inherit","type":"attachment","link":"https:\/\/covermagazin.com\/trudnoca\/?attachment_id=1001","title":{"rendered":"Zbog \u010dega je svih 40 tjedana trudno\u0107e va\u017eno COVER"},"author":1,"featured_media":0,"comment_status":"closed","ping_status":"closed","template":"","meta":{"_links_to":"","_links_to_target":""},"class_list":["post-1001","attachment","type-attachment","status-inherit","hentry"],"description":{"rendered":"<p class=\"attachment\"><a href='https:\/\/covermagazin.com\/trudnoca\/wp-content\/uploads\/Zbog-cega-je-svih-40-tjedana-trudnoce-vazno-COVER.jpg'><img loading=\"lazy\" decoding=\"async\" width=\"300\" height=\"201\" src=\"https:\/\/covermagazin.com\/trudnoca\/wp-content\/uploads\/Zbog-cega-je-svih-40-tjedana-trudnoce-vazno-COVER-300x201.jpg\" class=\"attachment-medium size-medium\" alt=\"Zbog \u010dega je svih 40 tjedana trudno\u0107e va\u017eno\" srcset=\"https:\/\/covermagazin.com\/trudnoca\/wp-content\/uploads\/Zbog-cega-je-svih-40-tjedana-trudnoce-vazno-COVER-300x201.jpg 300w, https:\/\/covermagazin.com\/trudnoca\/wp-content\/uploads\/Zbog-cega-je-svih-40-tjedana-trudnoce-vazno-COVER.jpg 600w\" sizes=\"auto, (max-width: 300px) 100vw, 300px\" \/><\/a><\/p>\n<p>Zbog \u010dega je svih 40 tjedana trudno\u0107e va\u017eno<\/p>\n"},"caption":{"rendered":"<p>Zbog \u010dega je svih 40 tjedana trudno\u0107e va\u017eno<\/p>\n"},"alt_text":"Zbog \u010dega je svih 40 tjedana trudno\u0107e va\u017eno","media_type":"image","mime_type":"image\/jpeg","media_details":{"width":600,"height":401,"file":"Zbog-cega-je-svih-40-tjedana-trudnoce-vazno-COVER.jpg","sizes":{"medium":{"file":"Zbog-cega-je-svih-40-tjedana-trudnoce-vazno-COVER-300x201.jpg","width":300,"height":201,"mime_type":"image\/jpeg","source_url":"https:\/\/covermagazin.com\/trudnoca\/wp-content\/uploads\/Zbog-cega-je-svih-40-tjedana-trudnoce-vazno-COVER-300x201.jpg"},"thumbnail":{"file":"Zbog-cega-je-svih-40-tjedana-trudnoce-vazno-COVER-150x150.jpg","width":150,"height":150,"mime_type":"image\/jpeg","source_url":"https:\/\/covermagazin.com\/trudnoca\/wp-content\/uploads\/Zbog-cega-je-svih-40-tjedana-trudnoce-vazno-COVER-150x150.jpg"},"full":{"file":"Zbog-cega-je-svih-40-tjedana-trudnoce-vazno-COVER.jpg","width":600,"height":401,"mime_type":"image\/jpeg","source_url":"https:\/\/covermagazin.com\/trudnoca\/wp-content\/uploads\/Zbog-cega-je-svih-40-tjedana-trudnoce-vazno-COVER.jpg"}},"image_meta":{"aperture":"0","credit":"","camera":"","caption":"","created_timestamp":"0","copyright":"","focal_length":"0","iso":"0","shutter_speed":"0","title":"","orientation":"0","keywords":[]}},"post":1000,"source_url":"https:\/\/covermagazin.com\/trudnoca\/wp-content\/uploads\/Zbog-cega-je-svih-40-tjedana-trudnoce-vazno-COVER.jpg","_links":{"self":[{"href":"https:\/\/covermagazin.com\/trudnoca\/index.php?rest_route=\/wp\/v2\/media\/1001","targetHints":{"allow":["GET"]}}],"collection":[{"href":"https:\/\/covermagazin.com\/trudnoca\/index.php?rest_route=\/wp\/v2\/media"}],"about":[{"href":"https:\/\/covermagazin.com\/trudnoca\/index.php?rest_route=\/wp\/v2\/types\/attachment"}],"author":[{"embeddable":true,"href":"https:\/\/covermagazin.com\/trudnoca\/index.php?rest_route=\/wp\/v2\/users\/1"}],"replies":[{"embeddable":true,"href":"https:\/\/covermagazin.com\/trudnoca\/index.php?rest_route=%2Fwp%2Fv2%2Fcomments&post=1001"}],"wp:attached-to":[{"embeddable":true,"post_type":"post","id":1000,"href":"https:\/\/covermagazin.com\/trudnoca\/index.php?rest_route=\/wp\/v2\/posts\/1000"}],"curies":[{"name":"wp","href":"https:\/\/api.w.org\/{rel}","templated":true}]}}

Zbog čega je svih 40 tjedana trudnoće važno COVER

<p class="attachment"><a href='https://covermagazin.com/trudnoca/wp-content/uploads/Zbog-cega-je-svih-40-tjedana-trudnoce-vazno-COVER.jpg'><img loading="lazy" decoding="async" width="300" height="201" src="https://covermagazin.com/trudnoca/wp-content/uploads/Zbog-cega-je-svih-40-tjedana-trudnoce-vazno-COVER-300x201.jpg" class="attachment-medium size-medium" alt="Zbog čega je svih 40 tjedana trudnoće važno" srcset="https://covermagazin.com/trudnoca/wp-content/uploads/Zbog-cega-je-svih-40-tjedana-trudnoce-vazno-COVER-300x201.jpg 300w, https://covermagazin.com/trudnoca/wp-content/uploads/Zbog-cega-je-svih-40-tjedana-trudnoce-vazno-COVER.jpg 600w" sizes="auto, (max-width: 300px) 100vw, 300px" /></a></p>
<p>Zbog čega je svih 40 tjedana trudnoće važno</p>

<p>Zbog čega je svih 40 tjedana trudnoće važno</p>

Zbog čega je svih 40 tjedana trudnoće važno
