{"id":30014,"date":"2025-03-20T09:59:41","date_gmt":"2025-03-20T07:59:41","guid":{"rendered":"https:\/\/covermagazin.com\/?page_id=30014"},"modified":"2025-03-20T10:57:27","modified_gmt":"2025-03-20T08:57:27","slug":"potrosnja-kalorija-po-aktivnostima","status":"publish","type":"page","link":"https:\/\/covermagazin.com\/?page_id=30014","title":{"rendered":"Potro\u0161nja kalorija po aktivnostima"},"content":{"rendered":"\n<h2 class=\"wp-block-heading\"><a href=\"https:\/\/covermagazin.com\/?page_id=30014\"><img loading=\"lazy\" decoding=\"async\" class=\"alignnone size-full wp-image-39918\" src=\"https:\/\/covermagazin.com\/wp-content\/uploads\/2020\/06\/potrosnja_kalorija_po_aktivnostima.jpg\" alt=\"\" width=\"600\" height=\"399\" srcset=\"https:\/\/covermagazin.com\/wp-content\/uploads\/2020\/06\/potrosnja_kalorija_po_aktivnostima.jpg 600w, https:\/\/covermagazin.com\/wp-content\/uploads\/2020\/06\/potrosnja_kalorija_po_aktivnostima-300x200.jpg 300w, https:\/\/covermagazin.com\/wp-content\/uploads\/2020\/06\/potrosnja_kalorija_po_aktivnostima-576x384.jpg 576w\" sizes=\"auto, (max-width: 600px) 100vw, 600px\" \/><\/a><\/h2>\n\n\n\n<h2 class=\"wp-block-heading\">Potro\u0161nja kalorija<\/h2>\n\n\n\n<p>Prosje\u010dna potro\u0161nja kalorija&nbsp; za 1 h (60 min)&nbsp; osobe te\u0161ke 60 kg.<\/p>\n\n\n\n<p>Iako broj kalorija koji sagorijevate vje\u017ebaju\u0107i ovisi o va\u0161oj te\u017eini, metabolizmu i sli\u010dnim stvarima, postoje prosje\u010dni izra\u010duni pomo\u0107u kojih se mo\u017eete orijentirati kod planiranja aktivnosti. Va\u017eno je napomenuti da prosje\u010dna \u017eenska osoba dnevno potro\u0161i oko 2600 kcal. Dakle, unosite li prehranom vi\u0161e od toga morali biste se baviti dodatnim aktivnostima.<\/p>\n\n\n\n<p>Primjerice, vje\u017ebate li na sobnom biciklu intenzivno sat vremena potro\u0161it \u0107ete 630 kalorija. Pogledajte koliko kalorija tro\u0161ite sa svakom pojedinom aktivno\u0161\u0107u.<\/p>\n\n\n\n<p><strong>Tablica potro\u0161nje kalorija prema aktivnostima<\/strong><\/p>\n\n\n\n<div class=\"wp-block-group has-small-font-size is-layout-flow wp-block-group-is-layout-flow\">\n<div class=\"wp-block-group is-style-default is-layout-flow wp-block-group-is-layout-flow\">\n<p>A &#8211; \u017d kcal<\/p>\n\n\n\n<ul class=\"wp-block-list has-medium-font-size\">\n<li>Aerobik \u2013 lak\u0161i ~ 300 kcal<\/li>\n\n\n\n<li>Aerobik \u2013 napredni ~ 420 kcal<\/li>\n\n\n\n<li>Badminton ~ 420 kcal<\/li>\n\n\n\n<li>Biciklizam 20 \u2013 25 km\/h ~ 480 kcal<\/li>\n\n\n\n<li>Biciklizam 25 \u2013 30 km\/h ~ 600 kcal<\/li>\n\n\n\n<li>Biciklizam 30 \u2013 35 km\/h ~ 720 kcal<\/li>\n\n\n\n<li>Biciklizam 35 km\/h &lt; 960 kcal<\/li>\n\n\n\n<li>Boks ~ 540 kcal<\/li>\n\n\n\n<li>Cirkularni trening ~ 480 kcal <\/li>\n\n\n\n<li>Golf ~ 330 kcal<\/li>\n\n\n\n<li>Grabljenje travnjaka ~ 240 kcal<\/li>\n\n\n\n<li>Igranje frizbija ~ 180 kcal <\/li>\n\n\n\n<li>Igranje s djetetom ~ 240 kcal<\/li>\n\n\n\n<li>Jahanje ~ 240 kcal<\/li>\n\n\n\n<li>Klizanje na ledu ~ 420 kcal<\/li>\n\n\n\n<li>Kopanje ~ &nbsp;510 kcal<\/li>\n\n\n\n<li>Ko\u0161arka ~ 480 kcal<\/li>\n\n\n\n<li>Ko\u0161nja kosilicom ~ 270 kcal<\/li>\n\n\n\n<li>Ko\u0161nja ru\u010dno ~ 360 kcal<\/li>\n\n\n\n<li>Krojenje ~ 150 kcal<\/li>\n\n\n\n<li>Kuglanje ~ 180 kcal<\/li>\n\n\n\n<li>Lov ~ 300 kcal<\/li>\n\n\n\n<li>Nogomet ~ 540 kcal<\/li>\n\n\n\n<li>No\u0161enje te\u0161kog tereta ~ 480 kcal<\/li>\n\n\n\n<li>Odbojka \u2013 rekreativna ~ 180 kcal<\/li>\n\n\n\n<li>Odbojka na pijesku ~ 480 kcal<\/li>\n\n\n\n<li>Odbojka profesionalna ~ 280 kcal<\/li>\n\n\n\n<li>Planinarenje ~ 360 kcal<\/li>\n\n\n\n<li>Plivanje \u2013 profesionalno ~ 600 kcal<\/li>\n\n\n\n<li>Plivanje \u2013 rekreativno ~ 360 kcal<\/li>\n\n\n\n<li>Podizanje utega ~ 160 kcal<\/li>\n\n\n\n<li>Pospremanje stana ~ 280 kcal<\/li>\n\n\n\n<li>Pranje automobila ~ 270 kcal<\/li>\n\n\n\n<li>Preure\u0111enje stana ~ 210 kcal<\/li>\n\n\n\n<li>Rafting ~ 300 kcal<\/li>\n\n\n\n<li>Ribarstvo ~ 240 kcal<\/li>\n\n\n\n<li>Ritmi\u010dka gimnastika ~ 360 kcal<\/li>\n\n\n\n<li>Rolanje ~ 420 kcal<\/li>\n\n\n\n<li>Rukomet ~ 720 kcal<\/li>\n\n\n\n<li>Seks ~ 120 kcal<\/li>\n\n\n\n<li>Skijanje ~ 570 kcal<\/li>\n\n\n\n<li>Skijanje na vodi ~ 360 kcal<\/li>\n\n\n\n<li>Sobni bicikl &#8211; intenzivan tempo ~ 630 kcal <\/li>\n\n\n\n<li>Stajanje ~ 150 kcal<\/li>\n\n\n\n<li>Step aerobik &#8211; lak\u0161i ~ 420 kcal<\/li>\n\n\n\n<li>Step aerobik &#8211; napredni ~ 600 kcal<\/li>\n\n\n\n<li>Stepanje na steperu ~ 360 kcal<\/li>\n\n\n\n<li>\u0160etnja ~ 280 kcal<\/li>\n\n\n\n<li>Tenis ~ 150 kcal<\/li>\n\n\n\n<li>Trampolin ~ 210 kcal<\/li>\n\n\n\n<li>Tr\u010danje 11 km\/h ~ 660 kcal<\/li>\n\n\n\n<li>Tr\u010danje 19 km\/h ~ 940 kcal<\/li>\n\n\n\n<li>Tr\u010danje 8 km\/h ~ 480 kcal<\/li>\n\n\n\n<li>Uredski posao \u2013 prete\u017eno sjedenje ~ 100 kcal<\/li>\n\n\n\n<li>Vaterpolo ~ 600 kcal<\/li>\n\n\n\n<li>Veslanje duge etape ~ 510 kcal<\/li>\n\n\n\n<li>Veslanje male etape ~ 210 kcal<\/li>\n\n\n\n<li>Vodeni aerobik ~ 240 kcal<\/li>\n\n\n\n<li>&nbsp;Vrtlarstvo ~ 300 kcal<\/li>\n\n\n\n<li>&nbsp;Yoga ~ 240 kcal<\/li>\n\n\n\n<li>&nbsp;Zidanje ~ 420 kcal<\/li>\n<\/ul>\n<\/div>\n<\/div>\n\n\n\n<p>Kol\u010dina aktivnosti potrebna da se potro\u0161e kalorije ovisi trenutnoj te\u017eini, prehrani, metabolizmu, prehrani, razini ostalih dnevnih aktivnosti godinama.<\/p>\n\n\n\n<p>Za mr\u0161avljenje potreban je kalorijski deficit, odnosno da je unos kalorija manji od potro\u0161nje kalorija. Osim \u0161to mo\u017eete utjecati na unos kalorija mo\u017eete i na potro\u0161nju kalorija. Koliko \u0107ete kilograma izgubiti ovisi o ukupnoj potro\u0161nji kalorija tokom dana i ukupnom unosu.<\/p>\n\n\n\n<p>Iznad je op\u0107enita tablica potro\u0161nje kalorija po aktivnostima. No, ukoliko vas zanima detaljniji prikaz potro\u0161nje kalorija ovisno o kilogramima osobe, pregled donosimo ispod:<\/p>\n\n\n\n<h2 class=\"wp-block-heading\">Potro\u0161nja kalorija tijekom 30 minuta ovisno o kilogramima<\/h2>\n\n\n\n<figure class=\"wp-block-image size-full\"><img loading=\"lazy\" decoding=\"async\" width=\"600\" height=\"719\" src=\"https:\/\/covermagazin.com\/wp-content\/uploads\/2025\/03\/potrosnja-kalorija-u-30-min-aktivnosti.png\" alt=\"\" class=\"wp-image-74388\" srcset=\"https:\/\/covermagazin.com\/wp-content\/uploads\/2025\/03\/potrosnja-kalorija-u-30-min-aktivnosti.png 600w, https:\/\/covermagazin.com\/wp-content\/uploads\/2025\/03\/potrosnja-kalorija-u-30-min-aktivnosti-219x262.png 219w\" sizes=\"auto, (max-width: 600px) 100vw, 600px\" \/><\/figure>\n\n\n\n<figure class=\"wp-block-image size-full\"><img loading=\"lazy\" decoding=\"async\" width=\"600\" height=\"746\" src=\"https:\/\/covermagazin.com\/wp-content\/uploads\/2025\/03\/potrosnja-kalorija-u-30-min-aktivnosti-2.png\" alt=\"\" class=\"wp-image-74390\" srcset=\"https:\/\/covermagazin.com\/wp-content\/uploads\/2025\/03\/potrosnja-kalorija-u-30-min-aktivnosti-2.png 600w, https:\/\/covermagazin.com\/wp-content\/uploads\/2025\/03\/potrosnja-kalorija-u-30-min-aktivnosti-2-211x262.png 211w\" sizes=\"auto, (max-width: 600px) 100vw, 600px\" \/><\/figure>\n\n\n\n<figure class=\"wp-block-image size-full\"><img loading=\"lazy\" decoding=\"async\" width=\"600\" height=\"750\" src=\"https:\/\/covermagazin.com\/wp-content\/uploads\/2025\/03\/potrosnja-kalorija-u-30-min-aktivnosti-3.png\" alt=\"\" class=\"wp-image-74391\" srcset=\"https:\/\/covermagazin.com\/wp-content\/uploads\/2025\/03\/potrosnja-kalorija-u-30-min-aktivnosti-3.png 600w, https:\/\/covermagazin.com\/wp-content\/uploads\/2025\/03\/potrosnja-kalorija-u-30-min-aktivnosti-3-210x262.png 210w\" sizes=\"auto, (max-width: 600px) 100vw, 600px\" \/><\/figure>\n\n\n\n<figure class=\"wp-block-image size-full\"><img loading=\"lazy\" decoding=\"async\" width=\"600\" height=\"743\" src=\"https:\/\/covermagazin.com\/wp-content\/uploads\/2025\/03\/potrosnja-kalorija-u-30-min-aktivnosti-5.png\" alt=\"\" class=\"wp-image-74394\" srcset=\"https:\/\/covermagazin.com\/wp-content\/uploads\/2025\/03\/potrosnja-kalorija-u-30-min-aktivnosti-5.png 600w, https:\/\/covermagazin.com\/wp-content\/uploads\/2025\/03\/potrosnja-kalorija-u-30-min-aktivnosti-5-212x262.png 212w\" sizes=\"auto, (max-width: 600px) 100vw, 600px\" \/><\/figure>\n\n\n\n<figure class=\"wp-block-image size-full\"><img loading=\"lazy\" decoding=\"async\" width=\"600\" height=\"746\" src=\"https:\/\/covermagazin.com\/wp-content\/uploads\/2025\/03\/potrosnja-kalorija-u-30-min-aktivnosti-6.png\" alt=\"\" class=\"wp-image-74395\" srcset=\"https:\/\/covermagazin.com\/wp-content\/uploads\/2025\/03\/potrosnja-kalorija-u-30-min-aktivnosti-6.png 600w, https:\/\/covermagazin.com\/wp-content\/uploads\/2025\/03\/potrosnja-kalorija-u-30-min-aktivnosti-6-211x262.png 211w\" sizes=\"auto, (max-width: 600px) 100vw, 600px\" \/><\/figure>\n\n\n\n<figure class=\"wp-block-image size-full\"><img loading=\"lazy\" decoding=\"async\" width=\"600\" height=\"753\" src=\"https:\/\/covermagazin.com\/wp-content\/uploads\/2025\/03\/potrosnja-kalorija-u-30-min-aktivnosti-7.png\" alt=\"\" class=\"wp-image-74396\" srcset=\"https:\/\/covermagazin.com\/wp-content\/uploads\/2025\/03\/potrosnja-kalorija-u-30-min-aktivnosti-7.png 600w, https:\/\/covermagazin.com\/wp-content\/uploads\/2025\/03\/potrosnja-kalorija-u-30-min-aktivnosti-7-209x262.png 209w\" sizes=\"auto, (max-width: 600px) 100vw, 600px\" \/><\/figure>\n\n\n\n<figure class=\"wp-block-image size-full\"><img loading=\"lazy\" decoding=\"async\" width=\"600\" height=\"754\" src=\"https:\/\/covermagazin.com\/wp-content\/uploads\/2025\/03\/potrosnja-kalorija-u-30-min-aktivnosti-8.png\" alt=\"\" class=\"wp-image-74398\" srcset=\"https:\/\/covermagazin.com\/wp-content\/uploads\/2025\/03\/potrosnja-kalorija-u-30-min-aktivnosti-8.png 600w, https:\/\/covermagazin.com\/wp-content\/uploads\/2025\/03\/potrosnja-kalorija-u-30-min-aktivnosti-8-208x262.png 208w\" sizes=\"auto, (max-width: 600px) 100vw, 600px\" \/><\/figure>\n\n\n\n<figure class=\"wp-block-image size-full\"><img loading=\"lazy\" decoding=\"async\" width=\"600\" height=\"398\" src=\"https:\/\/covermagazin.com\/wp-content\/uploads\/2025\/03\/potrosnja-kalorija-u-30-min-aktivnosti-9.png\" alt=\"\" class=\"wp-image-74399\" srcset=\"https:\/\/covermagazin.com\/wp-content\/uploads\/2025\/03\/potrosnja-kalorija-u-30-min-aktivnosti-9.png 600w, https:\/\/covermagazin.com\/wp-content\/uploads\/2025\/03\/potrosnja-kalorija-u-30-min-aktivnosti-9-382x253.png 382w\" sizes=\"auto, (max-width: 600px) 100vw, 600px\" \/><\/figure>\n\n\n\n<h3 class=\"wp-block-heading\">Potro\u0161nja kalorija tijekom 30 minuta ovisno o kilogramima &#8211; tablica &#8211; <\/h3>\n\n\n\n<div class=\"wp-block-columns is-layout-flex wp-container-core-columns-is-layout-28f84493 wp-block-columns-is-layout-flex\">\n<div class=\"wp-block-column has-medium-font-size is-layout-flow wp-block-column-is-layout-flow\" style=\"flex-basis:100%\">\n<figure class=\"wp-block-table is-style-stripes\" style=\"font-size:clamp(0.875rem, 0.875rem + ((1vw - 0.2rem) * 0.196), 1rem);\"><table><tbody><tr><td><strong>Svakodnevne aktivnosti<\/strong><\/td><td><strong>Osoba tjelesne te\u017eine<\/strong><\/td><td><strong>56kg<\/strong><\/td><td><strong>70kg<\/strong><\/td><td><strong>83kg<\/strong><\/td><\/tr><tr><td>Spavanje<\/td><td>potro\u0161nja<br>kalorija<\/td><td>19<\/td><td>23<\/td><td>28<\/td><\/tr><tr><td>Gledanje televizije<\/td><td>potro\u0161nja<br>kalorija<\/td><td>23<\/td><td>28<\/td><td>33<\/td><\/tr><tr><td>\u010citanje<\/td><td>potro\u0161nja<br>kalorija<\/td><td>34<\/td><td>42<\/td><td>50<\/td><\/tr><tr><td>Stoje\u0107i u redu<\/td><td>potro\u0161nja<br>kalorija<\/td><td>38<\/td><td>47<\/td><td>56<\/td><\/tr><tr><td>Kuhanje<\/td><td>potro\u0161nja<br>kalorija<\/td><td>75<\/td><td>93<\/td><td>111<\/td><\/tr><tr><td>Briga o djeci<\/td><td>potro\u0161nja<br>kalorija<\/td><td>105<\/td><td>130<\/td><td>155<\/td><\/tr><tr><td>Kupovina hrane<br>&#8211; s kolicima<\/td><td>potro\u0161nja<br>kalorija<\/td><td>105<\/td><td>130<\/td><td>155<\/td><\/tr><tr><td>Premje\u0161tanje<br>&#8211; raspakiranje<\/td><td>potro\u0161nja<br>kalorija<\/td><td>105<\/td><td>130<\/td><td>155<\/td><\/tr><tr><td>Igranje s djecom<br>&#8211; umjereno<\/td><td>potro\u0161nja<br>kalorija<\/td><td>120<\/td><td>149<\/td><td>178<\/td><\/tr><tr><td>Pranje<br>&#8211; automobila, prozora<\/td><td>potro\u0161nja<br>kalorija<\/td><td>135<\/td><td>167<\/td><td>200<\/td><\/tr><tr><td>Dje\u010dje igre lagane<\/td><td>potro\u0161nja<br>kalorija<\/td><td>150<\/td><td>186<\/td><td>222<\/td><\/tr><tr><td>Igranje s djecom<\/td><td>potro\u0161nja<br>kalorija<\/td><td>150<\/td><td>186<\/td><td>222<\/td><\/tr><tr><td>Selidba<br>&#8211; ku\u0107anski namje\u0161taj<\/td><td>potro\u0161nja<br>kalorija<\/td><td>180<\/td><td>223<\/td><td>266<\/td><\/tr><tr><td>Selidba<br>&#8211; no\u0161enje kutija<\/td><td>potro\u0161nja<br>kalorija<\/td><td>210<\/td><td>260<\/td><td>311<\/td><\/tr><tr><td><\/td><td><\/td><td><\/td><td><\/td><td><\/td><\/tr><tr><td><strong>Aktivnosti<br>&#8211; dodatno &#8211;<\/strong><\/td><td><strong>Osoba<br>tjelesne<br>te\u017eine<\/strong><\/td><td><strong>56 kg<\/strong><\/td><td><strong>70kg<\/strong><\/td><td><strong>83kg<\/strong><\/td><\/tr><tr><td>Sadnja sadnica<\/td><td>potro\u0161nja<br>kalorija<\/td><td>120<\/td><td>149<\/td><td>178<\/td><\/tr><tr><td>Grabljanje travnjaka<\/td><td>potro\u0161nja<br>kalorija<\/td><td>120<\/td><td>149<\/td><td>178<\/td><\/tr><tr><td>Vrtlarstvo: op\u0107enito<\/td><td>potro\u0161nja<br>kalorija<\/td><td>135<\/td><td>167<\/td><td>200<\/td><\/tr><tr><td>Ko\u0161nja travnjaka<\/td><td>potro\u0161nja<br>kalorija<\/td><td>135<\/td><td>167<\/td><td>200<\/td><\/tr><tr><td>Vrtlarstvo<br>&#8211; uklanjanje korova<\/td><td>potro\u0161nja<br>kalorija<\/td><td>139<\/td><td>172<\/td><td>205<\/td><\/tr><tr><td>No\u0161enje i slaganje<br>drva<\/td><td>potro\u0161nja<br>kalorija<\/td><td>150<\/td><td>186<\/td><td>222<\/td><\/tr><tr><td>Kopanje<\/td><td>potro\u0161nja<br>kalorija<\/td><td>150<\/td><td>186<\/td><td>222<\/td><\/tr><tr><td>Cijepanje drva<\/td><td>potro\u0161nja<br>kalorija<\/td><td>180<\/td><td>223<\/td><td>266<\/td><\/tr><tr><td>\u010ci\u0161\u0107enje snijega<br>&#8211; lopatom<\/td><td>potro\u0161nja<br>kalorija<\/td><td>180<\/td><td>223<\/td><td>266<\/td><\/tr><tr><td>Popravak auta<\/td><td>potro\u0161nja<br>kalorija<\/td><td>90<\/td><td>112<\/td><td>133<\/td><\/tr><tr><td>Dizanje<br>tepiha<\/td><td>potro\u0161nja<br>kalorija<\/td><td>135<\/td><td>167<\/td><td>200<\/td><\/tr><tr><td>Bojenje zidova<\/td><td>potro\u0161nja<br>kalorija<\/td><td>135<\/td><td>167<\/td><td>200<\/td><\/tr><tr><td>Krovopokriva\u010dki<br>radovi<\/td><td>potro\u0161nja<br>kalorija<\/td><td>180<\/td><td>223<\/td><td>266<\/td><\/tr><tr><td><\/td><td><\/td><td><\/td><td><\/td><td><\/td><\/tr><tr><td><strong>Svakodnevne aktivnosti<br>&#8211; poslovi<\/strong><\/td><td><strong>Osoba<br>tjelesne<br>te\u017eine:<\/strong><\/td><td><strong>56 kg<\/strong><\/td><td><strong>70kg<\/strong><\/td><td><strong>83kg<\/strong><\/td><\/tr><tr><td>Rad na kompjuteru<\/td><td>potro\u0161nja<br>kalorija<\/td><td>41<\/td><td>51<\/td><td>61<\/td><\/tr><tr><td>Uredski posao<\/td><td>potro\u0161nja<br>kalorija<\/td><td>45<\/td><td>56<\/td><td>67<\/td><\/tr><tr><td>Sjedenje<br>na sastancima<\/td><td>potro\u0161nja<br>kalorija<\/td><td>49<\/td><td>60<\/td><td>72<\/td><\/tr><tr><td>Sjedenje u razredu<br>na nastavi<\/td><td>potro\u0161nja<br>kalorija<\/td><td>53<\/td><td>65<\/td><td>78<\/td><\/tr><tr><td>Vo\u017enja kamiona<\/td><td>potro\u0161nja<br>kalorija<\/td><td>60<\/td><td>74<\/td><td>89<\/td><\/tr><tr><td>Barmen<\/td><td>potro\u0161nja<br>kalorija<\/td><td>75<\/td><td>93<\/td><td>111<\/td><\/tr><tr><td>Operater<\/td><td>potro\u0161nja<br>kalorija<\/td><td>75<\/td><td>93<\/td><td>111<\/td><\/tr><tr><td>Zavarivanje<\/td><td>potro\u0161nja<br>kalorija<\/td><td>90<\/td><td>112<\/td><td>133<\/td><\/tr><tr><td>Stolarski radovi<\/td><td>potro\u0161nja<br>kalorija<\/td><td>105<\/td><td>130<\/td><td>155<\/td><\/tr><tr><td>Maser, stoji<\/td><td>potro\u0161nja<br>kalorija<\/td><td>120<\/td><td>149<\/td><td>178<\/td><\/tr><tr><td>Gra\u0111evinarstvo<\/td><td>potro\u0161nja<br>kalorija<\/td><td>165<\/td><td>205<\/td><td>244<\/td><\/tr><tr><td>Zidanje<\/td><td>potro\u0161nja<br>kalorija<\/td><td>210<\/td><td>260<\/td><td>311<\/td><\/tr><tr><td><\/td><td><\/td><td><\/td><td><\/td><td><\/td><\/tr><tr><td><strong>Sportovi<\/strong><\/td><td><strong>Osoba<br>tjelesne<br>te\u017eine:<\/strong><\/td><td><strong>56 kg<\/strong><\/td><td><strong>70kg<\/strong><\/td><td><strong>83kg<\/strong><\/td><\/tr><tr><td>Aerobik<br>&#8211; lagan tempo<\/td><td>potro\u0161nja<br>kalorija<\/td><td>165<\/td><td>205<\/td><td>244<\/td><\/tr><tr><td>Aerobik<br>&#8211; voda<\/td><td>potro\u0161nja<br>kalorija<\/td><td>120<\/td><td>149<\/td><td>178<\/td><\/tr><tr><td>Aerobik<br>&#8211; jak tempo<\/td><td>potro\u0161nja<br>kalorija<\/td><td>210<\/td><td>260<\/td><td>311<\/td><\/tr><tr><td>Badminton<\/td><td>potro\u0161nja<br>kalorija<\/td><td>135<\/td><td>167<\/td><td>200<\/td><\/tr><tr><td>Biciklizam<\/td><td>potro\u0161nja<br>kalorija<\/td><td>240<\/td><td>298<\/td><td>355<\/td><\/tr><tr><td>Biciklizam<br>&#8211; umjereni<\/td><td>potro\u0161nja<br>kalorija<\/td><td>210<\/td><td>260<\/td><td>311<\/td><\/tr><tr><td>Biciklizam<br>&#8211; jak tempo<\/td><td>potro\u0161nja<br>kalorija<\/td><td>315<\/td><td>391<\/td><td>466<\/td><\/tr><tr><td>Biciklizam<br>&#8211; brdski<\/td><td>potro\u0161nja<br>kalorija<\/td><td>255<\/td><td>316<\/td><td>377<\/td><\/tr><tr><td>Bilijar<\/td><td>potro\u0161nja<br>kalorija<\/td><td>75<\/td><td>93<\/td><td>111<\/td><\/tr><tr><td>Boks: sparing<\/td><td>potro\u0161nja<br>kalorija<\/td><td>270<\/td><td>335<\/td><td>400<\/td><\/tr><tr><td>Borila\u010dke vje\u0161tine:<br>&#8211; judo, karate&#8230;<\/td><td>potro\u0161nja<br>kalorija<\/td><td>300<\/td><td>372<\/td><td>444<\/td><\/tr><tr><td>Dizanje utega<\/td><td>potro\u0161nja<br>kalorija<\/td><td>90<\/td><td>112<\/td><td>133<\/td><\/tr><tr><td>Frizbi<\/td><td>potro\u0161nja<br>kalorija<\/td><td>90<\/td><td>112<\/td><td>133<\/td><\/tr><tr><td>Gimnastika<br>&#8211; op\u0107enito<\/td><td>potro\u0161nja<br>kalorija<\/td><td>120<\/td><td>149<\/td><td>178<\/td><\/tr><tr><td>Hodanje brzi tempo<\/td><td>potro\u0161nja<br>kalorija<\/td><td>150<\/td><td>186<\/td><td>222<\/td><\/tr><tr><td>Hodanje<br>&#8211; umjeren tempo<\/td><td>potro\u0161nja<br>kalorija<\/td><td>135<\/td><td>167<\/td><td>200<\/td><\/tr><tr><td>Hokej: teren i led<\/td><td>potro\u0161nja<br>kalorija<\/td><td>240<\/td><td>298<\/td><td>355<\/td><\/tr><tr><td>Istezanje<\/td><td>potro\u0161nja<br>kalorija<\/td><td>120<\/td><td>149<\/td><td>178<\/td><\/tr><tr><td>Ko\u0161arka: op\u0107enito<\/td><td>potro\u0161nja<br>kalorija<\/td><td>240<\/td><td>298<\/td><td>355<\/td><\/tr><tr><td>Kuglanje<\/td><td>potro\u0161nja<br>kalorija<\/td><td>90<\/td><td>112<\/td><td>133<\/td><\/tr><tr><td>Ma\u010devanje<\/td><td>potro\u0161nja<br>kalorija<\/td><td>180<\/td><td>223<\/td><td>266<\/td><\/tr><tr><td>Nogomet<br>&#8211; natjecateljski<\/td><td>potro\u0161nja<br>kalorija<\/td><td>270<\/td><td>335<\/td><td>400<\/td><\/tr><tr><td>Nogomet<br>&#8211; op\u0107enito<\/td><td>potro\u0161nja<br>kalorija<\/td><td>240<\/td><td>298<\/td><td>355<\/td><\/tr><tr><td>Odbojka<br>&#8211; natjecateljska<\/td><td>potro\u0161nja<br>kalorija<\/td><td>120<\/td><td>149<\/td><td>178<\/td><\/tr><tr><td>Odbojka<br>&#8211; rekreativno<\/td><td>potro\u0161nja<br>kalorija<\/td><td>90<\/td><td>112<\/td><td>133<\/td><\/tr><tr><td>Odbojka<br>&#8211; pla\u017ea<\/td><td>potro\u0161nja<br>kalorija<\/td><td>240<\/td><td>298<\/td><td>355<\/td><\/tr><tr><td>Orijentacijsko tr\u010danje<\/td><td>potro\u0161nja<br>kalorija<\/td><td>270<\/td><td>335<\/td><td>400<\/td><\/tr><tr><td>Penjanje<br>po stijenama<\/td><td>potro\u0161nja<br>kalorija<\/td><td>330<\/td><td>409<\/td><td>488<\/td><\/tr><tr><td>Ples<br>&#8211; plesna dvorana<\/td><td>potro\u0161nja<br>kalorija<\/td><td>165<\/td><td>205<\/td><td>244<\/td><\/tr><tr><td>Ples:<br>&#8211; Fast, balet, twist<\/td><td>potro\u0161nja<br>kalorija<\/td><td>180<\/td><td>223<\/td><td>266<\/td><\/tr><tr><td>Ples:<br>&#8211; lagani, valcer<\/td><td>potro\u0161nja<br>kalorija<\/td><td>90<\/td><td>112<\/td><td>133<\/td><\/tr><tr><td>Plivanje:<br>&#8211; krugovi, sna\u017eno<\/td><td>potro\u0161nja<br>kalorija<\/td><td>300<\/td><td>372<\/td><td>444<\/td><\/tr><tr><td>Plivanje:<br>&#8211; le\u0111no<\/td><td>potro\u0161nja<br>kalorija<\/td><td>240<\/td><td>298<\/td><td>355<\/td><\/tr><tr><td>Plivanje:<br>&#8211; leptir<\/td><td>potro\u0161nja<br>kalorija<\/td><td>330<\/td><td>409<\/td><td>488<\/td><\/tr><tr><td>Plivanje:<br>&#8211; op\u0107enito<\/td><td>potro\u0161nja<br>kalorija<\/td><td>180<\/td><td>223<\/td><td>266<\/td><\/tr><tr><td>Plivanje:<br>&#8211; prsno<\/td><td>potro\u0161nja<br>kalorija<\/td><td>300<\/td><td>372<\/td><td>444<\/td><\/tr><tr><td>Preskakanje u\u017eeta<\/td><td>potro\u0161nja<br>kalorija<\/td><td>300<\/td><td>372<\/td><td>444<\/td><\/tr><tr><td>Rolanje<\/td><td>potro\u0161nja<br>kalorija<\/td><td>210<\/td><td>260<\/td><td>311<\/td><\/tr><tr><td>Ronjenje<\/td><td>potro\u0161nja<br>kalorija<\/td><td>210<\/td><td>260<\/td><td>311<\/td><\/tr><tr><td>Ronjenje s maskom<\/td><td>potro\u0161nja<br>kalorija<\/td><td>150<\/td><td>186<\/td><td>222<\/td><\/tr><tr><td>Rukomet:<br>&#8211; op\u0107enito<\/td><td>potro\u0161nja<br>kalorija<\/td><td>360<\/td><td>446<\/td><td>533<\/td><\/tr><tr><td>Sanjkanje<\/td><td>potro\u0161nja<br>kalorija<\/td><td>210<\/td><td>260<\/td><td>311<\/td><\/tr><tr><td>Skateboarding<\/td><td>potro\u0161nja<br>kalorija<\/td><td>150<\/td><td>186<\/td><td>222<\/td><\/tr><tr><td>Skijanje<\/td><td>potro\u0161nja<br>kalorija<\/td><td>180<\/td><td>223<\/td><td>266<\/td><\/tr><tr><td>Steper<\/td><td>potro\u0161nja<br>kalorija<\/td><td>180<\/td><td>223<\/td><td>266<\/td><\/tr><tr><td>Tenis:<br>&#8211; op\u0107enito<\/td><td>potro\u0161nja<br>kalorija<\/td><td>210<\/td><td>260<\/td><td>311<\/td><\/tr><tr><td>Tr\u010danje<\/td><td>potro\u0161nja<br>kalorija<\/td><td>270<\/td><td>335<\/td><td>400<\/td><\/tr><tr><td>Tr\u010danje: 10 km\/h<\/td><td>potro\u0161nja<br>kalorija<\/td><td>300<\/td><td>372<\/td><td>444<\/td><\/tr><tr><td>Tr\u010danje: 12 km\/h<\/td><td>potro\u0161nja<br>kalorija<\/td><td>240<\/td><td>298<\/td><td>355<\/td><\/tr><tr><td>Tr\u010danje: kros<\/td><td>potro\u0161nja<br>kalorija<\/td><td>270<\/td><td>335<\/td><td>400<\/td><\/tr><tr><td>Veslanje<br>&#8211; jak tempo<\/td><td>potro\u0161nja<br>kalorija<\/td><td>255<\/td><td>316<\/td><td>377<\/td><\/tr><tr><td>Veslanje<br>&#8211; umjereno<\/td><td>potro\u0161nja<br>kalorija<\/td><td>210<\/td><td>260<\/td><td>311<\/td><\/tr><\/tbody><\/table><\/figure>\n<\/div>\n<\/div>\n","protected":false},"excerpt":{"rendered":"<p>Potro\u0161nja kalorija Prosje\u010dna potro\u0161nja kalorija&nbsp; za 1 h (60 min)&nbsp; osobe te\u0161ke 60 kg. Iako broj kalorija koji sagorijevate vje\u017ebaju\u0107i ovisi o va\u0161oj te\u017eini, metabolizmu i sli\u010dnim stvarima, postoje prosje\u010dni izra\u010duni pomo\u0107u kojih se mo\u017eete orijentirati kod planiranja aktivnosti. Va\u017eno je napomenuti da prosje\u010dna \u017eenska osoba dnevno potro\u0161i oko 2600 kcal. Dakle, unosite li prehranom [&hellip;]<\/p>\n","protected":false},"author":1,"featured_media":39918,"parent":0,"menu_order":0,"comment_status":"closed","ping_status":"closed","template":"","meta":{"footnotes":"","_links_to":"","_links_to_target":""},"class_list":["post-30014","page","type-page","status-publish","has-post-thumbnail","hentry"],"_links":{"self":[{"href":"https:\/\/covermagazin.com\/index.php?rest_route=\/wp\/v2\/pages\/30014","targetHints":{"allow":["GET"]}}],"collection":[{"href":"https:\/\/covermagazin.com\/index.php?rest_route=\/wp\/v2\/pages"}],"about":[{"href":"https:\/\/covermagazin.com\/index.php?rest_route=\/wp\/v2\/types\/page"}],"author":[{"embeddable":true,"href":"https:\/\/covermagazin.com\/index.php?rest_route=\/wp\/v2\/users\/1"}],"replies":[{"embeddable":true,"href":"https:\/\/covermagazin.com\/index.php?rest_route=%2Fwp%2Fv2%2Fcomments&post=30014"}],"version-history":[{"count":71,"href":"https:\/\/covermagazin.com\/index.php?rest_route=\/wp\/v2\/pages\/30014\/revisions"}],"predecessor-version":[{"id":74402,"href":"https:\/\/covermagazin.com\/index.php?rest_route=\/wp\/v2\/pages\/30014\/revisions\/74402"}],"wp:featuredmedia":[{"embeddable":true,"href":"https:\/\/covermagazin.com\/index.php?rest_route=\/wp\/v2\/media\/39918"}],"wp:attachment":[{"href":"https:\/\/covermagazin.com\/index.php?rest_route=%2Fwp%2Fv2%2Fmedia&parent=30014"}],"curies":[{"name":"wp","href":"https:\/\/api.w.org\/{rel}","templated":true}]}}