{"id":29351,"date":"2024-11-20T05:43:49","date_gmt":"2024-11-20T03:43:49","guid":{"rendered":"https:\/\/covermagazin.com\/?page_id=29351"},"modified":"2024-11-28T16:29:49","modified_gmt":"2024-11-28T14:29:49","slug":"zeleni-caj","status":"publish","type":"page","link":"https:\/\/covermagazin.com\/?page_id=29351","title":{"rendered":"ZELENI \u010daj, ljekovitost, nuspojave i koliko \u010daja piti"},"content":{"rendered":"\n<p><a href=\"https:\/\/covermagazin.com\/?attachment_id=40057\" rel=\"attachment wp-att-40057\"><img loading=\"lazy\" decoding=\"async\" class=\"alignnone size-full wp-image-40057\" src=\"https:\/\/covermagazin.com\/wp-content\/uploads\/2020\/06\/zeleni_\u010daj.jpg\" alt=\"\" width=\"600\" height=\"399\" srcset=\"https:\/\/covermagazin.com\/wp-content\/uploads\/2020\/06\/zeleni_\u010daj.jpg 600w, https:\/\/covermagazin.com\/wp-content\/uploads\/2020\/06\/zeleni_\u010daj-300x200.jpg 300w, https:\/\/covermagazin.com\/wp-content\/uploads\/2020\/06\/zeleni_\u010daj-576x384.jpg 576w\" sizes=\"auto, (max-width: 600px) 100vw, 600px\" \/><\/a><\/p>\n\n\n\n<h2 class=\"wp-block-heading\">Zeleni \u010daj, ljekovitost, nuspojave i koliko \u010daja piti<\/h2>\n\n\n\n<p> Zeleni \u010daj blagotvorno djeluje na zdravlje ljudi pa tako mo\u017ee smanjiti rizik bolesti srca i krvnih \u017eila, smanjiti opasnost od rasta tumora, djeluje protuupalno ili se naprosto koristi kao stimulans zbog toga \u0161to sadr\u017ei kofein. Zeleni \u010daj tradicionalni je \u010daj kineskog porijekla. Osnovu \u010dine nefermentirani listi\u0107i biljke \u010dajevac (Camellia sinensis).<\/p>\n\n\n\n<p>Zeleni \u010daj sadr\u017ei i kofein, iako za oko tre\u0107inu manje nego \u0161alica kave, zbog toga \u0107e neki ljudi primijetiti kako im zeleni \u010daj podi\u017ee razinu energije, koncentraciju i raspolo\u017eenje.<\/p>\n\n\n\n<p>Zeleni \u010daj je dobio ime po smaragdno zelenoj boji, a smatra se kako se kako zeleni \u010daj pije ve\u0107 5000 godina. Iako postoje razli\u010dite vrste zelenog \u010daja, sve one potje\u010du iz iste vrste biljke. Tako\u0111er, zeleni i crni \u010daj rade se od iste biljke. Razlika je samo u proizvodnom procesu. Crni \u010daj prolazi kroz fermentaciju koja mijenja boju i okus, dok je zeleni neprera\u0111en i zadr\u017eava zelenu boju.<\/p>\n\n\n\n<h3 class=\"wp-block-heading\">Zdravstvene prednosti zelenog \u010daja i utjecaj na zdravlje<\/h3>\n\n\n\n<p>Glavna prednost zelenog \u010daja su antioksidanti koji \u0161tite tijelo od raznih bolesti.<\/p>\n\n\n\n<p>Zeleni \u010daj, prema jednom japanskom istra\u017eivanju, smanjuje rizik obolijevanja i smrtnosti od mnogih bolesti. Istra\u017eivanje u kojem je promatrano preko 40.000 ljudi, pokazalo je kako zeleni \u010daj mo\u017ee smanjiti rizik od kardiovaskularnih bolesti gotovo za \u010detvrtinu, smanjuje rizik i od drugih oboljenja, a na taj na\u010din produljuje \u017eivotni vijek.<\/p>\n\n\n\n<p>Zeleni \u010daj je kao napitak koristan u borbi protiv akni. Olak\u0161ava probavu i poma\u017ee detoksikaciju organizma \u0161to je dobrodo\u0161la pomo\u0107 u sprje\u010davanju nastanka akni.<\/p>\n\n\n\n<p>Zeleni \u010daj se ne bi trebao piti sa \u0161e\u0107erom jer se na taj na\u010din smanjuje njegova u\u010dinkovitost.<\/p>\n\n\n\n<h3 class=\"wp-block-heading\">Priprema zelenog \u010daja<\/h3>\n\n\n\n<p>Priprema: Ukoliko na uputama na pakiranju nije druga\u010dije nazna\u010deno, \u010dajnu \u017elicu biljke ili filtar vre\u0107icu prelijte s 0,2 l vrele vode. Poklopite i pustite da odstoji 5 do 10 minuta. Procijedite i pijte svje\u017ee pripremljeni \u010daj. Vi\u0161e: <a href=\"https:\/\/covermagazin.com\/?p=50138\">Kako pripremiti zeleni \u010daj<\/a><\/p>\n\n\n\n<h3 class=\"wp-block-heading\">Zeleni \u010daj nuspojave<\/h3>\n\n\n\n<p>zeleni \u010daj je jedan od popularnijih \u010dajeva na svijetu te nema puno nuspojava. No, oprez je potreban kod osoba koje su alergi\u010dne ili koje uzimaju neke lijekove. Zeleni \u010daj bi trebalo izbjegavati u trudno\u0107i posebno ve\u0107e koli\u010dini zelenog \u010daja.<\/p>\n\n\n\n<p>Osim toga i s zelenim \u010dajem treba umjereno, te ne pretjerivati u njegovoj konzumaciji.<\/p>\n\n\n\n<p>Zeleni \u010daj ne bi trebalo konzumirati tijekom obroka jer mo\u017ee djelovati na apsorpciju hranjivih tvari, posebno \u017eeljeza. Bolje bi bilo prije obroka ga piti ili izme\u0111u obroka.<\/p>\n\n\n\n<p>Zeleni \u010daj sadr\u017ei kofein, te osobe koje su osjetljive na kofein trebaju dodatno obratiti pa\u017enju.<\/p>\n\n\n\n<h3 class=\"wp-block-heading\">Zeleni \u010daj i kofein<\/h3>\n\n\n\n<p>Na pitanje sadr\u017ei li zeleni \u010daj kofein odgovor je da sadr\u017ei. No koliko kofeina ima u zelenom \u010daju? Koli\u010dina kofeina \u0107e ovsiti o vrsti zelenog \u010daja, na\u010dinu dobivanja \u010daja, jer i me\u0111u zelenim \u010dajevima postoje razlike.<\/p>\n\n\n\n<p>Neki prosjek je da \u0161alica zelenog \u010daja sadr\u017ei 15 do 25 mg kofeina po \u0161alici \u010daja, iako \u0107e neki zeleni ja imati i do 50 mg kofeina. Te se ponekad navodi da zeleni \u010daj ima 30 do 50 mg kofeina. Vi\u0161e: <a href=\"https:\/\/covermagazin.com\/?p=51661\">KOFEIN, koli\u010dina kofeina u \u0161alici kave, \u010daja i drugim pi\u0107ima<\/a><\/p>\n\n\n\n<p>No, kofein iz zelenog \u010daja djeluje bla\u017ee na organizam, te du\u017ee, tako da \u0107e sve prednosti koje ima kofein, s zelenim \u010dajem biti du\u017ee prisutne i uravnote\u017eene, bez naglih skokova energija i pada.<\/p>\n\n\n\n<p>Postoje brojne vrste zelenog \u010daja, te razlike u na\u010dinu pripreme i su\u0161enja bilja. U Kini postoji preko 500 vrsta zelenog \u010daja.<\/p>\n\n\n\n<h3 class=\"wp-block-heading\">Kada piti zeleni \u010daj?<\/h3>\n\n\n\n<p>Postoji li doba dana kada je najbolje piti zeleni \u010daj?<\/p>\n\n\n\n<p>Ako se zeleni \u010daj pije za mr\u0161avljenje, tada se \u010daj pije 20 do 30 minuta prije obroka. Ili nakon obroka. Na taj na\u010din zeleni \u010daj poma\u017ee da se br\u017ee sagorijevaju masno\u0107e ili eliminiraju iz tijela prije nego se zadr\u017ee i skladi\u0161te.<\/p>\n\n\n\n<p>Kada se zeleni \u010daj pije za bolju apsorpciju vitamina i minerala bolje bi ga bilo piti prije obroka (nekih 20 do 30 minuta ranije).<\/p>\n\n\n\n<p>No, zeleni \u010daj se ne bi trebao piti tijekom obroka.<\/p>\n\n\n\n<h3 class=\"wp-block-heading\">Zeleni \u010daj ujutro<\/h3>\n\n\n\n<p>Zeleni \u010daj se mo\u017ee piti ujutro kako bi popravili razinu energije, te kada se \u017eeli djelovati na bolju koncentraciju tijekom dana.<\/p>\n\n\n\n<h3 class=\"wp-block-heading\">Zeleni \u010daj za fizi\u010dku aktivnost<\/h3>\n\n\n\n<p>Zeleni \u010daj mo\u017ee biti koristan i ako se pije oko vje\u017ebanja. Zeleni \u010daj kada se pije prije vje\u017ebanja mo\u017ee pove\u0107ati razinu sagorijevanja masti tijekom vje\u017ebanja.<\/p>\n\n\n\n<p>Zeleni \u010daj nakon vje\u017ebanja mo\u017ee pomo\u0107i oporavku mi\u0161i\u0107a nakon vje\u017ebanja.<\/p>\n\n\n\n<h3 class=\"wp-block-heading\">Zeleni \u010daj prije spavanja i zeleni \u010daj nave\u010der<\/h3>\n\n\n\n<p>Iako se ponekad zeleni \u010daj spominje i kao \u010daj za spavanje, odnosno umiruju\u0107i efekti zelenog \u010daja, s obzirom da sadr\u017ei kofein, kod nekih ljudi mo\u017ee uzrokovati nesanicu te ga je za opu\u0161tanje i san bolje piti predve\u010der ili popodne, a ne nave\u010der.<\/p>\n\n\n\n<h3 class=\"wp-block-heading\">Zeleni \u010daj &#8211; koliko \u010daja na dan?<\/h3>\n\n\n\n<p>Ne postoje neke odre\u0111eni broj \u0161alica koji je dnevno definiran. \u010caj i istra\u017eivanja koja su se bavila djelovanjima zelenog \u010daja nisu definirala broj koliko \u0161alica zelenog \u010daja piti dnevno.<\/p>\n\n\n\n<p>Op\u0107enito s \u010dajem ne treba pretjerivati jer ne vrijedi pravilo da je \u0161to vi\u0161e \u010daja to i bolje, nego ga konzumirati umjereno.<\/p>\n\n\n\n<p>Umjerena konzumacija \u010daja se smatra tri do \u010detiri \u0161alice \u010daja dnevno.<\/p>\n\n\n\n<p>Smatra se da ve\u0107 1 \u0161alica zelenog \u010daja dnevno mo\u017ee donijeti mnoge prednosti i da se s jednom \u0161alicom mo\u017ee iskoristi blagodati zelenog \u010daja.<\/p>\n\n\n\n<p>No, kada se zeleni \u010daj pije s odre\u0111enom namjenom, odnosno kako bi se djelovalo na odre\u0111eni problem tada se pije druga\u010dije, ovisno o onome na \u0161to se poku\u0161ava djelovati. Te je u tim situacijama mo\u017ee biti i 3 do 5 \u0161alica zelenog \u010daja prihvatljivo.<\/p>\n\n\n\n<h3 class=\"wp-block-heading\">Zanimljive \u010dinjenice o zelenom \u010daju<\/h3>\n\n\n\n<ul class=\"wp-block-list\">\n<li>Zeleni \u010daj ima malo kofeina, oko 15-25 miligrama po gramu \u010daja<\/li>\n\n\n\n<li>Gotovi zeleni \u010daj u boci nema iste koristi kao svje\u017ee pripremljeni \u010daj<\/li>\n\n\n\n<li>Zeleni \u010daj mo\u017ee pomo\u0107i da se opustite nakon dugog dana. Sadr\u017ei aminokiselinu koja poti\u010de na opu\u0161tanje \u017eiv\u010danog sustava.<\/li>\n\n\n\n<li>Zeleni \u010daj je dobar za ko\u017eu te koristan kod psorijaze, peruti i prevenciji upala.<\/li>\n\n\n\n<li>Oko 20% \u010daja koji se ukupno popije u svijetu je zeleni \u010daj.<\/li>\n\n\n\n<li>Zeleni \u010daj nije fermentirani \u010daj i jedna je od vrsta \u010daja koja se najmanje prera\u0111uje.<\/li>\n\n\n\n<li>Zeleni \u010daj se u kineskoj i indijskoj medicini koristi za zacjeljivanje rana.<\/li>\n\n\n\n<li>Polifenoli u zelenom \u010daju u laboratorijskim istra\u017eivanjima povezani su sa smanjenjem rasta tumora.<\/li>\n\n\n\n<li>Konzumacija zelenog \u010daja mo\u017ee smanjiti lo\u0161 kolesterol.<\/li>\n\n\n\n<li>Zeleni \u010daj mo\u017ee smanjiti rizik od mo\u017edanog udara.<\/li>\n\n\n\n<li>Zeleni \u010daj je dobar za pobolj\u0161anje kognitivnih funkcija.<\/li>\n\n\n\n<li>U istra\u017eivanjima se pokazalo da kombinacija ekstrakta zelenog \u010daja i vje\u017ebanja mo\u017ee usporiti napredak Alzheimerove bolesti.<\/li>\n\n\n\n<li>Zeleni \u010daj se mo\u017ee osim kao napitak uzimati u kapsulama ili kao teku\u0107i dodatak prehrani.<\/li>\n\n\n\n<li>Zeleni \u010daj se najvi\u0161e pije u Kini i Japanu, dok se u Americi vi\u0161e pije crni \u010daj.<\/li>\n\n\n\n<li>Zeleni \u010daj mo\u017ee biti dobar i za biljke, koristi se i za zalijevanje biljaka.<\/li>\n\n\n\n<li>Zeleni \u010daj mo\u017ee pomo\u0107i u za\u0161titi ko\u017ee od sunca, tjedan dana prije izlaganja suncu redovito bi trebalo piti zeleni \u010daj.<\/li>\n\n\n\n<li>Zeleni \u010daj poma\u017ee u borbi protiv bora, bilo kao napitak bilo kao sastojak u proizvodima za njegu ko\u017ee.<\/li>\n\n\n\n<li>Zeleni \u010daj je zbog antibakterijskih svojstava idealan kao kupka za noge, koristan je i opu\u0161taju\u0107i.<\/li>\n\n\n\n<li>Zeleni \u010daj poma\u017ee i u borbi protiv neugodnih mirisa u fri\u017eideru, stavite u vre\u0107ici malo zelenog \u010daja u fri\u017eider.<\/li>\n\n\n\n<li>Zeleni \u010daj se mo\u017ee koristiti za uklanjanje masnih mrlja na osjetljivim povr\u0161inama poput drvenih podova.<\/li>\n\n\n\n<li>Tople vre\u0107ice zelenog \u010daja dobar su oblog za ubla\u017eavanje nate\u010denosti o\u010diju.<\/li>\n\n\n\n<li>Grgljanje zelenog \u010daja poma\u017ee kod neugodnog zadaha.<\/li>\n\n\n\n<li>Postoji preko tisu\u0107u sorti zelenog \u010daja.<\/li>\n<\/ul>\n\n\n\n<p><strong>Vezano:<\/strong><\/p>\n\n\n\n<figure class=\"wp-block-embed is-type-wp-embed is-provider-cover-magazin-com wp-block-embed-cover-magazin-com\"><div class=\"wp-block-embed__wrapper\">\n<blockquote class=\"wp-embedded-content\" data-secret=\"LfyiKQgsXB\"><a href=\"https:\/\/covermagazin.com\/?page_id=29483\">\u010cajevi<\/a><\/blockquote><iframe loading=\"lazy\" class=\"wp-embedded-content\" sandbox=\"allow-scripts\" security=\"restricted\" style=\"position: absolute; visibility: hidden;\" title=\"&#8220;\u010cajevi&#8221; &#8212; COVER magazin.com\" src=\"https:\/\/covermagazin.com\/?page_id=29483&#038;embed=true#?secret=76PlDNuCAy#?secret=LfyiKQgsXB\" data-secret=\"LfyiKQgsXB\" width=\"500\" height=\"282\" frameborder=\"0\" marginwidth=\"0\" marginheight=\"0\" scrolling=\"no\"><\/iframe>\n<\/div><\/figure>\n\n\n\n<figure class=\"wp-block-embed is-type-wp-embed is-provider-cover-magazin-com wp-block-embed-cover-magazin-com\"><div class=\"wp-block-embed__wrapper\">\n<blockquote class=\"wp-embedded-content\" data-secret=\"4Nv9pNCzzF\"><a href=\"https:\/\/covermagazin.com\/?p=50142\">Najbolji zeleni \u010daj<\/a><\/blockquote><iframe loading=\"lazy\" class=\"wp-embedded-content\" sandbox=\"allow-scripts\" security=\"restricted\" style=\"position: absolute; visibility: hidden;\" title=\"&#8220;Najbolji zeleni \u010daj&#8221; &#8212; COVER magazin.com\" src=\"https:\/\/covermagazin.com\/?p=50142&#038;embed=true#?secret=8tJ5CZsr1f#?secret=4Nv9pNCzzF\" data-secret=\"4Nv9pNCzzF\" width=\"500\" height=\"282\" frameborder=\"0\" marginwidth=\"0\" marginheight=\"0\" scrolling=\"no\"><\/iframe>\n<\/div><\/figure>\n\n\n\n<figure class=\"wp-block-embed is-type-wp-embed is-provider-cover-magazin-com wp-block-embed-cover-magazin-com\"><div class=\"wp-block-embed__wrapper\">\n<blockquote class=\"wp-embedded-content\" data-secret=\"EiuNhivaO0\"><a href=\"https:\/\/covermagazin.com\/?p=50138\">Kako pripremiti zeleni \u010daj<\/a><\/blockquote><iframe loading=\"lazy\" class=\"wp-embedded-content\" sandbox=\"allow-scripts\" security=\"restricted\" style=\"position: absolute; visibility: hidden;\" title=\"&#8220;Kako pripremiti zeleni \u010daj&#8221; &#8212; COVER magazin.com\" src=\"https:\/\/covermagazin.com\/?p=50138&#038;embed=true#?secret=lc9jAVldhM#?secret=EiuNhivaO0\" data-secret=\"EiuNhivaO0\" width=\"500\" height=\"282\" frameborder=\"0\" marginwidth=\"0\" marginheight=\"0\" scrolling=\"no\"><\/iframe>\n<\/div><\/figure>\n","protected":false},"excerpt":{"rendered":"<p>Zeleni \u010daj, ljekovitost, nuspojave i koliko \u010daja piti Zeleni \u010daj blagotvorno djeluje na zdravlje ljudi pa tako mo\u017ee smanjiti rizik bolesti srca i krvnih \u017eila, smanjiti opasnost od rasta tumora, djeluje protuupalno ili se naprosto koristi kao stimulans zbog toga \u0161to sadr\u017ei kofein. Zeleni \u010daj tradicionalni je \u010daj kineskog porijekla. Osnovu \u010dine nefermentirani listi\u0107i biljke [&hellip;]<\/p>\n","protected":false},"author":1,"featured_media":40057,"parent":29483,"menu_order":0,"comment_status":"closed","ping_status":"closed","template":"","meta":{"footnotes":"","_links_to":"","_links_to_target":""},"class_list":["post-29351","page","type-page","status-publish","has-post-thumbnail","hentry"],"_links":{"self":[{"href":"https:\/\/covermagazin.com\/index.php?rest_route=\/wp\/v2\/pages\/29351","targetHints":{"allow":["GET"]}}],"collection":[{"href":"https:\/\/covermagazin.com\/index.php?rest_route=\/wp\/v2\/pages"}],"about":[{"href":"https:\/\/covermagazin.com\/index.php?rest_route=\/wp\/v2\/types\/page"}],"author":[{"embeddable":true,"href":"https:\/\/covermagazin.com\/index.php?rest_route=\/wp\/v2\/users\/1"}],"replies":[{"embeddable":true,"href":"https:\/\/covermagazin.com\/index.php?rest_route=%2Fwp%2Fv2%2Fcomments&post=29351"}],"version-history":[{"count":13,"href":"https:\/\/covermagazin.com\/index.php?rest_route=\/wp\/v2\/pages\/29351\/revisions"}],"predecessor-version":[{"id":72050,"href":"https:\/\/covermagazin.com\/index.php?rest_route=\/wp\/v2\/pages\/29351\/revisions\/72050"}],"up":[{"embeddable":true,"href":"https:\/\/covermagazin.com\/index.php?rest_route=\/wp\/v2\/pages\/29483"}],"wp:featuredmedia":[{"embeddable":true,"href":"https:\/\/covermagazin.com\/index.php?rest_route=\/wp\/v2\/media\/40057"}],"wp:attachment":[{"href":"https:\/\/covermagazin.com\/index.php?rest_route=%2Fwp%2Fv2%2Fmedia&parent=29351"}],"curies":[{"name":"wp","href":"https:\/\/api.w.org\/{rel}","templated":true}]}}