{"id":29300,"date":"2024-11-20T15:59:58","date_gmt":"2024-11-20T13:59:58","guid":{"rendered":"https:\/\/covermagazin.com\/?page_id=29300"},"modified":"2024-11-20T15:59:58","modified_gmt":"2024-11-20T13:59:58","slug":"kamilica-caj-od-kamilice","status":"publish","type":"page","link":"https:\/\/covermagazin.com\/?page_id=29300","title":{"rendered":"Kamilica i \u010daj od KAMILICE, ljekovitost, nuspojave i koliko \u010daja piti"},"content":{"rendered":"\n<p><img loading=\"lazy\" decoding=\"async\" width=\"600\" height=\"401\" class=\"alignnone size-full wp-image-40013\" src=\"https:\/\/covermagazin.com\/wp-content\/uploads\/2020\/06\/Kamilica-\u010caj-od-kamilice.jpg\" alt=\"\" srcset=\"https:\/\/covermagazin.com\/wp-content\/uploads\/2020\/06\/Kamilica-\u010caj-od-kamilice.jpg 600w, https:\/\/covermagazin.com\/wp-content\/uploads\/2020\/06\/Kamilica-\u010caj-od-kamilice-300x201.jpg 300w, https:\/\/covermagazin.com\/wp-content\/uploads\/2020\/06\/Kamilica-\u010caj-od-kamilice-576x384.jpg 576w\" sizes=\"auto, (max-width: 600px) 100vw, 600px\" \/><\/p>\n\n\n\n<h2 class=\"wp-block-heading\">Kamilica i \u010daj od kamilice, ljekovitost, nuspojave i koliko \u010daja piti<\/h2>\n\n\n\n<p>Kamilica je biljka koja je po svojim svojstvima svima ve\u0107 poznata. Prepoznatljiva je po svojim sitnim bijelo-\u017eutim cvjetovima, a mo\u017eete je vidjeti gotovo na svim livadama.<\/p>\n\n\n\n<h3 class=\"wp-block-heading\">Ljekovitost \u010daja od kamilice<\/h3>\n\n\n\n<p><strong>Utjecaj kamilice na zdravlje i zdravstvene prednosti kamilice i \u010daja od kamilice<\/strong><\/p>\n\n\n\n<p>Kamilica je \u00ablijek za sve\u00bb. Pospje\u0161uje probavu, sni\u017eava temperaturu, ubla\u017eava boli, smiruje gr\u010deve, smanjuje osipe, poma\u017ee kod svih bolova u trbuhu i jo\u0161 mnogo toga.<\/p>\n\n\n\n<p>Kamilicu mo\u017eete koristiti u obliku tinkture, \u010daja, pra\u0161ka, eteri\u010dnog ulja i obloga.<\/p>\n\n\n\n<p>Kamilica se koristi i za pomo\u0107 kod svih menstrualnih tegoba. Bolove mo\u017eete ubla\u017eiti oblogama. Njih pravimo tako \u0161to vrhom punu \u017elicu kamilice prelijemo \u00bc l vrelog mlijeka, procijedimo i tople obloge stavljamo na stomak. Bolovi \u0107e vrlo brzo nestati.<\/p>\n\n\n\n<p>Jednako pripremljene obloge mo\u017eemo staviti i na o\u010di kod bolova u o\u010dima.<\/p>\n\n\n\n<p>Tako\u0111er \u010daj od kamilice mo\u017ee pomo\u0107i u sprje\u010davanja bolesti srca, bogat je antioksidansima, te mo\u017ee pomo\u0107i u sprje\u010davanju nastanka razli\u010ditih tipova raka.<\/p>\n\n\n\n<h4 class=\"wp-block-heading\">Kamilica za probavu<\/h4>\n\n\n\n<p>\u010caj od kamilice ima protuupalna svojstva te mo\u017ee pomo\u0107i u smanjivanju upala u probavnom traktu. Tako\u0111er \u010daj od kamilice mo\u017ee pomo\u0107i kod mu\u010dnina.<\/p>\n\n\n\n<p>\u010caj od kamilice mo\u017ee pomo\u0107i i kod refluksa i smanjenja kiseline u \u017eeludcu. Tako\u0111er, \u010daj od kamilice mo\u017ee pomo\u0107i kod proljeva.<\/p>\n\n\n\n<h4 class=\"wp-block-heading\">\u010caj od kamilice za smirenje<\/h4>\n\n\n\n<p>Ona je vrlo dobar lijek za smirenje. Redovno pijte \u010daj i osjetit \u0107ete promjenu.<\/p>\n\n\n\n<p>\u017delite li trenutno opu\u0161tanje poku\u0161ajte s kupkom, ona \u0107e umiriti va\u0161 \u017eiv\u010dani sustav. Dovoljno je dvije pune \u0161ake kamilice preliti vrelom vodom i ostaviti da kratko odstoji. Zatim procijedite i dodajte u vodu u kadi. Ve\u0107 za nekih dvadesetak minuta, koliko kupka traje, primijetit \u0107ete promjene u raspolo\u017eenju i smanjen teret na le\u0111ima.<\/p>\n\n\n\n<h4 class=\"wp-block-heading\">\u010caj od kamilice za bolji san<\/h4>\n\n\n\n<p>\u010caj od kamilice je dobar op\u0107enito za smirenje, ali i za bolji san ukoliko se konzumira nave\u010der prije spavanja.<\/p>\n\n\n\n<h4 class=\"wp-block-heading\">\u010caj od kamilice za lice i kosu<\/h4>\n\n\n\n<p>Ako imate problema s ko\u017eom ili jednostavno \u017eelite ljep\u0161u i njegovanu ko\u017eu dovoljno je jednom tjedno umiti se \u010dajem od kamilice.<\/p>\n\n\n\n<p>Imate li problema s ispadanjem kose, za ispiranje koristite \u010daj od kamilice (pripremate ga tako da \u010detiri \u017elice biljke prelijete litrom kipu\u0107e vode, nakon deset minuta procijedite i pri\u010dekajte da se ohladi do temperature s kojom ina\u010de ispirete kosu).<\/p>\n\n\n\n<h4 class=\"wp-block-heading\">\u010caj od kamilice za mr\u0161avljenje<\/h4>\n\n\n\n<p>\u010caj od kamilice ima samo 2 kalorije na \u0161alicu \u010daja, ukoliko se pije nezasla\u0111en. U tom slu\u010daju poma\u017ee kod unosa teku\u0107ine, te dodatno pozitivno djeluje na gubitak kilograma. \u010caj od kamilice poti\u010de metabolizam te mo\u017ee pomo\u0107i u smanjenje obima struka.<\/p>\n\n\n\n<p>\u010caj od kamilice skoro da nema kalorija, stoga je odli\u010dan izbor za osobe kada paze na unos kalorija, posebno \u0161to \u010daj od kamilice ima brojne druge dobrobiti. <\/p>\n\n\n\n<h4 class=\"wp-block-heading\">\u010caj od kamilice za trudnice<\/h4>\n\n\n\n<p>Op\u0107enito se smatra da se \u010daj od kamilice mo\u017ee piti u trudno\u0107i, no u prvom tromjese\u010dju bi ga bilo bolje izbjegavati budu\u0107i da mo\u017ee izazvati kontrakcije. \u010caj od kamilice \u010desto i u trudno\u0107i mo\u017ee pomo\u0107i kod anksioznosti i boljeg sna. \u010caj od kamilice mo\u017ee pomo\u0107i i kod jutarnjih mu\u010dnina.<br>No u trudno\u0107i treba biti posebno oprezan, te i ukoliko se konzumira, \u010daj od kamilice se treba umjereno konzumirati.<\/p>\n\n\n\n<h4 class=\"wp-block-heading\">\u010caj od kamilice za djecu i bebe<\/h4>\n\n\n\n<p>\u010caj od kamilice mo\u017ee pomo\u0107i u smirivanju kolika kod beba. No, uvijek bi bilo dobro tra\u017eiti \u010daj prilago\u0111en bebama i njihovom uzrastu te se \u010desto spominje da se \u010daj od kamilice mo\u017ee davati bebama nakon 6 mjeseci ali i tad u malim dozama prilago\u0111enim njihovom uzrastu.<br>\u010caj od kamilice mo\u017ee pomo\u0107i u sprje\u010davanju infekcija svojim antibakterijskim svojstvima, popravlja probavu, poma\u017ee boljem snu, te mo\u017ee pomo\u0107i u smanjivanju bolova kod rasta zubi.<\/p>\n\n\n\n<h3 class=\"wp-block-heading\">\u010caj od kamilice nuspojave<\/h3>\n\n\n\n<p>\u010caj od kamilice ima brojne zdravstvene prednosti, no, ovaj \u010daj ima i odre\u0111ene nuspojave. Problem se mo\u017ee pojaviti kod osoba koje su alergi\u010dne na kamilicu ili cvjetove iz roda ove biljke. Tako\u0111er, kada se koristi kao oblog za o\u010di treba biti umjerne u kori\u0161tenju jer ponekad mo\u017ee izazvati iritacije posebno kod osoba sklonih alergijskim reakcijama.<br>\u010caj od kamilice rijetko ima nuspojave, no kao i svaki drugi \u010daj treba ga konzumirati umjereno, te obratiti pa\u017enju ukoliko je osoba osjetljiva ili ima alergijske reakcije na odre\u0111ene biljke.<\/p>\n\n\n\n<h3 class=\"wp-block-heading\">\u0160to ka\u017ee znanost o kamilici<\/h3>\n\n\n\n<p>Kamilica je poznata ljekovita biljka, \u010desto se koristi u tradicionalnoj medicini. \u010caj od kamilice ima kozmeti\u010dke i nutritivne vrijednosti. &#8211; <em>Istra\u017eivanje:<\/em> <em>&#8220;Chamomile (Matricaria chamomilla L.): An overview&#8221;<\/em><\/p>\n\n\n\n<p>Prehlada je jedna od uobi\u010dajenih bolesti, zarazna virusna bolest gornjeg di\u0161nog sustava. Studije su pokazale da udisanje pare s ekstraktom kamilice mo\u017ee biti korisno kod prehlade. &#8211; <em>Istra\u017eivanje:<\/em> <em>&#8220;Chamomile: A herbal medicine of the past with bright future&#8221;<\/em><\/p>\n\n\n\n<p>Neka istra\u017eivanja sugeriraju da kamilica inhibira Helicobacter pylori, bakterije koja se javlja u \u017eeludcu i mo\u017ee izazvati upale. &#8211; <em><em>Istra\u017eivanje:<\/em>&#8220;Chamomile: A herbal medicine of the past with bright future&#8221;<\/em><\/p>\n\n\n\n<p>Istra\u017eivanje koje je pratilo utjecaj kamilice na anksioznost pokazalo je da postoje pozitivne promjene kod kontrolne skupne koja je konzumirala kamilicu u odnosu na one koji su konzumirali placebo. Pozitivne promjene su primije\u0107ene i u svim sekundarnim ishodima. Rezultati su pokazali da kamilica mo\u017ee imati umjereno smiruju\u0107e djelovanje kod osoba s blagom do umjerenom anksiozno\u0161\u0107u. &#8211; <em>Istra\u017eivanje: &#8220;A randomized, double-blind, placebo-controlled efficacy and tolerability trial of Matricaria recutita (chamomile) extract therapy in patients with mild to moderate Generalized Anxiety Disorder&#8221;<\/em><\/p>\n\n\n\n<p>Kamilica se koristila kroz povijest kao biljni tretman za razli\u010dita stanja ko\u017ee. Djeluje antimikrobno, antialergijski, protuupalno, antioksidativno i analgetski, te poti\u010de zacjeljivanje rana. Kamilica ima i neka antioksidativna svojstva koja su utvr\u0111ena kemijskim ispitivanjima. klini\u010dka ispitivanja u mnogim slu\u010dajevima podupiru tradicionalnu medicinu i upotrebu kamilice. Kamilica je uklju\u010dena u \u0161irok spektar kozmeti\u010dkih proizvoda, uklju\u010duju\u0107i hidratantne kreme i proizvode za kosu. <em>Istra\u017eivanje:<\/em> &#8220;Practical Uses of Botanicals in Skin Care&#8221;<\/p>\n\n\n\n<h3 class=\"wp-block-heading\">Priprema \u010daja od kamilice<\/h3>\n\n\n\n<p>Ukoliko na uputama na pakiranju nije druga\u010dije nazna\u010deno, \u010dajnu \u017elicu biljke ili filtar vre\u0107icu prelijte s 0,2 l vrele vode. Poklopite i pustite da odstoji 5 do 10 minuta. Procijedite i pijte svje\u017ee pripremljeni \u010daj. Vi\u0161e: <a href=\"https:\/\/covermagazin.com\/?p=53570\">\u010caj od kamilice, kako pripremiti savr\u0161en \u010daj od kamilice<\/a><\/p>\n\n\n\n<h3 class=\"wp-block-heading\">Koliko \u010daja od kamilice dnevno piti?<\/h3>\n\n\n\n<p>\u010caj od kamilice se mo\u017ee piti svakodnevno, a jedna \u0161alica \u010daja od kamilice ve\u0107 je dovoljna da se primijete dobrobiti. 1 do 3 \u0161alice \u010daja od kamilice dnevno se op\u0107enito smatra dovoljnima, te da je prihvatljivo piti do 4 \u0161alice \u010daja od kamilice dnevno.<\/p>\n\n\n\n<p>Oprez je potreban kod osoba koje su osjetljive na ovaj \u010daj.<\/p>\n\n\n\n<p>Bez obzira na sve zdravstvene dobrobiti, ukoliko se pije previ\u0161e \u010daja, on mo\u017ee imati razli\u010dite nuspojave. Stoga se dnevno ne bi trebalo piti vi\u0161e od 3 do 4 \u0161alice \u010daja od kamilice.<\/p>\n\n\n\n<h3 class=\"wp-block-heading\">\u010caj od kamilice \u2013 nutritivne vrijednosti<\/h3>\n\n\n\n<p>Ispod su navedene nutritivne vrijednosti \u010daja bez dodataka \u0161e\u0107era, meda ili bilo kojih drugih. Kada se u \u010daj dodaju neki dodaci, mijenja se i njegova nutritivna vrijednost.<\/p>\n\n\n\n<p>\u010caj od kamilice ima 1 kaloriju na 100 ml \u010daja.<\/p>\n\n\n\n<p>Vode \u010daj od kamilice sadr\u017ei 99,7 ml na 100 ml \u010daja.<br>Bjelan\u010devina \u010daj ima 0 grama na 100 ml \u010daja.<br>Ugljikohidrata \u010daj od kamilice ima 0,2 grama na 100 ml \u010daja.<br>Vlakana \u010daj od kamilice ima 0 grama<br>\u0160e\u0107era \u010daj od kamilice ima 0 grama<br>Kalcija \u010daj od kamilice ima 2 miligrama<br>\u017deljeza \u010daj od kamilice sadr\u017ei 0,08 miligrama<br>Magnezija \u010daj od kamilice sadr\u017ei 1 miligram<br>Fosfora \u010daj od kamilice sadr\u017ei 0 miligrama<br>Kalija \u010daj od kamilice sadr\u017ei 9 miligrama<br>Natrija \u010daj od kamilice sadr\u017ei 1 miligram<br>Cinka \u010daj od kamilice sadr\u017ei 0,04 miligrama<br>Bakra \u010daj od kamilice sadr\u017ei 0,015 miligrama<br>Tiamina \u010daj od kamilice sadr\u017ei 0,01 miligram<br>Riboflavina \u010daj od kamilice sadr\u017ei 0,004 miligrama<br>Folata \u010daj od kamilice sadr\u017ei 1 mikrogram<br>Vitamina A \u010daj od kamilice sadr\u017ei 1 mikrogram. *Izvor: FoodData Central (usda.gov)<\/p>\n\n\n\n<p><strong>Vezano:<\/strong><\/p>\n\n\n\n<figure class=\"wp-block-embed is-type-wp-embed is-provider-cover-magazin-com wp-block-embed-cover-magazin-com\"><div class=\"wp-block-embed__wrapper\">\n<blockquote class=\"wp-embedded-content\" data-secret=\"prHC3O42Bg\"><a href=\"https:\/\/covermagazin.com\/?page_id=29483\">\u010cajevi<\/a><\/blockquote><iframe loading=\"lazy\" class=\"wp-embedded-content\" sandbox=\"allow-scripts\" security=\"restricted\" style=\"position: absolute; visibility: hidden;\" title=\"&#8220;\u010cajevi&#8221; &#8212; COVER magazin.com\" src=\"https:\/\/covermagazin.com\/?page_id=29483&#038;embed=true#?secret=tXeWxkIV78#?secret=prHC3O42Bg\" data-secret=\"prHC3O42Bg\" width=\"500\" height=\"282\" frameborder=\"0\" marginwidth=\"0\" marginheight=\"0\" scrolling=\"no\"><\/iframe>\n<\/div><\/figure>\n\n\n\n<figure class=\"wp-block-embed is-type-wp-embed is-provider-cover-magazin-com wp-block-embed-cover-magazin-com\"><div class=\"wp-block-embed__wrapper\">\n<blockquote class=\"wp-embedded-content\" data-secret=\"a9rMBz3Z88\"><a href=\"https:\/\/covermagazin.com\/?p=53570\">\u010caj od kamilice, kako pripremiti savr\u0161en \u010daj od kamilice<\/a><\/blockquote><iframe loading=\"lazy\" class=\"wp-embedded-content\" sandbox=\"allow-scripts\" security=\"restricted\" style=\"position: absolute; visibility: hidden;\" title=\"&#8220;\u010caj od kamilice, kako pripremiti savr\u0161en \u010daj od kamilice&#8221; &#8212; COVER magazin.com\" src=\"https:\/\/covermagazin.com\/?p=53570&#038;embed=true#?secret=LLJ4jMMYKe#?secret=a9rMBz3Z88\" data-secret=\"a9rMBz3Z88\" width=\"500\" height=\"282\" frameborder=\"0\" marginwidth=\"0\" marginheight=\"0\" scrolling=\"no\"><\/iframe>\n<\/div><\/figure>\n","protected":false},"excerpt":{"rendered":"<p>Kamilica i \u010daj od kamilice, ljekovitost, nuspojave i koliko \u010daja piti Kamilica je biljka koja je po svojim svojstvima svima ve\u0107 poznata. Prepoznatljiva je po svojim sitnim bijelo-\u017eutim cvjetovima, a mo\u017eete je vidjeti gotovo na svim livadama. Ljekovitost \u010daja od kamilice Utjecaj kamilice na zdravlje i zdravstvene prednosti kamilice i \u010daja od kamilice Kamilica je [&hellip;]<\/p>\n","protected":false},"author":1,"featured_media":40013,"parent":29483,"menu_order":0,"comment_status":"closed","ping_status":"closed","template":"","meta":{"footnotes":"","_links_to":"","_links_to_target":""},"class_list":["post-29300","page","type-page","status-publish","has-post-thumbnail","hentry"],"_links":{"self":[{"href":"https:\/\/covermagazin.com\/index.php?rest_route=\/wp\/v2\/pages\/29300","targetHints":{"allow":["GET"]}}],"collection":[{"href":"https:\/\/covermagazin.com\/index.php?rest_route=\/wp\/v2\/pages"}],"about":[{"href":"https:\/\/covermagazin.com\/index.php?rest_route=\/wp\/v2\/types\/page"}],"author":[{"embeddable":true,"href":"https:\/\/covermagazin.com\/index.php?rest_route=\/wp\/v2\/users\/1"}],"replies":[{"embeddable":true,"href":"https:\/\/covermagazin.com\/index.php?rest_route=%2Fwp%2Fv2%2Fcomments&post=29300"}],"version-history":[{"count":10,"href":"https:\/\/covermagazin.com\/index.php?rest_route=\/wp\/v2\/pages\/29300\/revisions"}],"predecessor-version":[{"id":71522,"href":"https:\/\/covermagazin.com\/index.php?rest_route=\/wp\/v2\/pages\/29300\/revisions\/71522"}],"up":[{"embeddable":true,"href":"https:\/\/covermagazin.com\/index.php?rest_route=\/wp\/v2\/pages\/29483"}],"wp:featuredmedia":[{"embeddable":true,"href":"https:\/\/covermagazin.com\/index.php?rest_route=\/wp\/v2\/media\/40013"}],"wp:attachment":[{"href":"https:\/\/covermagazin.com\/index.php?rest_route=%2Fwp%2Fv2%2Fmedia&parent=29300"}],"curies":[{"name":"wp","href":"https:\/\/api.w.org\/{rel}","templated":true}]}}