{"id":29193,"date":"2019-12-04T07:26:16","date_gmt":"2019-12-04T05:26:16","guid":{"rendered":"https:\/\/covermagazin.com\/?page_id=29193"},"modified":"2021-11-26T15:29:31","modified_gmt":"2021-11-26T13:29:31","slug":"sanjarica-m","status":"publish","type":"page","link":"https:\/\/covermagazin.com\/?page_id=29193","title":{"rendered":"Sanjarica M"},"content":{"rendered":"\n<figure class=\"wp-block-embed is-type-wp-embed is-provider-cover-magazin-com wp-block-embed-cover-magazin-com\"><div class=\"wp-block-embed__wrapper\">\n<blockquote class=\"wp-embedded-content\" data-secret=\"hF1GMKwK7I\"><a href=\"https:\/\/covermagazin.com\/?page_id=28606\">Sanjarica \u2013 Nevjerojatno to\u010dna SANJARICA \u2013 abecedno<\/a><\/blockquote><iframe loading=\"lazy\" class=\"wp-embedded-content\" sandbox=\"allow-scripts\" security=\"restricted\" style=\"position: absolute; clip: rect(1px, 1px, 1px, 1px);\" title=\"&#8220;Sanjarica \u2013 Nevjerojatno to\u010dna SANJARICA \u2013 abecedno&#8221; &#8212; COVERmagazin.com\" src=\"https:\/\/covermagazin.com\/?page_id=28606&#038;embed=true#?secret=ZkKAu68X7z#?secret=hF1GMKwK7I\" data-secret=\"hF1GMKwK7I\" width=\"500\" height=\"282\" frameborder=\"0\" marginwidth=\"0\" marginheight=\"0\" scrolling=\"no\"><\/iframe>\n<\/div><\/figure>\n\n\n\n<p>MA\u010c &#8211; odva\u017eni ste i hrabri, te\u0161ko \u0107e vam itko nauditi<br>MA\u010cEVANJE- opasnost<br>MA\u010cKA \u2013 prijevara ~ crna ma\u010dka \u2013 opasnost ~ bijela ma\u010dka \u2013 ljubav ~ s ma\u010di\u0107ima &#8211; poslovni uspjeh ~ ako vas je ogrebla \u2013 tro\u0161kovi ~ ubiti ma\u010dku &#8211; nezadovoljstvo i problemi<br>MA\u0106EHA &#8211; problemi<br>MA\u0106UHICE &#8211; nesigurnosti<br>MADE\u017d &#8211; sti\u017eu lo\u0161e vijesti<\/p>\n\n\n\n<p>MA\u0110IONI\u010cAR &#8211; netko vas poku\u0161ava prevariti<br>MAFIJA \u2013 pazite s kim se dru\u017eit i s kim ulazite u poslove<br>MAGARAC &#8211; prona\u0107i \u0107ete dobrog partnera ili sklopiti brak ako ste u vezi<br>MAGIJA &#8211; promjene u obitelji<br>MAGLA &#8211; (MODERNO ZNA\u010cENJE) &#8211; Magla u snovima ozna\u010dava one stvari koje kreiraju zbunjenost i konfuziju, te sprje\u010davaju da jasno vidimo stvari pred sobom. Ostatak sna dat \u0107e vam signal na koji dio sna se magla odnosi i u kojem podru\u010dju \u017eivota nam je potrebno razja\u0161njenje. U svakom slu\u010daju, ako se magla ra\u0161\u010disti ozna\u010dava da je na vidiku jasno\u0107a. Ako je magla gusta i zastra\u0161uju\u0107a, razmislite \u0161to uzrokuje takve osje\u0107aje u svakodnevnom \u017eivotu.<\/p>\n\n\n\n<p>MAGNET &#8211; promjene na bolje<br>MAHATI \u2013 putovanje ~ gledati nekog da vam ma\u0161e &#8211; rastanak od drage osobe<br>MAHOVINA &#8211; ljubavni problemi, poslovni uspjeh<br>MAHUNE &#8211; pripremite se na neprilike<\/p>\n\n\n\n<p>MAIL &#8211; (MODERNO ZNA\u010cENJE) &#8211; Elektroni\u010dka po\u0161ta ili popularno mail obi\u010dno ozna\u010dava dobitak nekih vijesti, informacija ili poruka. Mail mo\u017ee signalizirati kako \u0107ete postati svjesniji nekih aspekata u svome \u017eivotu, te shvatiti pravu istinu. Ako primite mnogo mailova, to mo\u017ee ozna\u010davati propu\u0161tene prilike.<\/p>\n\n\n\n<p>MAJ\u010cINA DU\u0160ICA &#8211; poslovni uspjeh<br>MAJKA &#8211; nedovoljna samostalnost ~ vidjeti majku da umire &#8211; svaki problem ima rje\u0161enje ~ poljubiti je &#8211; rastanak s nekim ~ biti majka &#8211; optere\u0107uju vas tu\u0111i problemi<\/p>\n\n\n\n<p>MAJKA &#8211; (MODERNO ZNA\u010cENJE) &#8211; Ka\u017eu kako je odnos koji imate s majkom najva\u017eniji od svih odnosa. Bio taj odnos dobar ili lo\u0161 na\u0161e majke bude u nama mo\u0107ne emocije. Me\u0111utim, ovakvi snovi ne moraju imati neko bitno zna\u010denje, te mogu biti tek malo iskrivljene slike vlastitih emocija. Obi\u010dno majka u snu predstavlja emocije koje obi\u010dno ve\u017eete uz vlastitu majku ili op\u0107enito pojam maj\u010dinstva i majke.<\/p>\n\n\n\n<p>MAJMUN &#8211; u va\u0161oj blizini je varalica ~ ugriz majmuna &#8211; ljubavni uspjeh<br>MAJSTOR &#8211; poslovni uspjeh<br>MAK -problemi na ljubavnom planu<br>MAKOVNJA\u010cA &#8211; netko ili ne\u0161to \u0107e \u010das razo\u010darati<br>MALINE &#8211; idu bolji dani i u ljubavi i u poslu<br>MALJ &#8211; poslovni uspjeh<br>MANEVAR &#8211; uspje\u0161no razdoblje je pred vama<br>MAMAC &#8211; nisu svi iskreni, pripazite<br>MANJAK &#8211; dobitak<br>MAPA ~ zatvorena \u2013 neuspjeh ~ otvorena &#8211; uspjeh<\/p>\n\n\n\n<p>MAPA (ZMLJOPISNA KARTA) &#8211; (MODERNO ZNA\u010cENJE) &#8211; Interpretacija ovisi o tome koristite li mapu za odlazak na odre\u0111enu destinaciju ili imate zbunjuju\u0107u mapu pred sobom. Zbunjuju\u0107a mapa signalizira kako vam nedostaje jasno\u0107e i smisla u svakodnevnom \u017eivotu, te da morate malo vi\u0161e razmi\u0161ljati o dugoro\u010dnim planovima. Slije\u0111enje dobre mape u snovima predstavlja da ste samopouzdani da znate kuda idete i \u0161to \u017eelite.<\/p>\n\n\n\n<p>MARAMA \u2013 putovanje ~ crna marama &#8211; \u017ealost<br>MARAMICA &#8211; ljubavno razo\u010darenje<br>MARATON ~ tr\u010dati &#8211; ne morate se uvijek dokazivati ~ gledati \u2013 netko iz va\u0161e blizine treba va\u0161u pomo\u0107<br>MARCIPAN &#8211; pazite se onih koji vam previ\u0161e podilaze<br>MARELICE &#8211; va\u0161e zadovoljstvo \u0107e biti kratkog vijeka<br>MARGARIN &#8211; netko vas poku\u0161ava prevariti<br>MARKA &#8211; sti\u017eu vam vijesti<br>MASA\u017dA &#8211; previ\u0161e se optere\u0107ujete problemima, a od toga nikakve koristi<br>MASKA &#8211; poslovni problemi ~ skidati masku &#8211; otkrit \u0107ete neku tajnu<\/p>\n\n\n\n<p>MASKA &#8211; (MODERNO ZNA\u010cENJE)- Maske predstavljaju razli\u010dite strane va\u0161e osobnosti, pa mo\u017ee simbolizirati neke skrivene va\u0161e karakteristike. Ako vi u snu nosite masku, malo bolje razmislite jeste li iskreni prema sebi i drugima ili ne\u0161to skrivate i pretvarate se. Ako drugi nose masku, mo\u017eda sumnjate u njihovu iskrenost i mislite kako se mo\u017eda pretvaraju.<\/p>\n\n\n\n<p>MASKIRATI SE ~ plesati maskiran &#8211; svi mi na kraju ostajemo sami sa sobom, imajte to na umu<\/p>\n\n\n\n<p>MA\u0160KARE (MODERNO ZNA\u010cENJE) &#8211; Karneval mo\u017ee simbolizirati potrebu da poka\u017eete svoje pravo lice, ali i jednostavnu \u017eelju za zabavom. Mo\u017eda ste umorni od svakodnevnih briga i mozak je potra\u017eio na\u010din da se kroz zabavan san opusti i razveseli.<\/p>\n\n\n\n<p>MASLAC ~ vidjeti &#8211; nov\u010dani problemi ~ jesti &#8211; dobra zarad<br>MASLINA &#8211; dobar znak dok su na stablu<br>MAST &#8211; smanjite o\u010dekivanja<br>MA\u0160TANJE &#8211; napokon rje\u0161enje nedoumica<br>MATI\u010cAR &#8211; ljubavni napredak i uspjeh<br>MED &#8211; nakon problema neugodnosti ili lo\u0161ih vijesti slijedi pobolj\u0161anje.<\/p>\n\n\n\n<p>MED (MODERNO ZNA\u010cENJE) &#8211; Ako sanjate med o\u010dekuju vas slatka iskustva i dobro zdravlje. Med je pozitivan simbol.<\/p>\n\n\n\n<p>MED I MLIJEKO <span style=\"display: inline !important; float: none; background-color: #ffffff; color: #444444; cursor: text; font-family: 'Open Sans',Helvetica,Arial,sans-serif; font-size: 14px; font-style: normal; font-variant: normal; font-weight: 400; letter-spacing: normal; orphans: 2; text-align: left; text-decoration: none; text-indent: 0px; text-transform: none; -webkit-text-stroke-width: 0px; white-space: normal; word-spacing: 0px;\">~ <\/span>o\u010dekujte napredak i popravak financijske situacije.<\/p>\n\n\n\n<p>MEDALJA ~ dobiti medalju \u2013 uspjeh ~ davati medalju &#8211; nekome \u0107ete odati priznanje<br>MEDALJON &#8211; sve se tajne na kraju otkriju<br>MEDENI MJESEC &#8211; ugodna nova putovanja<br>MEDITACIJA \u2013 napravite predah, ne morate sve rije\u0161iti odmah<br>MEDUZA &#8211; pazite s kim se dru\u017eite<br>MEDVJED &#8211; spakirajte kofere, upu\u0107uje na putovanje ~ u drugim situacijama je negativan predznak<\/p>\n\n\n\n<p>MENSTRUACIJA (MODERNO ZNA\u010cENJE) &#8211; Interpretacija ovog sna obi\u010dno je pozitivna, a predstavlja otpu\u0161tanje briga i tenzija. Menstruacija u snu mo\u017ee signalizirati kako su te\u0161ka vremena iza vas, te da \u0107ete se napokon mo\u0107i opustiti i uspostaviti emotivnu ravnote\u017eu.<\/p>\n\n\n\n<p>MESAR &#8211; opasnost<br>MESO &#8211; ovisno o tome koliko volite jesti meso, tolika vas dobit o\u010dekuje. \u0160to je ljep\u0161e pripremljeno i ukusnije meso to vas o\u010dekuje ve\u0107a dobit.&nbsp; ~ sirovo meso &#8211; gubitak, ali stvari a ne osoba ~ kupovati meso &#8211; materijalni uspjeh ~ pr\u017eiti meso &#8211; zdravstveni problemi ~ jesti ljudsko meso &#8211; ostvarit \u0107ete dobit ali na nepo\u0161ten na\u010din<br>METAK &#8211; dobre vijesti<br>METAR &#8211; pripazite se rizi\u010dnih poslova<br>METEOR &#8211; dobitak i sre\u0107a<br>METLA &#8211; &#8220;prvo pometite ispred svojih vrata&#8230;&#8221; potreba za duhovnim \u010di\u0161\u0107enjem<br>MIGRENA \u2013 manji zdravstveni problemi ili sva\u0111e<br>MIKROSKOP &#8211; pazite \u0161to radite, sve se vra\u0107a sve se pla\u0107a<br>MILOSTINJA ~ tra\u017eiti, davati ili primati milostinju &#8211; problemi i neugodnosti ~ gledati druge da daju milostinju \u2013 dobitak<br>MINE &#8211; poslovni problemi<br>MINERALNA VODA &#8211; poslovni gubitak<br>MIRAZ ~ vidjeti &#8211; vjen\u010danje u obitelji ~ dati &#8211; sva\u0111e u obitelji<br>MIRISI ~ biti namirisan &#8211; ovo je razdoblje povoljno za vas<br>MISTERIJ &#8211; pazite \u0161to radite, moglo bi biti problema<br>MI\u0160 &#8211; polagano se nagriza va\u0161a duhovnost ~ slijepi mi\u0161 &#8211; \u010duvajte se kra\u0111e ~ bijeli mi\u0161 &#8211; ljubavni uspjeh ~ mi\u0161 u klopci &#8211; vi\u0161e vjerujte sebi nego drugima ~ tjerati mi\u0161eve &#8211; ne\u0107ete ostvariti planove ~ uloviti mi\u0161a &#8211; uspjeh i sre\u0107a<br>MI\u0160OLOVKA &#8211; netko vas poku\u0161ava prevariti<br>MITO &#8211; pred vama je problemati\u010dno razdoblje<br>MJEHUR &#8211; kratkotrajna sre\u0107a<br>MJENICA ~ pisati svoju &#8211; poslovni uspjeh ~ potpisivati tu\u0111u &#8211; polovni problemi<br>MJESEC &#8211; simbol \u017eenstvenosti ~ svijetao \u2013 dobitak ~ taman &#8211; ljubavni problemi ~ crven &#8211; prijeti vam opasnost ~ mladi &#8211; vjerujte partneru ~ pun &#8211; problemi<\/p>\n\n\n\n<p>MJESEC (MODERNO ZNA\u010cENJE) &#8211; Mjesec se obi\u010dno povezuje sa \u017eenstveno\u0161\u0107u, neracionalnim i intuitivnim. Mjesec mo\u017ee predstavljati i va\u0161u strast, pa ga je te\u0161ko tuma\u010diti kao izoliran simbol. Obratite vi\u0161e pa\u017enje na ostale simbole u va\u0161im snovima.<\/p>\n\n\n\n<p>MJESE\u010cAR &#8211; zdravstveni problemi<br>MJESE\u010cINA &#8211; kratka ali velika ljubav<br>MLAD ~ biti &#8211; kra\u0107e uspje\u0161no razdoblje<br>MLADA \/ MLADO\u017dENJA &#8211; ljubavni uspjeh i brak ~ ako se mladi dogodi nesre\u0107a &#8211; dvaput \u0107ete se \u017eeniti<br>MLADOST &#8211; dobro raspolo\u017eenje i sre\u0107a<br>MLIJEKO &#8211; nezrelo se postavljate prema problemima ~ piti mlijeko &#8211; sre\u0107a; proliti &#8211; gubitak<\/p>\n\n\n\n<p>MLIJEKO (MODERNO ZNA\u010cENJE) &#8211; Mlijeko mo\u017ee simbolizirati potrebu za njegovanjem i pa\u017enjom, pa ovisno o tome dajte li ili primate mlijeko rastuma\u010dite ili trebate vi\u0161e davati ili primati pa\u017enje i pokazati razumijevanja prema svoje okru\u017eenju.<\/p>\n\n\n\n<p>MLIN &#8211; ne morate sve raditi sami, imajte povjerenja i u druge ljude<br>MOBITEL &#8211; lo\u0161e vijesti, nezadovoljni ste ljudima oko sebe<br>MO\u010cVARA &#8211; upozorava vas na siroma\u0161no razdoblje<br>MODRICA &#8211; pripazite na novac<br>MOKRITI ~ u krevet &#8211; bolest<br>MOLBA ~ ispunjavati je &#8211; netko \u0107e vas pohvaliti ~ podnositi \u2013 neugodnosti ~ odbiti molbu &#8211; gubitak<br>MOLITI SE BOGU &#8211; dobrobit<br>MOLITVENIK &#8211; ako trebate pomo\u0107, potra\u017eite je kod prijatelja<br>MOLJAC &#8211; promjene<\/p>\n\n\n\n<p>MOLJAC (MODERNO ZNA\u010cENJE) &#8211; Moljci obi\u010dno nisu lijepi i oku ugodni, pa moljac u snu mo\u017ee odra\u017eavati va\u0161e slabosti i neugodnu stranu. Mo\u017ee vas upozoravati na to da vas netko ili ne\u0161to zavarava, te da ne prepoznajete opasnost ili da se zavaravate svjesno ignoriraju\u0107i upozoravaju\u0107e signale. Opasnost mo\u017ee biti i emotivna ili psiholo\u0161ka, ne nu\u017eno fizi\u010dka.<\/p>\n\n\n\n<p>MOMA\u010cKO VE\u010cER &#8211; brak<br>MORE &#8211; je slika vlastite nutrine ~ mirno \u2013 zadovoljstvo ~ hodati po moru \u2013 sigurnost ~ ploviti morem &#8211; opasnosti na putovanju ~ pasti u more &#8211; nov\u010dani gubitak<\/p>\n\n\n\n<p>MORE (MODERNO ZNA\u010cENJE) &#8211; More obi\u010dno reprezentira na\u0161u podsvijest, sje\u0107anja i emocije. Obratite pa\u017enju na detalje iz sna. Je li voda bistra ili zamu\u0107ena? Je li more mirno ili turbulentno? Jeste li sigurni ili upla\u0161eni?<\/p>\n\n\n\n<figure class=\"wp-block-embed is-type-wp-embed is-provider-cover-magazin-com wp-block-embed-cover-magazin-com\"><div class=\"wp-block-embed__wrapper\">\n<blockquote class=\"wp-embedded-content\" data-secret=\"lp3AGkEFVP\"><a href=\"https:\/\/covermagazin.com\/?p=6652\">Sanjati MORE &#8211; detaljno tuma\u010denje &#8211;<\/a><\/blockquote><iframe loading=\"lazy\" class=\"wp-embedded-content\" sandbox=\"allow-scripts\" security=\"restricted\" style=\"position: absolute; clip: rect(1px, 1px, 1px, 1px);\" title=\"&#8220;Sanjati MORE &#8211; detaljno tuma\u010denje &#8211;&#8221; &#8212; COVERmagazin.com\" src=\"https:\/\/covermagazin.com\/?p=6652&#038;embed=true#?secret=DsMh5Oui4s#?secret=lp3AGkEFVP\" data-secret=\"lp3AGkEFVP\" width=\"500\" height=\"282\" frameborder=\"0\" marginwidth=\"0\" marginheight=\"0\" scrolling=\"no\"><\/iframe>\n<\/div><\/figure>\n\n\n\n<p>MORNAR ~ biti &#8211; ljubavna avantura ~ vidjeti ga &#8211; dobre vijesti ~ razgovarati s njim &#8211; gubitak i lo\u0161e vijesti<br>MORSKA BOLEST &#8211; neugodnosti<br>MORSKE ZVIJERI &#8211; predstavljaju va\u0161e neprijatelje ~ ako je morska zvijer na suhom &#8211; pobjeda je va\u0161a<br>MOST &#8211; prijelaz iz starih obrazaca pona\u0161anja i odbacivanja starih navika, novo razdoblje u \u017eivotu<\/p>\n\n\n\n<p>MOST (MODERNO ZNA\u010cENJE) &#8211; Postoje mnogobrojna zna\u010denja koja se mogu pridati ovom simbolu. Detalji ostatka sna su jednako va\u017eni kao i sam most. Prvo u obzir trebate uzeti koliko putujete, jer most mo\u017ee ozna\u010davati tranziciju iz jedne faze u drugu. Ovaj san \u010desto govori kako se mo\u017eete izdignuti iznad pote\u0161ko\u0107a i emotivne patnje kroz koju prolazite.<\/p>\n\n\n\n<p>MO\u0160T ~ praviti &#8211; planovi su vam nesigurni ~ piti &#8211; nemojte pretjerivati sa svojim \u017eeljama<br>MOTIKA &#8211; \u0161teta<br>MOTOR &#8211; netko \u0107e vam pomo\u0107i u rje\u0161avanju zapo\u010detog posla<\/p>\n\n\n\n<p>MOTORNA PILA (MODERNO ZNA\u010cENJE) &#8211; Motorna pila se obi\u010dno povezuje sa destrukcijom, ali koristi se i za pripremanja ogrjeva za dom, \u0161to ima pozitivan prizvuk. Tuma\u010dite je ovisno o ostalim simbolima koji se pojavljuju i svrhu u koju je koristite.<\/p>\n\n\n\n<p>MOZAIK ~ vidjeti \u2013 neugodnosti ~ hodati po njemu &#8211; dobro razdoblje<br>MOZAK &#8211; pravilno \u0107ete odlu\u010diti<br>MRAK ~ biti u mraku &#8211; bolest i problemi ~ izlaziti iz mraka &#8211; uspjeh<br>MRAMOR &#8211; pripazite malo, ovo je nesigurno razdoblje<br>MRAVI &#8211; dobro ih je sanjati osim ako gmi\u017eu po vama &#8211; obiteljski problemi ~ gaziti mrave &#8211; bolje se pona\u0161ajte prema prijateljima<br>MRAVINJAK &#8211; poslovni problemi<br>MRAVOJED &#8211; dobro razmislite prije nego donesete odluku<br>MRAZ &#8211; do\u0107i \u0107e do privremenog zastoja u ostvarenju planova<br>MRENA &#8211; neugodnosti<br>MRE\u017dA ~ paukova mre\u017ea &#8211; usmjerite svoju energiju prema pravom smjeru ~ ribarska mre\u017ea &#8211; problemi<br>MRKVA- dobitak<br>MRTVAC &#8211; u vama umire osje\u0107aj na koji vas mrtvac asocira<br>MRTVA\u010cKA GLAVA &#8211; imate neprijatelje<br>MRTVA\u010cKA KOLA ~ vidjeti ih ili se voziti u njima &#8211; dobitak i sre\u0107a ~ i\u0107i za njima &#8211; gubitak<br>MRTVA\u010cNICA ~ vidjeti &#8211; promjene i gubitak ~ biti u mrtva\u010dnici &#8211; dobro zdravlje<br>MR\u017dNJA &#8211; mr\u017enja donosi neprijatelje i sva\u0111e<br>MUCATI &#8211; morate pitati da bi dobili<br>MU\u010cENJE &#8211; nemate razloga za nezadovoljstvo<br>MU\u010cITI ~ nekoga &#8211; problemi na poslu ~ ako vas mu\u010de &#8211; prijevara<br>MUHA &#8211; lo\u0161 glas, prolazni problemi ~ muha u jelu \u2013 neugodnosti ~ \u010duti zujanje &#8211; kratkotrajna zaljubljenost<br>MULJ &#8211; zdravstveni ili poslovni problemi<br>MUMIJA &#8211; pro\u0161lost ostavite u pro\u0161losti<br>MUNJA ~ vidjeti &#8211; poslovni napredak ~ veliki bljeskovi i munje &#8211; bolest<\/p>\n\n\n\n<p>MUNJA (MODERNO ZNA\u010cENJE) &#8211; Munje predstavljaju energiju i fantaziju. Obi\u010dno su pozitivan simbol, a munja mo\u017ee ozna\u010davati nove vijesti, sna\u017ene nepredvidive doga\u0111aje, naboj, ali i strah. Munje mogu simbolizirati i strahove s kojim \u0107emo se suo\u010diti.<\/p>\n\n\n\n<p>MU\u0160KARAC &#8211; donijeli ste ispravnu odluku ~ ako je gol &#8211; problemi i neugodnosti<\/p>\n\n\n\n<p>MU\u0160KARAC (MODERNO ZNA\u010cENJE) &#8211; Razli\u010diti tipovi ljudi pojavljuju se u na\u0161im snovima. Mu\u0161karac u snovima mo\u017ee biti \u010dlan obitelji, draga osoba, ili potpuni stranac. Mo\u017eete sanjati o svome ocu, djetetu, suprugu ili prijatelju, tako da san treba tuma\u010diti u odnosu na ostale detalje iz sna. Ako \u017eena sanja nepoznatog mu\u0161karca, oni naj\u010de\u0161\u0107e predstavljaju njenu fizi\u010dku energiju. Predstavlja njenu vitalnu energiju, pa \u0107ete san tuma\u010diti ovisno o izgledu i stanju nepoznatog mu\u0161karca.<\/p>\n\n\n\n<p>MUZA &#8211; predstoje vam neuobi\u010dajeni doga\u0111aji<br>MUZEJ &#8211; sre\u0107a<br>MUZIKA &#8211; vidi GLAZBA<br>MU\u017d ~ vidjeti svog mu\u017ea &#8211; uspjeh i zadovoljstvo ~ ako u snu imate mu\u017ea &#8211; bespotrebne rasprave<\/p>\n\n\n<form role=\"search\" method=\"get\" action=\"https:\/\/covermagazin.com\/\" class=\"wp-block-search__button-outside wp-block-search__text-button wp-block-search\"    ><label class=\"wp-block-search__label\" for=\"wp-block-search__input-1\" >Za detaljno tuma\u010denje nekog pojma upi\u0161ite pojam:<\/label><div class=\"wp-block-search__inside-wrapper\" ><input class=\"wp-block-search__input\" id=\"wp-block-search__input-1\" placeholder=\"Upi\u0161ite npr: sanjati oblak \" value=\"\" type=\"search\" name=\"s\" required \/><button aria-label=\"Pretraga\" class=\"wp-block-search__button wp-element-button\" type=\"submit\" >Pretraga<\/button><\/div><\/form>\n\n\n<p><strong><a href=\"https:\/\/covermagazin.com\/?page_id=28606\">SANJARICA<\/a><\/strong><\/p>\n\n\n\n<figure class=\"wp-block-table\"><table><tbody><tr><td>\n<h1><a href=\"?page_id=29158\">A<\/a><\/h1>\n<\/td><td>\n<h1><a href=\"?page_id=29160\">B<\/a><\/h1>\n<\/td><td>\n<h1><a href=\"?page_id=29162\">C<\/a><\/h1>\n<\/td><td>\n<h1><a href=\"?page_id=29164\">\u010c <\/a><\/h1>\n<\/td><\/tr><tr><td>\n<h1><a href=\"?page_id=29166\">\u0106<\/a><\/h1>\n<\/td><td>\n<h1><a href=\"?page_id=29168\">D<\/a><\/h1>\n<\/td><td>\n<h1><a href=\"?page_id=29170\">D\u017e<\/a><\/h1>\n<\/td><td>\n<h1><a href=\"?page_id=29172\">\u0110<\/a><\/h1>\n<\/td><\/tr><tr><td>\n<h1><a href=\"?page_id=29174\">E<\/a><\/h1>\n<\/td><td>\n<h1><a href=\"?page_id=29176\">F<\/a><\/h1>\n<\/td><td>\n<h1><a href=\"?page_id=29178\">G<\/a><\/h1>\n<\/td><td>\n<h1><a href=\"?page_id=29180\">H<\/a><\/h1>\n<\/td><\/tr><tr><td>\n<h1><a href=\"?page_id=29182\">I<\/a><\/h1>\n<\/td><td>\n<h1><a href=\"?page_id=29184\">J<\/a><\/h1>\n<\/td><td>\n<h1><a href=\"?page_id=29186\">K<\/a><\/h1>\n<\/td><td>\n<h1><a href=\"?page_id=29189\">L<\/a><\/h1>\n<\/td><\/tr><tr><td>\n<h1><a href=\"?page_id=29191\">Lj<\/a><\/h1>\n<\/td><td>\n<h1><a href=\"?page_id=29193\">M<\/a><\/h1>\n<\/td><td>\n<h1><a href=\"?page_id=29195\">N<\/a><\/h1>\n<\/td><td>\n<h1><a href=\"?page_id=29197\">Nj<\/a><\/h1>\n<\/td><\/tr><tr><td>\n<h1><a href=\"?page_id=29199\">O<\/a><\/h1>\n<\/td><td>\n<h1><a href=\"?page_id=29201\">P<\/a><\/h1>\n<\/td><td>\n<h1><a href=\"?page_id=29203\">R<\/a><\/h1>\n<\/td><td>\n<h1><a href=\"?page_id=29205\">S<\/a><\/h1>\n<\/td><\/tr><tr><td>\n<h1><a href=\"?page_id=29207\">\u0160<\/a><\/h1>\n<\/td><td>\n<h1><a href=\"?page_id=29209\">T<\/a><\/h1>\n<\/td><td>\n<h1><a href=\"?page_id=29211\">U<\/a><\/h1>\n<\/td><td>\n<h1><a href=\"?page_id=29213\">V<\/a><\/h1>\n<\/td><\/tr><tr><td>\n<h1><a href=\"?page_id=29215\">Z<\/a><\/h1>\n<\/td><td>\n<h1><a href=\"?page_id=29217\">\u017d<\/a><\/h1>\n<\/td><td>\n<h1>&nbsp;<\/h1>\n<\/td><td>\n<h1>&nbsp;<\/h1>\n<\/td><\/tr><\/tbody><\/table><\/figure>\n","protected":false},"excerpt":{"rendered":"<p>MA\u010c &#8211; odva\u017eni ste i hrabri, te\u0161ko \u0107e vam itko nauditiMA\u010cEVANJE- opasnostMA\u010cKA \u2013 prijevara ~ crna ma\u010dka \u2013 opasnost ~ bijela ma\u010dka \u2013 ljubav ~ s ma\u010di\u0107ima &#8211; poslovni uspjeh ~ ako vas je ogrebla \u2013 tro\u0161kovi ~ ubiti ma\u010dku &#8211; nezadovoljstvo i problemiMA\u0106EHA &#8211; problemiMA\u0106UHICE &#8211; nesigurnostiMADE\u017d &#8211; sti\u017eu lo\u0161e vijesti MA\u0110IONI\u010cAR &#8211; netko [&hellip;]<\/p>\n","protected":false},"author":1,"featured_media":0,"parent":28606,"menu_order":0,"comment_status":"closed","ping_status":"closed","template":"","meta":{"footnotes":"","_links_to":"","_links_to_target":""},"class_list":["post-29193","page","type-page","status-publish","hentry"],"_links":{"self":[{"href":"https:\/\/covermagazin.com\/index.php?rest_route=\/wp\/v2\/pages\/29193","targetHints":{"allow":["GET"]}}],"collection":[{"href":"https:\/\/covermagazin.com\/index.php?rest_route=\/wp\/v2\/pages"}],"about":[{"href":"https:\/\/covermagazin.com\/index.php?rest_route=\/wp\/v2\/types\/page"}],"author":[{"embeddable":true,"href":"https:\/\/covermagazin.com\/index.php?rest_route=\/wp\/v2\/users\/1"}],"replies":[{"embeddable":true,"href":"https:\/\/covermagazin.com\/index.php?rest_route=%2Fwp%2Fv2%2Fcomments&post=29193"}],"version-history":[{"count":11,"href":"https:\/\/covermagazin.com\/index.php?rest_route=\/wp\/v2\/pages\/29193\/revisions"}],"predecessor-version":[{"id":59445,"href":"https:\/\/covermagazin.com\/index.php?rest_route=\/wp\/v2\/pages\/29193\/revisions\/59445"}],"up":[{"embeddable":true,"href":"https:\/\/covermagazin.com\/index.php?rest_route=\/wp\/v2\/pages\/28606"}],"wp:attachment":[{"href":"https:\/\/covermagazin.com\/index.php?rest_route=%2Fwp%2Fv2%2Fmedia&parent=29193"}],"curies":[{"name":"wp","href":"https:\/\/api.w.org\/{rel}","templated":true}]}}