{"id":29152,"date":"2020-07-04T10:59:49","date_gmt":"2020-07-04T08:59:49","guid":{"rendered":"https:\/\/covermagazin.com\/?page_id=29152"},"modified":"2025-10-29T11:06:03","modified_gmt":"2025-10-29T09:06:03","slug":"kontakt","status":"publish","type":"page","link":"https:\/\/covermagazin.com\/?page_id=29152","title":{"rendered":"KONTAKT"},"content":{"rendered":"\n<h3 class=\"wp-block-heading\">Ako imate komentar, pitanje, prijedlog ili \u010dlanak<\/h3>\n\n\n\n<p><strong>Pi\u0161ite nam na:&nbsp;<\/strong><br>\ninfo@covermagazin.com<\/p>\n\n\n\n<p><strong>Novinarska redakcija:&nbsp;<\/strong><br>\ndesk@covermagazin.com<\/p>\n\n\n\n<blockquote class=\"wp-block-quote is-layout-flow wp-block-quote-is-layout-flow\">\n<p>Materijali koje po\u0161aljete (uklju\u010duju\u0107i objave za medije, tekstove, fotografije i druge sli\u010dne sadr\u017eaje) mogu, ali ne moraju biti objavljeni. Sve osobe koje nam po\u0161alju sadr\u017eaje, jam\u010de pod punom kaznenom i materijalnom odgovorno\u0161\u0107u da isti predstavlja isklju\u010divo njihovo vlasni\u0161tvo, da na isti pola\u017eu autorska prava, te da ih ustupaju COVERmagazin.com za objavu bez naknade.<\/p>\n<\/blockquote>\n\n\n\n<p><strong>Marketing:&nbsp;<\/strong><br>\nmarketing@covermagazin.com<\/p>\n\n\n\n<p>Ukoliko se \u017eelite ogla\u0161avati kontaktirajte nas na mail <\/p>\n\n\n\n<p>marketing@covermagazin.com.<\/p>\n\n\n\n<p>Telefon \/ Fax + 385 1 5619 893<br>\nnada@covermagazin.com<br>\ncovermagazin.hr<\/p>\n","protected":false},"excerpt":{"rendered":"<p>Ako imate komentar, pitanje, prijedlog ili \u010dlanak Pi\u0161ite nam na:&nbsp; info@covermagazin.com Novinarska redakcija:&nbsp; desk@covermagazin.com Materijali koje po\u0161aljete (uklju\u010duju\u0107i objave za medije, tekstove, fotografije i druge sli\u010dne sadr\u017eaje) mogu, ali ne moraju biti objavljeni. Sve osobe koje nam po\u0161alju sadr\u017eaje, jam\u010de pod punom kaznenom i materijalnom odgovorno\u0161\u0107u da isti predstavlja isklju\u010divo njihovo vlasni\u0161tvo, da na isti [&hellip;]<\/p>\n","protected":false},"author":1,"featured_media":0,"parent":29150,"menu_order":0,"comment_status":"closed","ping_status":"closed","template":"","meta":{"footnotes":"","_links_to":"","_links_to_target":""},"class_list":["post-29152","page","type-page","status-publish","hentry"],"_links":{"self":[{"href":"https:\/\/covermagazin.com\/index.php?rest_route=\/wp\/v2\/pages\/29152","targetHints":{"allow":["GET"]}}],"collection":[{"href":"https:\/\/covermagazin.com\/index.php?rest_route=\/wp\/v2\/pages"}],"about":[{"href":"https:\/\/covermagazin.com\/index.php?rest_route=\/wp\/v2\/types\/page"}],"author":[{"embeddable":true,"href":"https:\/\/covermagazin.com\/index.php?rest_route=\/wp\/v2\/users\/1"}],"replies":[{"embeddable":true,"href":"https:\/\/covermagazin.com\/index.php?rest_route=%2Fwp%2Fv2%2Fcomments&post=29152"}],"version-history":[{"count":7,"href":"https:\/\/covermagazin.com\/index.php?rest_route=\/wp\/v2\/pages\/29152\/revisions"}],"predecessor-version":[{"id":76784,"href":"https:\/\/covermagazin.com\/index.php?rest_route=\/wp\/v2\/pages\/29152\/revisions\/76784"}],"up":[{"embeddable":true,"href":"https:\/\/covermagazin.com\/index.php?rest_route=\/wp\/v2\/pages\/29150"}],"wp:attachment":[{"href":"https:\/\/covermagazin.com\/index.php?rest_route=%2Fwp%2Fv2%2Fmedia&parent=29152"}],"curies":[{"name":"wp","href":"https:\/\/api.w.org\/{rel}","templated":true}]}}