{"id":29150,"date":"2020-07-04T10:57:29","date_gmt":"2020-07-04T08:57:29","guid":{"rendered":"https:\/\/covermagazin.com\/?page_id=29150"},"modified":"2025-10-29T11:04:46","modified_gmt":"2025-10-29T09:04:46","slug":"portal-covermagazin-com","status":"publish","type":"page","link":"https:\/\/covermagazin.com\/?page_id=29150","title":{"rendered":"Portal COVERmagazin.com"},"content":{"rendered":"\n<h3 class=\"wp-block-heading\">Portal COVERmagazin.com<\/h3>\n\n\n\n<p><\/p>\n\n\n\n<h6 class=\"wp-block-heading\"><strong>COVER MAGAZIN d.o.o.<\/strong><\/h6>\n\n\n\n<p><span style=\"color: #808080; font-family: Arial; font-size: small;\">COVER MAGAZIN d.o.o. za promid\u017ebu i usluge<\/span><\/p>\n\n\n\n<p>Telefon \/ Fax + 385 1 5619 893<br>nada@covermagazin.com<br><strong>covermagazin.hr<\/strong><\/p>\n\n\n\n<p>OIB: 55397315683;<br>MBS: 080857855;Trgova\u010dki sud u Zagrebu,<\/p>\n\n\n\n<p>IBAN: HR4924020061100665421<br>Erste&amp;Steierm\u00e4rkische Bank d.d<br>Jadranski trg 3a, 51000 Rijeka<\/p>\n\n\n\n<p>Temeljni kapital: 20.000,00 kuna upla\u0107en u cijelosti.<\/p>\n\n\n\n<p><strong>MARKETING<\/strong><\/p>\n\n\n\n<p>marketing@covermagazin.com<\/p>\n","protected":false},"excerpt":{"rendered":"<p>Portal COVERmagazin.com COVER MAGAZIN d.o.o. COVER MAGAZIN d.o.o. za promid\u017ebu i usluge Telefon \/ Fax + 385 1 5619 893nada@covermagazin.comcovermagazin.hr OIB: 55397315683;MBS: 080857855;Trgova\u010dki sud u Zagrebu, IBAN: HR4924020061100665421Erste&amp;Steierm\u00e4rkische Bank d.dJadranski trg 3a, 51000 Rijeka Temeljni kapital: 20.000,00 kuna upla\u0107en u cijelosti. MARKETING marketing@covermagazin.com<\/p>\n","protected":false},"author":1,"featured_media":0,"parent":0,"menu_order":0,"comment_status":"closed","ping_status":"closed","template":"","meta":{"footnotes":"","_links_to":"","_links_to_target":""},"class_list":["post-29150","page","type-page","status-publish","hentry"],"_links":{"self":[{"href":"https:\/\/covermagazin.com\/index.php?rest_route=\/wp\/v2\/pages\/29150","targetHints":{"allow":["GET"]}}],"collection":[{"href":"https:\/\/covermagazin.com\/index.php?rest_route=\/wp\/v2\/pages"}],"about":[{"href":"https:\/\/covermagazin.com\/index.php?rest_route=\/wp\/v2\/types\/page"}],"author":[{"embeddable":true,"href":"https:\/\/covermagazin.com\/index.php?rest_route=\/wp\/v2\/users\/1"}],"replies":[{"embeddable":true,"href":"https:\/\/covermagazin.com\/index.php?rest_route=%2Fwp%2Fv2%2Fcomments&post=29150"}],"version-history":[{"count":8,"href":"https:\/\/covermagazin.com\/index.php?rest_route=\/wp\/v2\/pages\/29150\/revisions"}],"predecessor-version":[{"id":76782,"href":"https:\/\/covermagazin.com\/index.php?rest_route=\/wp\/v2\/pages\/29150\/revisions\/76782"}],"wp:attachment":[{"href":"https:\/\/covermagazin.com\/index.php?rest_route=%2Fwp%2Fv2%2Fmedia&parent=29150"}],"curies":[{"name":"wp","href":"https:\/\/api.w.org\/{rel}","templated":true}]}}