{"id":29096,"date":"2025-03-11T12:54:31","date_gmt":"2025-03-11T10:54:31","guid":{"rendered":"http:\/\/covermagazin.com\/?page_id=29096"},"modified":"2025-03-11T12:54:31","modified_gmt":"2025-03-11T10:54:31","slug":"plodni-dani-kalkulator","status":"publish","type":"page","link":"https:\/\/covermagazin.com\/?page_id=29096","title":{"rendered":"Plodni dani KALKULATOR + kako znati kad su plodni dani"},"content":{"rendered":"\n<figure class=\"wp-block-image\"><a href=\"https:\/\/covermagazin.com\/?attachment_id=39903\" rel=\"attachment wp-att-39903\"><img loading=\"lazy\" decoding=\"async\" width=\"600\" height=\"395\" src=\"https:\/\/covermagazin.com\/wp-content\/uploads\/2020\/06\/plodni_dani_f1.jpg\" alt=\"\" class=\"wp-image-39903\" srcset=\"https:\/\/covermagazin.com\/wp-content\/uploads\/2020\/06\/plodni_dani_f1.jpg 600w, https:\/\/covermagazin.com\/wp-content\/uploads\/2020\/06\/plodni_dani_f1-300x198.jpg 300w\" sizes=\"auto, (max-width: 600px) 100vw, 600px\" \/><\/a><\/figure>\n\n\n\n<h2 class=\"wp-block-heading\"><strong>Plodni dani kalkulator + kako prepoznati plodne dane:<\/strong><\/h2>\n\n\n\n<p><strong>Ispod \u0107ete prona\u0107i: <\/strong><\/p>\n\n\n\n<p><a href=\"#kalkulator_plodnih_dana\"><em><strong>-1- Kalkulator plodnih dana<\/strong><\/em><\/a><\/p>\n\n\n\n<p>Kalkulator plodnih dana po kalendarskoj metodi ra\u010dunanja&#8230;<\/p>\n\n\n\n<p><span style=\"text-decoration: underline;\"><a href=\"#sto_su_plodni_dani\"><em><strong>-2- \u0160to su plodni dani<\/strong><\/em><\/a><\/span><\/p>\n\n\n\n<p>Obja\u0161njenje \u0161to su plodni dani i zbog \u010dega trebamo znati kada su na\u0161i plodni dani.<\/p>\n\n\n\n<p><a href=\"#test_plodnih_dana\"><em><strong><span style=\"text-decoration: underline;\">-3- Kako prepoznati plodne dane po signalima koje nam tijelo \u0161alje<\/span><\/strong><\/em><\/a><\/p>\n\n\n\n<p>Kako identificirati koji su plodni dani po signalima koje nam tijelo \u0161alje.<\/p>\n\n\n\n<h3 class=\"wp-block-heading has-blue-background-color has-background\">Plodni dani kalkulator<\/h3>\n\n\n\n<p><iframe loading=\"lazy\" src=\"plodni_dani_skripta.html\" name=\"I1\" width=\"300\" height=\"800\" frameborder=\"0\" marginwidth=\"1\" marginheight=\"1\" scrolling=\"no\"><\/iframe><\/p>\n\n\n\n<p><strong><em>Unesite podatke u kalkulator plodnih dana&nbsp;iznad i on<\/em> \u0107e za vas izra\u010dunati plodne dane po kalendarskoj metodologiji.<\/strong> Izra\u010dun plodnih dana kalendarskom metodom izra\u010dunava se tako da se od najkra\u0107eg menstrualnog ciklusa oduzme 17 i od najduljeg menstrualnog ciklusa oduzme 13 dana. Plodno razdoblje obuhva\u0107a 4 dana prije ovulacije i 3 dana poslije ovulacije. Nakon toga ispod rije\u0161ite brzi test plodnih dana po simptomima ovulacije.<\/p>\n\n\n\n<p><strong>VA\u017dNO:<\/strong> Ovu metodologiju koristiti za planiranje trudno\u0107e, a ne kao metodu sigurne kontracepcije,&nbsp; jer je svaki ciklus zaseban i mo\u017ee se u potpunosti razlikovati od svih prethodnih. Da biste preciznije definirali plodne dane, potrebno je pratiti i druge simptome.<\/p>\n\n\n\n<h3 class=\"wp-block-heading has-blue-background-color has-background\"><a id=\"sto_su_plodni_dani\"><\/a>\u0160to su plodni dani<\/h3>\n\n\n\n<p><strong>Jeste li znali da je \u017eena u mogu\u0107nosti zanijeti samo \u0161est dana tijekom cijelog ciklusa?! <\/strong><\/p>\n\n\n\n<p><strong>Poznati kao plodni dani, ra\u010dunaju se na temelju ovulacije.<\/strong><\/p>\n\n\n\n<p>Plodni dani su samo, pet dana prije ovulacije i na dan ovulacije. Zbog toga predvi\u0111anje plodnih dana mo\u017ee biti jako varljivo, budu\u0107i da su ciklusi kod mnogih \u017eena neredoviti, te je te\u0161ko utvrditi to\u010dan dan ovulacije. Ipak, promatraju\u0107i svoje tijelo i promjene koje nastaju tijekom mjese\u010dnog ciklusa svaka \u017eena mo\u017ee dovoljno upoznati svoj ciklus i biti sposobna predvidjeti ovulaciju.<\/p>\n\n\n\n<h4 class=\"wp-block-heading\">Ovulacija i plodni dani<\/h4>\n\n\n\n<p>Ovulacija je najbitniji faktor kod odre\u0111ivanja plodnih dana, budu\u0107i da \u017eena mo\u017ee zanijeti samo na dan ovulacije, me\u0111utim plodni dani su i oni dani prije ovulacije, jer mu\u0161ka sperma mo\u017ee pre\u017eivjeti u \u017eeninom tijelu i do 6 dana. Ipak, \u0161to je spolni odnos bli\u017ee ovulaciji, to su ve\u0107e \u0161anse za za\u010de\u0107e, pa se najplodnijim danima smatraju tri dana prije ovulacije i dan ovulacije.<\/p>\n\n\n\n<h4 class=\"wp-block-heading\">Kako odrediti ovulaciju<\/h4>\n\n\n\n<p>Staro pravilo ka\u017ee da se ovulacija u redovitim 28-dnevnim ciklusima pojavljuje 14 dan ciklusa. <em>Ako imate du\u017ee cikluse na tih 14 dana dodajte broj dana koliko su ciklusi du\u017ei.<\/em> Primjerice ako vam ciklusi traju 30 dana ovulacija \u0107e obi\u010dno biti 16 dan (14+2), a ako vam ciklusi traju 35 dana, ovulacija bi trebala biti 21 dan ciklusa (14+7). Ako su vam cilusi kra\u0107i od 28 dana, tada oduzmite broj dana koliko su kra\u0107i. Tako \u0107e u ciklusu koji traje 26 dana, ovulacija biti 12 dan (14-2).<\/p>\n\n\n\n<p>Postoje jo\u0161 mnogobrojni drugi znakovi utvr\u0111ivanja ovulacije koji vam mogu preciznije odrediti plodne dane.<\/p>\n\n\n\n<h4 class=\"wp-block-heading\">Bazalna tjelesna temperatura i plodni dani<\/h4>\n\n\n\n<p>U urednom menstrualnom ciklusu bazalna temperatura \u0107e prije ovulacije biti ne\u0161to ni\u017ea, nego u drugom dijelu ciklusa nakon ovulacija, a dan prije same ovulacije ona \u0107e jo\u0161 malo pasti, a zatim, nakon \u0161to se desila ovulacija porasti.<\/p>\n\n\n\n<p>Vi\u0161e o mjerenju bazalne temperature pro\u010ditajte ovdje: <a href=\"https:\/\/covermagazin.com\/?page_id=26989\">Prvi rani&nbsp;signal trudno\u0107e<\/a><\/p>\n\n\n\n<h4 class=\"wp-block-heading\">Pra\u0107enje iscjetka i plodni dani<\/h4>\n\n\n\n<p>Za vrijeme plodnih dana iscjedak \u0107e sli\u010diti bjelanjku jajeta, bit \u0107e proziran ili bijel, vrlo ljepljiv i rastezljiv, te \u0107e se sluz me\u0111u dva prsta mo\u0107i rastegnuti i do 5 cm.<\/p>\n\n\n\n<h4 class=\"wp-block-heading\">Tjelesne promjene i plodni dani<\/h4>\n\n\n\n<p>Kod mnogih \u017eena se stanje ko\u017ee popravlja, pristi\u0107i nestaju i izgledaju najbolje u plodnim danima.<\/p>\n\n\n\n<h4 class=\"wp-block-heading\">LH trakice i plodni dani<\/h4>\n\n\n\n<p>U novije vrijeme koriste se i trakice za predvi\u0111anje ovulacije. Ove trakice ne funkcioniraju na principu pozitivno \/ negativno kao testovi trudno\u0107e, nego je potrebno pratiti boju testne trake. Ukoliko je boja malo svjetlija ili jednaka kao boja kontrolne trake ovulacija \u0107e se dogoditi u sljede\u0107ih 48 sati. Ukoliko je boja testne trake tamnija od boje kontrolne trake ovulacija \u0107e se dogoditi u sljede\u0107ih 12 sati.<\/p>\n\n\n\n<h3 class=\"wp-block-heading\"><strong>Plodni dani izra\u010dun<\/strong><\/h3>\n\n\n\n<p>Iznad ste pro\u010ditali kako \u0107ete odrediti svoju ovulaciju. Kada ste definirali kada bi trebala biti ovulacija, plodni dani \u0107e biti 6 dana prije ovulacije i 3 dana poslije ovulacije. Iako jaja\u0161ce obi\u010dno \u017eivi samo do 24 sata, tri dana se uzimaju radi mogu\u0107e pogre\u0161ke u odre\u0111ivanju ovulacije i osobnih variranja kod \u017eena. Tako ako imate ciklus od 28 dana, ovulacija je 14 dan, a plodni dani su 9, 10, 11, 12, 13, 14, 15 i 16 dan ciklusa. Ako imate ciklus od 30 dana plodni dani su 11, 12, 13, 14, 15, 16, 17, 18 dani ciklusa.<\/p>\n\n\n\n<h4 class=\"wp-block-heading\">Plodni dani i tempiranje odnosa<\/h4>\n\n\n\n<p>Ako \u017eelite ostati trudni tempiranje je krucijalno. Prema nekim statistikama 80 posto \u017eena zanese kroz tri dana prije ovulacije, dok tek 20 posto ako su imali spolni odnos na dan ovulacije ili \u010detiri \u2013 pet dana prije ovulacije, tako da se mo\u017ee re\u0107i da su najve\u0107e \u0161anse za za\u010de\u0107e, ili najplodniji dani tri dana prije ovulacije iako se samo za\u010de\u0107e doga\u0111a nakon ovulacije. Najve\u0107e \u0161anse \u0107ete imati ako sperma do\u010deka jaja\u0161ce u jajovodu. Nakon \u0161to se formira embrio oplodnjom jajne stanice, embrio \u0107e plutati po jajovodima i sluznici maternice \u010detiri do 6 dana prije nego \u0161to se ugnijezdi u zid maternice (proces poznat kao implantacija). Da biste provjerili trudno\u0107u potrebno je pri\u010dekati s testom bar tri dana nakon implantacije ili oko 10 dana nakon ovulacije.<\/p>\n\n\n\n<h4 class=\"wp-block-heading\">Ra\u010dunanje plodnih dana kao za\u0161tita od trudno\u0107e<\/h4>\n\n\n\n<p>Ukoliko je va\u0161 cilj izbje\u0107i trudno\u0107u, va\u017eno je napomenuti da ova metoda nije potpuno pouzdana, budu\u0107i da kao \u0161to je svaka \u017eena zasebna, tako je i svaki ciklus od 400 ciklusa koliko ih u prosjeku \u017eena ima tijekom \u017eivota zaseban. Raznorazni faktori mogu utjecati na promjene unutar pojedinog ciklusa, tako se mo\u017ee dogoditi da se ovulacija pomjeri, a ciklus neo\u010dekivano produ\u017ei ili skrati, bez obzira na to \u0161to su prethodno svi ciklusi bili uredni.<\/p>\n\n\n\n<h4 class=\"wp-block-heading\">Ra\u010dunanje plodnih dana ako \u017eelite trudno\u0107u<\/h4>\n\n\n\n<p>Mnogi stru\u010dnjaci ka\u017eu da jednake \u0161anse u godini dana za trudno\u0107u imaju parovi koji imaju spolne odnose svaki drugi dan tijekom cijelog ciklusa osim u vrijeme mjese\u010dnice, kao i parovi koji tempiraju spolne odnose u plodnim danima. Pa ako ste mladi i zdravi, mo\u017eda se ne trebate optere\u0107ivati kalkuliranjem plodnih dana, nego se opustiti i u\u017eivati u odnosima svaki drugi dan.<\/p>\n\n\n\n<h4 class=\"wp-block-heading\">Najsigurniji neplodni dani<\/h4>\n\n\n\n<p>U zdravom i urednom ciklusu najsigurniji neplodni dani su dani pred po\u010detak nove menstruacije, tj. dani na kraju menstrualnog ciklusa, 5-7 dana prije po\u010detka novog ciklusa, tj. pojave menstrualnog krvarenja. Me\u0111utim, budu\u0107i da je svaki ciklus individualan i u svakom ciklusu se mo\u017ee dogoditi neki &#8220;poreme\u0107aj&#8221; s ka\u0161njenjem ovulacije, te\u0161ko je to\u010dno znati ho\u0107e li se menstruacija pojaviti na odre\u0111eni dan, \u0161to zna\u010di da najsigurnijih neplodnih dana prakti\u010dki nema.<\/p>\n\n\n\n<h2 class=\"wp-block-heading\">Kako znati kad su plodni dani<\/h2>\n\n\n\n<h3 class=\"wp-block-heading has-blue-background-color has-background\">Kako prepoznati plodne dane  po znakovima (test)<\/h3>\n\n\n\n<h4 class=\"wp-block-heading\">-1- Jeste li osjetili bol u jajniku u posljednja 24 sata?<\/h4>\n\n\n\n<p>a) DA<br>b) NE<\/p>\n\n\n\n<p><strong>Ako je va\u0161 odgovor DA, to je signal plodnih dana.<\/strong> Blaga, ali probadaju\u0107a bol u jednom jajniku (desnoj ili lijevoj strani abdomena) kod mnogih \u017eena je signal ovulacije. Bol se pojavljuje iz vi\u0161e razloga, mo\u017ee biti uzrokovana opu\u0161tanjem jajne stanice ili probijanjem jajne stanice kroz jajovod, pa \u0107e kod nekih \u017eena se pojaviti netom prije ovulacije, a kod drugih netom nakon ovulacije. U svakom slu\u010daju bol u jednom ili drugom jajniku oko sredine ciklusa signalizira plodne dane.<\/p>\n\n\n\n<p><a href=\"https:\/\/covermagazin.com\/wp-content\/uploads\/2020\/06\/plodni_dani_f.jpg\"><img loading=\"lazy\" decoding=\"async\" class=\"alignnone wp-image-39908 size-full\" title=\"Plodni dani \u2013 kalkulator\" src=\"https:\/\/covermagazin.com\/wp-content\/uploads\/2020\/06\/plodni_dani_f.jpg\" alt=\"Plodni dani \u2013 kalkulator\" width=\"600\" height=\"401\" srcset=\"https:\/\/covermagazin.com\/wp-content\/uploads\/2020\/06\/plodni_dani_f.jpg 600w, https:\/\/covermagazin.com\/wp-content\/uploads\/2020\/06\/plodni_dani_f-300x201.jpg 300w, https:\/\/covermagazin.com\/wp-content\/uploads\/2020\/06\/plodni_dani_f-576x384.jpg 576w\" sizes=\"auto, (max-width: 600px) 100vw, 600px\" \/><\/a><\/p>\n\n\n\n<h4 class=\"wp-block-heading\">-2- Je li va\u0161a plodna sluz rastezljiva?<\/h4>\n\n\n\n<p>a) DA<br>b) NE<\/p>\n\n\n\n<p><strong>Ako je va\u0161 odgovor DA, u plodnim ste danima.<\/strong> Plodna sluz bi se trebala rastezati i razvla\u010diti poput \u017evaka\u0107e gume u plodnim danima, te mo\u0107i razvu\u0107i izme\u0111u ka\u017eiprsta i palca gotovo 5 cm.<\/p>\n\n\n\n<h4 class=\"wp-block-heading\">-3- Je li va\u0161a plodna sluz prozirna?<\/h4>\n\n\n\n<p>a) DA<br>b) NE<\/p>\n\n\n\n<p><strong>Ako je va\u0161 odgovor DA to sugerira da ste u plodnim danima.<\/strong> Boja plodne sluzi se mijenja tijekom ciklusa od bijele prema gotovo prozirnoj, a u plodnim danima je prozirna. U plodnim danima plodna sluz izgleda poput bjelanjka tek razbijenog jajeta.<\/p>\n\n\n\n<figure class=\"wp-block-image\"><a href=\"https:\/\/covermagazin.com\/wp-content\/uploads\/2020\/06\/plodni_dani_1.jpg\"><img loading=\"lazy\" decoding=\"async\" width=\"600\" height=\"401\" src=\"https:\/\/covermagazin.com\/wp-content\/uploads\/2020\/06\/plodni_dani_1.jpg\" alt=\"Plodni dani \u2013 kalkulator\" class=\"wp-image-39907\" title=\"Plodni dani \u2013 kalkulator\" srcset=\"https:\/\/covermagazin.com\/wp-content\/uploads\/2020\/06\/plodni_dani_1.jpg 600w, https:\/\/covermagazin.com\/wp-content\/uploads\/2020\/06\/plodni_dani_1-300x201.jpg 300w, https:\/\/covermagazin.com\/wp-content\/uploads\/2020\/06\/plodni_dani_1-576x384.jpg 576w\" sizes=\"auto, (max-width: 600px) 100vw, 600px\" \/><\/a><\/figure>\n\n\n\n<h4 class=\"wp-block-heading\">-4- Imate li poja\u010dano osjetljive grudi?<\/h4>\n\n\n\n<p>a) DA<br>b) NE<\/p>\n\n\n\n<p><strong>Va\u0161 odgovor DA sugerira da biste mogli biti u plodnim danima<\/strong>. Osjetljivost grudi je jo\u0161 jedan signal ovulacije, zahvaljuju\u0107i promjeni hormona koja se doga\u0111a netom prije ovulacije.<\/p>\n\n\n\n<h4 class=\"wp-block-heading\">-5- Osjetite li poja\u010dan libido?<\/h4>\n\n\n\n<p>a) DA<br>b) NE<\/p>\n\n\n\n<p><strong>Kod nekih \u017eena za vrijeme plodnih dana je poja\u010dan libido.<\/strong> Ako osjetite poja\u010dan libido uz ve\u0107u vla\u017enost, vjerojatno ste u plodnim danima.<\/p>\n\n\n\n<h4 class=\"wp-block-heading\">-6- Jesu li va\u0161a osjetila izo\u0161trena?<\/h4>\n\n\n\n<p>a) DA<br>b) NE<\/p>\n\n\n\n<p><strong>Ako je va\u0161 dogovor DA mogu\u0107e je da ste u plodnim danima<\/strong>, jer mnoge \u017eene u razdoblju oko ovulacije imaju izo\u0161trenije osjete, uklju\u010duju\u0107i miris, okus i vizualne podra\u017eaje. Imaju istan\u010daniji osje\u0107aj za lijepo i privla\u010dno.<\/p>\n\n\n\n<h5 class=\"wp-block-heading\"><span style=\"color: #00ccff;\"><em><strong>REZULTATI :<\/strong> <\/em><\/span><\/h5>\n\n\n\n<p>Sve \u017eene ne moraju imati sve simptome, ali \u0161to ste vi\u0161e pitanja odgovorili s DA, to je ve\u0107a vjerojatnost da ste u plodnom razdoblju menstrualnog ciklusa i ve\u0107e su va\u0161e \u0161anse da \u0107ete o ovom razdoblju ostati trudni.<\/p>\n\n\n\n<h3 class=\"wp-block-heading has-blue-background-color has-background\">Op\u0161irnije o temama vezanim uz utvr\u0111ivanje plodnih dana:<\/h3>\n\n\n\n<h4 class=\"wp-block-heading\"><a id=\"Plodni_dani_i_spol_djeteta\"><\/a>Plodni dani i spol djeteta<\/h4>\n\n\n\n<p>Pri za\u010de\u0107u spol djeteta se odre\u0111uje specifi\u010dnim kromosomskim karakteristikama, a&nbsp; ho\u0107e li dijete biti mu\u0161ko ili \u017eensko ovisi o mu\u0161koj spermi.<\/p>\n\n\n\n<p>\u017denska jajna stanica nosi XX obilje\u017eja, a mu\u0161ki spermij ili&nbsp; X ili Y karakteristike. Ako jaja\u0161ce oplodi spermij Y karakteristika, dijete \u0107e biti mu\u0161ko, a ako jajnu stanicu oplodi spermij X karakteristika tada \u0107e dijete biti \u017eensko.<\/p>\n\n\n\n<p>Neka istra\u017eivanja su pokazala kako su spermiji sa \u017eenskim X obilje\u017ejima dugovje\u010dniji i otporniji od spermija Y karakteristika. I dok \u017eenski spermiji pre\u017eivljavaju du\u017ee, mu\u0161ki, Y spermiji su bolji \u201epliva\u010di\u201c, preciznije re\u010deno br\u017ei su.<\/p>\n\n\n\n<p>\u017denski spermiji dakle idu sporije prema jajnoj stanici, ali \u017eive du\u017ee, dok mu\u0161ki spermiji plivaju br\u017ee, ali \u017eive kra\u0107e. Zbog toga ukoliko do sno\u0161aja do\u0111e prije ovulacije ve\u0107e su \u0161anse da \u0107e jajnu stanicu oploditi \u017eenski spermij, a ako do sno\u0161aja do\u0111e za vrijeme ovulacije ili netom poslije, ve\u0107e su \u0161anse da \u0107e jajnu stanicu oploditi&nbsp; mu\u0161ki spermij.<\/p>\n\n\n\n<p>Ispod su prikazani plodni dani u ciklusu i \u0161anse za za\u010de\u0107e djeteta po spolu. Broj 11 ozna\u010dava 11. dan menstrualnog ciklusa i po\u010detak plodnih dana, a broj 17 ozna\u010dava 17. dan menstrualnog ciklusa i zavr\u0161etak plodnog razdoblja \u017eene. Izra\u010dun je temeljen na pravilnom menstrualnom ciklusu koji traje 28 dana.&nbsp; Naravno od milijun spermija te\u0161ko je procijeniti koji \u0107e oploditi jaja\u0161ce, a postavlja se i eti\u010dko pitanje odabira spola djeteta, stoga ovu metodu koristite samo za predvi\u0111anje spola djeteta koje je ve\u0107 za\u010deto.<\/p>\n\n\n\n<figure class=\"wp-block-image\"><a href=\"https:\/\/covermagazin.com\/wp-content\/uploads\/2020\/06\/plodni_dani_2.jpg\"><img loading=\"lazy\" decoding=\"async\" width=\"300\" height=\"50\" src=\"https:\/\/covermagazin.com\/wp-content\/uploads\/2020\/06\/plodni_dani_2.jpg\" alt=\"Plodni dani \u2013 kalkulator\" class=\"wp-image-39906\" title=\"Plodni dani \u2013 kalkulator\"\/><\/a><\/figure>\n\n\n\n<h4 class=\"wp-block-heading\"><a id=\"Simptomi_ovulacije\"><\/a>Simptomi ovulacije i odre\u0111ivanje plodnih dana<\/h4>\n\n\n\n<p>Postoje mnogi simptomi pomo\u0107u kojih se mogu pratiti plodni dani i ovulacija , a najuobi\u010dajeniji su pra\u0107enje promjenjivosti sluzi i mjerenje tjelesne temperature, ipak najsigurniji su testovi kojima se mjeri razina LH. S tim da se mjerenjem tjelesne temperature ne mo\u017ee utvrditi kada \u0107e se ovulacija desiti, nego se promjena u temperaturi doga\u0111a ve\u0107 kada se ovulacija desila.<\/p>\n\n\n\n<p><em>Utvr\u0111ivanje plodnih dana:<\/em><\/p>\n\n\n\n<ol class=\"wp-block-list\">\n<li><strong>Mjerenjem tjelesne temperature<\/strong><\/li>\n<\/ol>\n\n\n\n<p>Trebate mjeriti tjelesnu temperaturu ujutro nakon bu\u0111enje i bilje\u017eiti promjene. Okvirno bi u urednom menstrualnom ciklusu trebala izgledati kao na slici ispod. Iksi\u0107i su neka okvirna mjera, ali oni \u0107e varirati od ciklusa do ciklusa. Temperatura je najni\u017ea pred ovulaciju, a zatim se nakon ovulacije pove\u0107ava, da bi ponovo pala dan pred menstruaciju (zeleno). Ukoliko je do\u0161lo do trudno\u0107e temperatura ne\u0107e pasti (\u017euto) nego \u0107e se nastaviti jo\u0161 malo pove\u0107avati.<\/p>\n\n\n\n<p><em>Kliknite na sliku da je pove\u0107ate<\/em><\/p>\n\n\n\n<figure class=\"wp-block-image\"><a href=\"https:\/\/covermagazin.com\/wp-content\/uploads\/2020\/06\/plodni_dani_4.jpg\"><img loading=\"lazy\" decoding=\"async\" width=\"600\" height=\"317\" src=\"https:\/\/covermagazin.com\/wp-content\/uploads\/2020\/06\/plodni_dani_4.jpg\" alt=\"Plodni dani \u2013 kalkulator\" class=\"wp-image-39909\" title=\"Plodni dani \u2013 kalkulator\" srcset=\"https:\/\/covermagazin.com\/wp-content\/uploads\/2020\/06\/plodni_dani_4.jpg 600w, https:\/\/covermagazin.com\/wp-content\/uploads\/2020\/06\/plodni_dani_4-300x159.jpg 300w\" sizes=\"auto, (max-width: 600px) 100vw, 600px\" \/><\/a><\/figure>\n\n\n\n<p>Za kalendar plodnih dana za cijelu godinu kliknite ovdje: <a href=\"https:\/\/www.covermagazin.com\/images\/tablica_za_mjerenje_bazalne_temperature.pdf\">Tablica bazalne temperature&nbsp;<\/a><\/p>\n\n\n\n<p><em>Utvr\u0111ivanje plodnih dana:<\/em><\/p>\n\n\n\n<p><strong>2. Promatranjem vaginalnog iscjetka<\/strong><\/p>\n\n\n\n<p>Prvi simptom plodnih dana je pove\u0107an vaginalni iscjedak. Pratite svoj vaginalni iscjedak te \u0107ete uo\u010diti da je za vrijeme ovulacije sklizak, transparentan i rastezljiv. Naprotiv, kada nema ovulacije on je ljepljiv i bijel.<\/p>\n\n\n\n<p><em>Utvr\u0111ivanje plodnih dana:<\/em><\/p>\n\n\n\n<p><strong>3. Pra\u0107enjem libida<\/strong><\/p>\n\n\n\n<p>Mnoge \u017eene tvrde da imaju ja\u010di libido u plodnim danima.<\/p>\n\n\n\n<p><em>Utvr\u0111ivanje plodnih dana:<\/em><\/p>\n\n\n\n<p><strong>4. Pra\u0107enjem izgleda<\/strong><\/p>\n\n\n\n<p>Kod mnogih \u017eena se stanje ko\u017ee popravlja, pristi\u0107i nestaju i izgledaju najbolje u plodnim danima.<\/p>\n\n\n\n<p><em>Utvr\u0111ivanje plodnih dana:<\/em><\/p>\n\n\n\n<p><strong>5. Bol u jednoj strani na donjem dijelu trbuha<\/strong><\/p>\n\n\n\n<p>Tre\u0107ina \u017eena osjeti slabiju ili ja\u010du bol u predjelu donjeg dijela trbuha u blizini jajnika na jednoj strani. Bol se doga\u0111a zbog putovanja jaja\u0161ca kroz jajovod.<\/p>\n\n\n\n<h3 class=\"wp-block-heading has-blue-background-color has-background\"><a id=\"Plodni_dani_i_sanse_za_zace\"><\/a>Plodni dani i \u0161anse za za\u010de\u0107e<\/h3>\n\n\n\n<p>Sperma treba u\u0107i u tijelo netom prije ovulacije ili netom nakon ovulacije, pa zbog toga nije iznena\u0111enje da mnoge \u017eene promatraju svoje tijelo kako bi uo\u010dile signale ovulacije.<\/p>\n\n\n\n<p>Istra\u017eivanja su pokazala da \u010dak 50 posto \u017eena misli da zna kada su joj plodni dani i kada ovulira, ipak koliko je te\u0161ko prepoznati ovulaciju pokazalo je isto istra\u017eivanje jer je pogodilo samo 15 posto \u017eena.<\/p>\n\n\n\n<p>Slika iznad predstavlja plodne dane, dane oko ovulacije, 0 ozna\u010dava dan ovulacije, -1 prvi dan prije ovulacije, -2 drugi dan pred ovulaciju itd., +1 dan nakon ovulacije. Grafikonom su prikazane \u0161anse za za\u010de\u010de ukoliko je sno\u0161aj bio u odre\u0111enom danu prije i poslije ovulacije.<\/p>\n\n\n\n<p>Jaja\u0161ce u tijelu \u017eivi u prosjeku 12 do maksimalnih 24 sata dok spermij \u017eivi znatno du\u017ee, pa su ve\u0107e \u0161anse da \u0107ete ostati trudni ukoliko ste imate sno\u0161aj prije ovulacije, nego poslije.<\/p>\n\n\n\n<h3 class=\"wp-block-heading has-blue-background-color has-background\"><a id=\"plodni_dani_15_zanimljivih_cinjenica\"><\/a>15 zanimljivih \u010dinjenica o plodnosti i plodnim danima<\/h3>\n\n\n\n<p>1.&nbsp;Jaja\u0161ce je \u017eivo i mogu\u0107a je oplodnja samo 12 do 24 sata nakon ovulacije.<\/p>\n\n\n\n<p>2.&nbsp;Prosje\u010dan menstrualni ciklus traje 28 do 32 dana, A ovulacija se doga\u0111a izme\u0111u 11. i 21. dana.<\/p>\n\n\n\n<p>3.&nbsp;Oplo\u0111eno jaja\u0161ce ostaje u jajovodima oko tri dana i tek tada ulazi u maternicu gdje se ugnje\u017e\u0111uje.<\/p>\n\n\n\n<p>4.&nbsp;Mr\u0161avost nije prednost u trudno\u0107i. Potrebno je imati minimalno 22 posto masno\u0107a za normalnu ovulaciju i za\u010de\u0107e.<\/p>\n\n\n\n<p>5.&nbsp;Iako visoke temperature \u0161tete spermi, znanstveno nema razlike u plodnosti nosi li mu\u0161karac sliperice ili bokserice.<\/p>\n\n\n\n<p>6.&nbsp;\u017dena je najplodnija u dvadesetim godinama, plodnost po\u010dinje opadati s 27, a drasti\u010dno opada nakon 37. godine.<\/p>\n\n\n\n<p>7.&nbsp;Jedan od deset parova u reproduktivnoj dobi suo\u010dit \u0107e se s nekim problemima u plodnosti.<\/p>\n\n\n\n<p>8.&nbsp;Kod parova koji se suo\u010davaju s problemima s plodnosti 1\/3 je mu\u0161ki faktor, 1\/3 je \u017eenski faktor, a kod 1\/3 nije mogu\u0107e definirati uzroke neplodnosti.<\/p>\n\n\n\n<p>9.&nbsp;Najve\u0107e \u0161anse za za\u010de\u0107e ima par koji ima spolne odnose 1 do 2 dana prije ovulacije.<\/p>\n\n\n\n<p>10.&nbsp;Zdrava \u017eenska osoba s 30 godina ima u svakom ciklusu \u0161anse da \u0107e zanijeti 20 posto, s 40 godina te \u0161anse spadaju na 5 posto.<\/p>\n","protected":false},"excerpt":{"rendered":"<p>Plodni dani kalkulator + kako prepoznati plodne dane: Ispod \u0107ete prona\u0107i: -1- Kalkulator plodnih dana Kalkulator plodnih dana po kalendarskoj metodi ra\u010dunanja&#8230; -2- \u0160to su plodni dani Obja\u0161njenje \u0161to su plodni dani i zbog \u010dega trebamo znati kada su na\u0161i plodni dani. -3- Kako prepoznati plodne dane po signalima koje nam tijelo \u0161alje Kako identificirati [&hellip;]<\/p>\n","protected":false},"author":1,"featured_media":39903,"parent":0,"menu_order":0,"comment_status":"closed","ping_status":"closed","template":"","meta":{"footnotes":"","_links_to":"","_links_to_target":""},"class_list":["post-29096","page","type-page","status-publish","has-post-thumbnail","hentry"],"_links":{"self":[{"href":"https:\/\/covermagazin.com\/index.php?rest_route=\/wp\/v2\/pages\/29096","targetHints":{"allow":["GET"]}}],"collection":[{"href":"https:\/\/covermagazin.com\/index.php?rest_route=\/wp\/v2\/pages"}],"about":[{"href":"https:\/\/covermagazin.com\/index.php?rest_route=\/wp\/v2\/types\/page"}],"author":[{"embeddable":true,"href":"https:\/\/covermagazin.com\/index.php?rest_route=\/wp\/v2\/users\/1"}],"replies":[{"embeddable":true,"href":"https:\/\/covermagazin.com\/index.php?rest_route=%2Fwp%2Fv2%2Fcomments&post=29096"}],"version-history":[{"count":105,"href":"https:\/\/covermagazin.com\/index.php?rest_route=\/wp\/v2\/pages\/29096\/revisions"}],"predecessor-version":[{"id":66074,"href":"https:\/\/covermagazin.com\/index.php?rest_route=\/wp\/v2\/pages\/29096\/revisions\/66074"}],"wp:featuredmedia":[{"embeddable":true,"href":"https:\/\/covermagazin.com\/index.php?rest_route=\/wp\/v2\/media\/39903"}],"wp:attachment":[{"href":"https:\/\/covermagazin.com\/index.php?rest_route=%2Fwp%2Fv2%2Fmedia&parent=29096"}],"curies":[{"name":"wp","href":"https:\/\/api.w.org\/{rel}","templated":true}]}}