{"id":27174,"date":"2022-06-29T13:23:16","date_gmt":"2022-06-29T11:23:16","guid":{"rendered":"http:\/\/covermagazin.com\/?page_id=27174"},"modified":"2022-06-29T13:25:05","modified_gmt":"2022-06-29T11:25:05","slug":"rak-kako-zavesti-horoskopski-znak-rak","status":"publish","type":"page","link":"https:\/\/covermagazin.com\/?page_id=27174","title":{"rendered":"Rak &#8211; kako zavesti raka"},"content":{"rendered":"\n<p><a href=\"https:\/\/covermagazin.com\/wp-content\/uploads\/2020\/06\/rak-kako-zavesti-1.jpg\"><img loading=\"lazy\" decoding=\"async\" class=\"alignnone size-full wp-image-39348\" src=\"https:\/\/covermagazin.com\/wp-content\/uploads\/2020\/06\/rak-kako-zavesti-1.jpg\" alt=\"\" width=\"600\" height=\"400\" srcset=\"https:\/\/covermagazin.com\/wp-content\/uploads\/2020\/06\/rak-kako-zavesti-1.jpg 600w, https:\/\/covermagazin.com\/wp-content\/uploads\/2020\/06\/rak-kako-zavesti-1-300x200.jpg 300w, https:\/\/covermagazin.com\/wp-content\/uploads\/2020\/06\/rak-kako-zavesti-1-576x384.jpg 576w\" sizes=\"auto, (max-width: 600px) 100vw, 600px\" \/><\/a><\/p>\n\n\n\n<h2 class=\"wp-block-heading\">Rak &#8211; kako zavesti raka<\/h2>\n\n\n\n<p>Rak ispod svoje tvrde lju\u0161ture skriva hipersenzitivnu osobnost. Ovaj iznimno osje\u0107ajan znak reagirat \u0107e i na najmanju sitnicu, stoga neka vas ne iznena\u0111uju \u010deste promjene raspolo\u017eenja bez vidljivog razloga. Tu njegovu osobinu mogli biste protuma\u010diti kao mu\u0161i\u010davost ili hirovitost. Dobri su prijatelji, dare\u017eljivi su i odani. S njim uvijek znate na \u010demu ste jer oni ne skrivaju svoje emocije. Partneru su uvijek vjerni i sposobni su odr\u017eati dugotrajne veze.<\/p>\n\n\n\n<p>Od vas \u0107e rak o\u010dekivati veliku privr\u017eenost, pa\u017enju, potpuno razumijevanje, te usredoto\u010denost na ku\u0107nu atmosferu i obitelj. Nikada mu nemojte lagati. Iritiraju ga i napadne cure. Ipak od vas o\u010dekuje ulogu osvaja\u010da. Za osvajanje rakova naj\u010de\u0161\u0107e je dovoljan samo blagi zavodljiv osmjeh. Morate biti potpuno usredoto\u010deni na njega, mo\u017ee ga ohladiti samo jedan koketni pogled ili primjedba upu\u0107ena drugom. Budite uvijek uz njega, dajte mu do znanja da se sla\u017eete s njim u njegovim razmi\u0161ljanjima, poka\u017eite razumijevanje. Razgovarajte o obitelji, va\u0161im \u017eeljama. Poka\u017eite po\u0161tovanje prema njegovoj majci jer on je naprosto obo\u017eava&#8230;<\/p>\n\n\n\n<h3 class=\"wp-block-heading\">Kako zavesti mu\u0161karca raka<\/h3>\n\n\n\n<p>Svaku vezu rak do\u017eivljava ozbiljno, za njega nema prolaznih avantura. Vama mo\u017ee izgledati posesivnim i previ\u0161e emotivnim. Pa\u017eljivo prekidajte s njim&#8230;<\/p>\n\n\n\n<p>Rakovi se dobro sla\u017eu s ribama, \u0161korpionima<br>Lo\u0161i partneri za rakove su vage, vodenjaci i ovnovi<\/p>\n\n\n\n<h3 class=\"wp-block-heading\">Rak \u2013 Ovan: \ud83d\ude41 \ud83d\ude41<\/h3>\n\n\n\n<p>Ako neki rak ima mazohisti\u010dke sklonosti neka si na\u0111e ovna. Iako se rak \u0161titi svojim oklopom hladnokrvnosti, kada dopusti partneru ovnu da u\u0111e ispod tog oklopa istog trena \u0107e biti povrije\u0111en. A ako ga ovan i poku\u0161a razumjeti ovaj \u0107e ga svojim za\u0161titni\u010dkim pona\u0161anjem udaljiti od sebe. Tako\u0111er ovna \u0107e nervirati i prevelika zaokupljenost raka svojim snovima i hobijima jer ovan to ne mo\u017ee razumjeti i u tim stvarima vidi samo konkurenciju. Ako i ostanu malo du\u017ee u vezi kada rak po\u0111e ma\u0161tati o zajedni\u010dkom \u017eivotu i obitelji, ovan \u0107e se pitati gdje je zaljubljenost nestala i tra\u017eit \u0107e na\u010din za bijeg i nova iskustva.<\/p>\n\n\n\n<h3 class=\"wp-block-heading\">Rak \u2013 Bik: \ud83d\ude42 \ud83d\ude42<\/h3>\n\n\n\n<p>Rakovi su vrlo osjetljive osobe, te se bikovi moraju dosta truditi da ih ne povrijede. Zajedni\u010dka im je \u017eelja za sigurno\u0161\u0107u i toplinom doma i tu se pronalaze, i to \u010de\u0161\u0107e u kasnijim godinama, kada im obitelj i dom postaju prioriteti. No, moraju se dosta truditi kako im veza ne bi upala u kolote\u010dinu i izgubila svoju dra\u017e.<\/p>\n\n\n\n<h3 class=\"wp-block-heading\">Rak \u2013 Blizanci: \ud83d\ude41<\/h3>\n\n\n\n<p>Topao, nje\u017ean i posve\u0107en domu rak nikako nije za blizance. Njihova povr\u0161nost i ravnodu\u0161nost raka mo\u017ee samo povrijediti. Iako pri prvom kontaktu mogu na\u0107i dosta toga zajedni\u010dkog, rakovima ne savjetujemo upu\u0161tanje u vezu s blizancima, osim ako nisu spremni povremeno gledati svoga blizanca kako se mirno odlazi udvarati osobi za susjednim stolom.<\/p>\n\n\n\n<h3 class=\"wp-block-heading\">Rak \u2013 Rak: \ud83d\ude41<\/h3>\n\n\n\n<p>Iako su sli\u010dnih karakteristika, imaju isti pogled na \u017eivot, odnos prema obitelji, njihova prevelika emotivnost biti \u0107e stalni izvor problema u vezi. Oba partnera lako \u0107e reagirati na svaku sitnicu, lako ih se mo\u017ee povrijediti, te \u0107e vi\u0161e vremena provoditi povrije\u0111eni nego zadovoljni.<\/p>\n\n\n\n<h3 class=\"wp-block-heading\">Rak \u2013 Lav: \ud83d\ude42 \ud83d\ude41<\/h3>\n\n\n\n<p>Lavovi moraju uvijek biti u centru pa\u017enje \u0161to \u0107e, ukoliko lav u tome ne prevr\u0161i mjeru, privu\u0107i raka. Veza mo\u017ee uspjeti ako rak shvati da lava jednostavno mora stalno hvaliti, a lav \u0107e u toj vezi nau\u010diti pokazivati emocije i pru\u017eiti potporu raku. Problemati\u010dnost u vezi je sitni\u010davost oba znaka. Problemi nastaju ako im se mu\u0161i\u010davi dani poklope, kada je prekid neizbje\u017ean.<\/p>\n\n\n\n<h3 class=\"wp-block-heading\">Rak \u2013 Djevica: \ud83d\ude42 \ud83d\ude42<\/h3>\n\n\n\n<p>Zajedni\u010dke karakteristike koje ve\u017eu ova dva znaka su odanost, sklonost obiteljskom \u017eivotu, a oba znaka tako\u0111er, znaju s novcima. Jedino ih mo\u017ee po\u010deti razdvajati prevelika rakova osjetljivost. Djevica ne razumije za\u0161to raku mora svaki dan iznova govoriti koliko ga voli i dokazivati svoju ljubav. Rak nikako ne\u0107e razumjeti djevicu koja se odlu\u010di posvetiti karijeri. Rak bi se trebao malo manje orijentirati na svoje roditelje, bra\u0107u i sestre a vi\u0161e se posvetiti izgradnji obitelji s djevicom. Problem u vezi je dono\u0161enje odluka, ni jedan ni drugi znak nisu skloni dono\u0161enju odluka i mogu ih odga\u0111ati sve dok ne postanu kobne. Unato\u010d svim problemima uz malo truda i kompromisa mogu ostvariti skladnu vezu.<\/p>\n\n\n\n<h3 class=\"wp-block-heading\">Rak \u2013 Vaga: \ud83d\ude41<\/h3>\n\n\n\n<p>Malo je parova ove kombinacije koji mogu ostvariti dugotrajan zajedni\u010dki \u017eivot. Rakovima partneri uvijek postaju centar svijeta \u0161to ponekad zna smetati vagama, kojima trebaju i izvan obiteljski stimulansi. Vage su previ\u0161e dru\u0161tveni znakovi da bi mogle zadovoljiti rakove koji od partnera o\u010dekuju potpunu predanost.<\/p>\n\n\n\n<h3 class=\"wp-block-heading\">Rak \u2013 \u0160korpion: \ud83d\ude42 \ud83d\ude42 \ud83d\ude42<\/h3>\n\n\n\n<p>Savr\u0161ena kombinacija. Dva znaka razli\u010dite prirode ali koji se potpuno nadopunjuju. Predanost raka partneru umirit \u0107e \u0161korpionovu sumnji\u010davost i ljubomoru. Rakovo izbjegavanje dono\u0161enja odluka odgovarat \u0107e tvrdoglavim \u0161korpionima koji i tako vole da sve bude po njihovom. Oba partnera su emotivci, \u0161to dovodi do savr\u0161enog sklada i zadovoljava oba partnera u potpunosti.<\/p>\n\n\n\n<h3 class=\"wp-block-heading\">Rak \u2013 Strijelac: \ud83d\ude41<\/h3>\n\n\n\n<p>Sjajne dru\u0161tvene sklonosti strijelaca mogu se \u010diniti na po\u010detku veze zabavnima rakovima i to ih mo\u017ee privu\u0107i. Me\u0111utim, rakovi jednostavno ne mogu pratiti strijelca te \u0107e nakon odre\u0111enog vremena po\u010deti ostajati kod ku\u0107e nesretni, dok strijelci ne\u0107e ni primijetiti da ih njihovi rakovi ne prate. To dovodi do sve dubljih frustracija kod rakova \u0161to \u0107e strijelcu pokazivati stalnim prigovaranjem. Strijelcima \u0107e smetati njihova mu\u0161i\u010davost, jer vole biti dobro raspolo\u017eeni te \u0107e nakon nekog vremena pokupiti svoje stvari i re\u0107i dovi\u0111enja. Njihova veza bi i mogla uspjeti ako strijelac poka\u017ee svoju tolerantnost i poku\u0161a razumjeti nesretnog raka.<\/p>\n\n\n\n<h3 class=\"wp-block-heading\">Rak \u2013 Jarac: \ud83d\ude42 \ud83d\ude41<\/h3>\n\n\n\n<p>Pouzdan i odgovoran jarac odgovara rakovima. Oba partnera su okrenuta tradicionalnim vrijednostima i obiteljskom \u017eivotu. Problem \u0107e stvarati jar\u010deva zaokupljenost karijerom \u0161to rak mo\u017ee shvatiti kao izravnu konkurenciju. Da bi veza uspjela jarac bi morao razumjeti rakovu nezainteresiranost za izgradnju vlastite karijere i okrenutost emotivnom, a rak bi morao pokazati malo vi\u0161e tolerancije, te poku\u0161ati ne\u0161to napraviti i sa svojom karijerom.<\/p>\n\n\n\n<h3 class=\"wp-block-heading\">Rak \u2013 Vodenjak: \ud83d\ude41 \ud83d\ude41<\/h3>\n\n\n\n<p>Vodenjaku bi toliki izljevi ljubavi umjesto da im laskaju mogli biti smije\u0161ni. Ne razumije za\u0161to netko ima potrebu toliko puta ponavljati \u00abvolim te\u00bb. Po\u010det \u0107e po tom pitanju i ismijavati raka ne razumijevaju\u0107i koliko je ovome to bitno. Rak \u0107e nakon toga ponovo staviti svoj hladni oklop i udaljiti se od vodenjaka. Osim toga, neovisnom i dru\u0161tvenom vodenjaku smeta rakova zatvorenost u ku\u0107u, te \u0107e vi\u0161e vremena provodit s dru\u0161tvom \u0161to \u0107e rak shvatiti kao nezainteresiranost partnera za njega. Iz ove kombinacije rak \u0107e uvijek izi\u0107i povrije\u0111en.<\/p>\n\n\n\n<h3 class=\"wp-block-heading\">Rak \u2013 Riba: \ud83d\ude42 \ud83d\ude42 \ud83d\ude42<\/h3>\n\n\n\n<p>Jako dobra kombinacija. Mogu zajedno plivati u moru svojih osje\u0107aja i ma\u0161te, slobodno izra\u017eavaju\u0107i svoje potrebe i \u017eelje. Za oba znaka emotivna sigurnost je jako bitna \u0161to ih jo\u0161 vi\u0161e pribli\u017eava. Budu\u0107i da su rakovi stvarno iskrene osobe i potpuno predane partneru ne\u0107e iskori\u0161tavati ribinu lakovjernost i naivnost. Riba \u010desto upada u nekakva depresivna raspolo\u017eenja pa problem mo\u017ee nastati ako u tom razdoblju do\u0111e do izra\u017eaja rakova preosjetljivost. Ali razdoblja neslaganja su u pravilu kratkotrajna i nakon njih partneri mogu ponovo u\u017eivati zadovoljni.<\/p>\n","protected":false},"excerpt":{"rendered":"<p>Rak &#8211; kako zavesti raka Rak ispod svoje tvrde lju\u0161ture skriva hipersenzitivnu osobnost. Ovaj iznimno osje\u0107ajan znak reagirat \u0107e i na najmanju sitnicu, stoga neka vas ne iznena\u0111uju \u010deste promjene raspolo\u017eenja bez vidljivog razloga. Tu njegovu osobinu mogli biste protuma\u010diti kao mu\u0161i\u010davost ili hirovitost. Dobri su prijatelji, dare\u017eljivi su i odani. S njim uvijek znate [&hellip;]<\/p>\n","protected":false},"author":1,"featured_media":39348,"parent":28633,"menu_order":0,"comment_status":"closed","ping_status":"closed","template":"","meta":{"footnotes":"","_links_to":"","_links_to_target":""},"class_list":["post-27174","page","type-page","status-publish","has-post-thumbnail","hentry"],"_links":{"self":[{"href":"https:\/\/covermagazin.com\/index.php?rest_route=\/wp\/v2\/pages\/27174","targetHints":{"allow":["GET"]}}],"collection":[{"href":"https:\/\/covermagazin.com\/index.php?rest_route=\/wp\/v2\/pages"}],"about":[{"href":"https:\/\/covermagazin.com\/index.php?rest_route=\/wp\/v2\/types\/page"}],"author":[{"embeddable":true,"href":"https:\/\/covermagazin.com\/index.php?rest_route=\/wp\/v2\/users\/1"}],"replies":[{"embeddable":true,"href":"https:\/\/covermagazin.com\/index.php?rest_route=%2Fwp%2Fv2%2Fcomments&post=27174"}],"version-history":[{"count":4,"href":"https:\/\/covermagazin.com\/index.php?rest_route=\/wp\/v2\/pages\/27174\/revisions"}],"predecessor-version":[{"id":63871,"href":"https:\/\/covermagazin.com\/index.php?rest_route=\/wp\/v2\/pages\/27174\/revisions\/63871"}],"up":[{"embeddable":true,"href":"https:\/\/covermagazin.com\/index.php?rest_route=\/wp\/v2\/pages\/28633"}],"wp:featuredmedia":[{"embeddable":true,"href":"https:\/\/covermagazin.com\/index.php?rest_route=\/wp\/v2\/media\/39348"}],"wp:attachment":[{"href":"https:\/\/covermagazin.com\/index.php?rest_route=%2Fwp%2Fv2%2Fmedia&parent=27174"}],"curies":[{"name":"wp","href":"https:\/\/api.w.org\/{rel}","templated":true}]}}