{"id":27156,"date":"2020-06-16T08:03:41","date_gmt":"2020-06-16T06:03:41","guid":{"rendered":"http:\/\/covermagazin.com\/?page_id=27156"},"modified":"2020-11-09T15:29:30","modified_gmt":"2020-11-09T13:29:30","slug":"ribe-kako-zavesti-horoskopski-znak-ribe","status":"publish","type":"page","link":"https:\/\/covermagazin.com\/?page_id=27156","title":{"rendered":"Ribe &#8211; Kako zavesti ribu"},"content":{"rendered":"<h3><a href=\"https:\/\/covermagazin.com\/wp-content\/uploads\/2020\/06\/ribe-kako-zavesti.jpg\"><img loading=\"lazy\" decoding=\"async\" class=\"alignnone size-full wp-image-39351\" src=\"https:\/\/covermagazin.com\/wp-content\/uploads\/2020\/06\/ribe-kako-zavesti.jpg\" alt=\"\" width=\"600\" height=\"400\" srcset=\"https:\/\/covermagazin.com\/wp-content\/uploads\/2020\/06\/ribe-kako-zavesti.jpg 600w, https:\/\/covermagazin.com\/wp-content\/uploads\/2020\/06\/ribe-kako-zavesti-300x200.jpg 300w, https:\/\/covermagazin.com\/wp-content\/uploads\/2020\/06\/ribe-kako-zavesti-576x384.jpg 576w\" sizes=\"auto, (max-width: 600px) 100vw, 600px\" \/><\/a><\/h3>\n<h3>Ribe &#8211; Kako zavesti ribu<\/h3>\n<p>Ribe su hipersenzitivne osobe, lako ih je povrijediti. Me\u0111utim, one svoje osje\u0107aje dr\u017ee u sebi i te\u0161ko se otvaraju. Kod riba se naj\u010de\u0161\u0107e izmjenjuju stanja depresije i \u0161utljive depresije. Nije ih lako zadovoljiti. Unato\u010d tome ribe uvijek sebe do\u017eivljavaju kao \u017ertve. One previ\u0161e vole i \u010desto previ\u0161e daju.<\/p>\n<p>Nisu racionalne, svoje prosudbe temelje na svojim osje\u0107ajima. A kako imaju bogatu ma\u0161tu \u010desto njihovo vi\u0111enje stvari nije realno. Ribe ponekad ne razlikuju svoje misli od onoga \u0161to se doista dogodilo.<\/p>\n<p>Ribe komuniciraju \u0161utnjom i prakti\u010dni ih znakovi nikako ne mogu razumjeti. Oni ne shva\u0107aju razliku izme\u0111u \u0161utnje razo\u010darenja, \u0161utnje ljutnje, \u0161utnje nema ni\u0161ta veze s tobom.<\/p>\n<p>Podlo\u017ene su utjecajima i nemaju \u010dvrst stav.<\/p>\n<p>One su tajanstvene, \u0161utljive i dobri slu\u0161a\u010di.<\/p>\n<p>Ribe su jako romanti\u010dne i zaljubljive. Budite s njima pa\u017eljivi, laskajte im, pri\u010dajte im slikovito, kako bi potaknuli njihovu ma\u0161tu i vrlo brzo \u0107ete ih osvojiti.<\/p>\n<p>Nemojte o\u010dekivati prve korake jer ga riba nikada ne\u0107e u\u010diniti. Nemojte biti previ\u0161e agresivni jer \u0107ete ih prepla\u0161iti.<\/p>\n<p>Ribama fizi\u010dki izgled nije bitan, nego dobrodu\u0161nost partnera.<\/p>\n<h3><strong>Ribe se dobro sla\u017eu s rakom i \u0161korpionom.<\/strong><br \/>\n<strong>Lo\u0161 izbor su blizanci, vaga i strijelac.<\/strong><\/h3>\n<p>Ribe \u2013 Ovan: \ud83d\ude42 \ud83d\ude41<\/p>\n<p>Ovnovi vole dominirati \u0161to tolerantnim i prilagodljivim ribama u potpunosti odgovara. Ribama treba netko da se brine o njima, ovan to \u010dini, samo je problem \u0161to je ovan sam sebi uvijek na prvom mjestu, te nema sluha i razumijevanja za njene \u017eelje. Veza je dobra ako im se \u017eelje i planovi podudaraju, ali ribe bi morale, \u017eele li zadr\u017eati ovna, postupno se otkrivati kako im bile stalan izazov.<\/p>\n<h3>Ribe \u2013 Bik: \ud83d\ude42 \ud83d\ude41<\/h3>\n<p>Iako se ova veza na po\u010detku \u010dini obe\u0107avaju\u0107om s vremenom po\u010dinje slabiti a partneri se udaljavati jedan od drugoga. Ribina sentimentalnost po\u010dinje slabiti onog trena kada se osjeti sigurnom a na povr\u0161inu izlazi njena \u017eelja za individualno\u0161\u0107u. Ribe ignoriraju probleme, zato bikovi moraju svu te\u017einu preuzeti sami na sebe \u017eele li odr\u017eati vezu.<\/p>\n<h3>Ribe \u2013 Blizanci: \ud83d\ude41 \ud83d\ude41<\/h3>\n<p>Ribama se bolje ne upu\u0161tati u odnose s blizancima. Kako god okrenu izvu\u0107i \u0107e deblji kraj. Ribe su previ\u0161e posesivne osobe \u0161to smeta blizancima, a ribe ne mogu razumjeti blizan\u010devu potrebu za stalnim udvaranjem i dodvoravanjem drugim ljudima. I jednom i drugom znaku treba netko pouzdaniji i stabilniji.<\/p>\n<h3>Ribe \u2013 Rak: \ud83d\ude42 \ud83d\ude42 \ud83d\ude42<\/h3>\n<p>Jako dobra kombinacija. Mogu zajedno plivati u moru svojih osje\u0107aja i ma\u0161te, slobodno izra\u017eavaju\u0107i svoje potrebe i \u017eelje. Za oba znaka emotivna sigurnost je jako bitna \u0161to ih jo\u0161 vi\u0161e pribli\u017eava. Budu\u0107i da su rakovi stvarno iskrene osobe i potpuno predane partneru ne\u0107e iskori\u0161tavati ribinu lakovjernost i naivnost. Riba \u010desto upada u nekakva depresivna raspolo\u017eenja pa problem mo\u017ee nastati ako u tom razdoblju do\u0111e do izra\u017eaja rakova preosjetljivost. Ali razdoblja neslaganja su u pravilu kratkotrajna i nakon njih partneri mogu ponovo u\u017eivati zadovoljni.<\/p>\n<h3>Ribe \u2013 Lav: \ud83d\ude41<\/h3>\n<p>Riba je znak pun razumijevanja i dobar slu\u0161a\u010d \u0161to odgovara lavu. Ribu \u0107e lav privu\u0107i jer ona voli pomalo agresivne partnere i voli prepustiti inicijativu drugome. Lav ne\u0107e imati previ\u0161e razumijevanja za \u0161utljive i depresivne faze ribe, koje mogu biti izvor stalnih problema i na kraju natjerati lava da ode iz veze.<\/p>\n<h3>Ribe \u2013 Djevica: \ud83d\ude41<\/h3>\n<p>Osje\u0107ajna riba je znak koji mo\u017ee i ina\u010de u hladnim djevicama probuditi skrivene emocije. Djevica \u0107e biti ta koja donosi odluke kad su u pitanju financije. Ali ve\u0107 kod toga se mo\u017ee pojaviti problem budu\u0107i da su one \u0161tedljivije od riba i ne mogu shvatiti po njihovom sudu preveliku rastro\u0161nost riba. Kada se pojave problemi djevica \u0107e poku\u0161ati otvoreno razgovarati i kritizirati, dok \u0107e se ribe povu\u0107i u sebe i tek u ekstremnim situacijama reagirati. To je veza koja \u0107e zadati mnogo briga. Djevice sve planiraju unaprijed dok ribe rade sve ovisno o raspolo\u017eenju u kojem se trenutno nalaze a ono mo\u017ee zna\u010dajno varirati.<\/p>\n<h3>Ribe \u2013 Vaga: \ud83d\ude41<\/h3>\n<p>Ako se dogodi po\u010detna privla\u010dnost izme\u0111u ova dva znaka, prelazak u nekakvu ozbiljniju vezu mo\u017ee biti vrlo te\u017eak i dugotrajan proces, budu\u0107i da vagama treba dosta vremena kako bi odlu\u010dile \u0161to \u017eele. Ni ribe nisu odlu\u010dne i aktivne. Pridodajte tome promjenjivo raspolo\u017eenje riba i ne\u0107ete dobiti vezu. Ako se kojim slu\u010dajem ona i dogodi mogla bi biti potpuno nezanimljiva sve dok riba ne odlu\u010di iznijeti svoje mi\u0161ljenje, u pravilu neuroti\u010dno, nakon \u010dega \u0107e je vaga ostaviti.<\/p>\n<h3>Ribe \u2013 \u0160korpion: \ud83d\ude42 \ud83d\ude42 \ud83d\ude42<\/h3>\n<p>Perfect match, kad se jednom na\u0111u nitko i ni\u0161ta ih ne\u0107e razdvojiti. Od samog po\u010detka mogu planirati brak. Iako su \u0161korpioni prezahtjevni partneri, sklad \u0107e prona\u0107i u dru\u0161tvu ribe. Razvijena intuicija pomo\u0107i \u0107e im da se razumiju i bez glasnog izra\u017eavanja svojih \u017eelja. Riba \u0107e mu dovoljno pokazivati ljubav, te \u0107e se \u0161korpion u ovoj vezi osje\u0107ati kao bubreg u loju.<\/p>\n<h3>Ribe \u2013 Strijelac: \ud83d\ude41<\/h3>\n<p>Riba treba \u010dvrst oslonac u partneru \u0161to strijelac nije. Istovremeno riba ne mo\u017ee shvatiti veliku potrebu strijelca za slobodom. Ona to do\u017eivljava kao udaljavanje od partnera ili nedostatak osje\u0107aja. Kada je riba u svojoj depresivnoj fazi, strijelca ne\u0107e biti tu da joj pomogne prebroditi krizu.<\/p>\n<h3>Ribe \u2013 Jarac: \ud83d\ude42 \ud83d\ude41<\/h3>\n<p>Riba od svoga partnera o\u010dekuje potpunu predanost. Jarac \u0107e u situaciji gdje mora birati izme\u0111u partnera i karijere radije re\u0107i zbogom partneru i posvetiti se karijeri. Ovakva veza nikad ne\u0107e zadovoljiti ni jednog ni drugog partnera te je bolje na vrijeme prepoznati razli\u010ditosti i ne insistirati na odr\u017eavanju veze.<\/p>\n<h3>Ribe \u2013 Vodenjak: \ud83d\ude42 \ud83d\ude41<\/h3>\n<p>Kad bi se ribe mazile, vodenjaci bi pri\u010dali. Kada bi ribe htjele razgovarati, vodenjaci bi razgovarali ali ne o njihovom odnosu nego o prijateljima. Kada bi riba bila sama, vodenjak bi dru\u0161tvo, a kad bi riba dru\u0161tvo vodenjak bi se dru\u017eio s prijateljima. Ova dva znaka jednostavno ne mogu prona\u0107i sklad ni razumjeti potrebe drugog partnera.<\/p>\n<h3>Ribe \u2013 Ribe: \ud83d\ude41 \ud83d\ude41<\/h3>\n<p>\u00abRiba ribi grize rep\u00bb, vrlo dobro opisuje pona\u0161anje ribe prema ribi. Vrlo dobro se razumiju, ali tu svoju prednost koriste kako bi povrijedile jedna drugu. One to\u010dno znaju gdje najvi\u0161e boli i tamo udaraju. Vjerojatno je tome razlog to \u0161to je riba emotivno najslabiji znak zodijaka i ova kombinacija joj je jedinstvena prilika da poka\u017ee svoju mo\u0107.<\/p>\n","protected":false},"excerpt":{"rendered":"<p>Ribe &#8211; Kako zavesti ribu Ribe su hipersenzitivne osobe, lako ih je povrijediti. Me\u0111utim, one svoje osje\u0107aje dr\u017ee u sebi i te\u0161ko se otvaraju. Kod riba se naj\u010de\u0161\u0107e izmjenjuju stanja depresije i \u0161utljive depresije. Nije ih lako zadovoljiti. Unato\u010d tome ribe uvijek sebe do\u017eivljavaju kao \u017ertve. One previ\u0161e vole i \u010desto previ\u0161e daju. Nisu racionalne, [&hellip;]<\/p>\n","protected":false},"author":1,"featured_media":39351,"parent":28633,"menu_order":0,"comment_status":"closed","ping_status":"closed","template":"","meta":{"footnotes":"","_links_to":"","_links_to_target":""},"class_list":["post-27156","page","type-page","status-publish","has-post-thumbnail","hentry"],"_links":{"self":[{"href":"https:\/\/covermagazin.com\/index.php?rest_route=\/wp\/v2\/pages\/27156","targetHints":{"allow":["GET"]}}],"collection":[{"href":"https:\/\/covermagazin.com\/index.php?rest_route=\/wp\/v2\/pages"}],"about":[{"href":"https:\/\/covermagazin.com\/index.php?rest_route=\/wp\/v2\/types\/page"}],"author":[{"embeddable":true,"href":"https:\/\/covermagazin.com\/index.php?rest_route=\/wp\/v2\/users\/1"}],"replies":[{"embeddable":true,"href":"https:\/\/covermagazin.com\/index.php?rest_route=%2Fwp%2Fv2%2Fcomments&post=27156"}],"version-history":[{"count":5,"href":"https:\/\/covermagazin.com\/index.php?rest_route=\/wp\/v2\/pages\/27156\/revisions"}],"predecessor-version":[{"id":39353,"href":"https:\/\/covermagazin.com\/index.php?rest_route=\/wp\/v2\/pages\/27156\/revisions\/39353"}],"up":[{"embeddable":true,"href":"https:\/\/covermagazin.com\/index.php?rest_route=\/wp\/v2\/pages\/28633"}],"wp:featuredmedia":[{"embeddable":true,"href":"https:\/\/covermagazin.com\/index.php?rest_route=\/wp\/v2\/media\/39351"}],"wp:attachment":[{"href":"https:\/\/covermagazin.com\/index.php?rest_route=%2Fwp%2Fv2%2Fmedia&parent=27156"}],"curies":[{"name":"wp","href":"https:\/\/api.w.org\/{rel}","templated":true}]}}