{"id":27127,"date":"2024-12-29T09:10:38","date_gmt":"2024-12-29T07:10:38","guid":{"rendered":"http:\/\/covermagazin.com\/?page_id=27127"},"modified":"2024-12-29T09:10:38","modified_gmt":"2024-12-29T07:10:38","slug":"nova-godina-kako-imati-sretnu-i-veselu-novu-godinu","status":"publish","type":"page","link":"https:\/\/covermagazin.com\/?page_id=27127","title":{"rendered":"Nova godina \u2013 kako unato\u010d svemu do\u010dekati sretno i veselo Novu godinu"},"content":{"rendered":"\n<h3 class=\"wp-block-heading\"><figure><a href=\"https:\/\/covermagazin.com\/wp-content\/uploads\/2020\/06\/vatromet_nova_godina-1.jpg\"><img loading=\"lazy\" decoding=\"async\" class=\"alignnone size-full wp-image-39658\" src=\"https:\/\/covermagazin.com\/wp-content\/uploads\/2020\/06\/vatromet_nova_godina-1.jpg\" alt=\"\" width=\"600\" height=\"396\" srcset=\"https:\/\/covermagazin.com\/wp-content\/uploads\/2020\/06\/vatromet_nova_godina-1.jpg 600w, https:\/\/covermagazin.com\/wp-content\/uploads\/2020\/06\/vatromet_nova_godina-1-300x198.jpg 300w\" sizes=\"auto, (max-width: 600px) 100vw, 600px\" \/><\/a><\/figure><\/h3>\n\n\n\n<h3 class=\"wp-block-heading\">Nova godina \u2013 kako unato\u010d svemu do\u010dekati sretno i veselo Novu godinu<\/h3>\n\n\n\n<p>Novu godinu koju slavimo prvog sije\u010dnja uveo je rimski dr\u017eavnik i vojskovo\u0111a Gaj Julije Cezar 36. godine pr.Kr. \u017eele\u0107i urediti radne i neradne dane.<\/p>\n\n\n\n<p>Po njemu i njegovu nasljedniku Augustu dva su mjeseca dobila ime, a ostali nazivi su ostali iz starog kalendara, prema kojem je godina po\u010dinjala u o\u017eujku.<\/p>\n\n\n\n<p>Dugo vremena ostatak svijeta se opirao proslavi Nove godine u sije\u010dnju, sve negdje do sredine 6. stolje\u0107a. U 13. stolje\u0107u na taj dan uvedena je i svetkovina, a nakon Drugog vatikanskog sabora, na Novu godinu se slavi blagdan Bogorodice. Danas se na ovaj dan obilje\u017eava i Svjetski dan mira.<\/p>\n\n\n\n<p>Naravno, ni dan danas po\u010detak godine nije jednak u svim kulturama i civilizacijama. Tako npr. Kina Novu godinu slavi prema svome tradicijskom kalendaru, prema kretanjima i polo\u017eaju Sunca, Mjeseca i Zemlje.<\/p>\n\n\n\n<h3 class=\"wp-block-heading\"><strong>Dobro raspolo\u017eenje u prosincu?!<\/strong><\/h3>\n\n\n\n<p>Iako je nekim ljudima prosinac najljep\u0161i mjesec u godini zbog predblagdanskog ugo\u0111aja, nekim ljudima koji pate od sezonske zimske depresije prosinac je unato\u010d blje\u0161tavilu svje\u0107ica najtmurniji mjesec u godini.<\/p>\n\n\n\n<p>Kako ne bi bio takav i vama navodimo nekoliko savjeta za dobro raspolo\u017eenje.<\/p>\n\n\n\n<ol class=\"wp-block-list\">\n<li><strong>Ako se ujutro istu\u0161irate gelom s citrusnim aromama<\/strong>, dan \u0107e vam zapo\u010deti energi\u010dnije. Miris limuna ili naran\u010de otjerat \u0107e pospanost i umor, a donijeti svje\u017einu.<\/li>\n<\/ol>\n\n\n\n<p><strong>2. Svaki vedar dan iskoristite za \u0161etnju<\/strong>. Sunce budi pozitivnu energiju, a hodanje poti\u010de cirkulaciju. Nakon \u0161etnje svratite na topao \u010daj ili kuhano vino.<\/p>\n\n\n\n<p><strong>3. Posjetite frizera.<\/strong> Tako \u0107ete imati modernu i novu frizuru za blagdane, a uz to \u0107ete se puno bolje osje\u0107ati, a samopouzdanje \u0107e vam rasti.<\/p>\n\n\n\n<p><strong>4. Odite i do kozmeti\u010darke<\/strong>. Lice bez pri\u0161ti\u0107a, akni i drugih nedostataka \u0107e vam znatno popraviti raspolo\u017eenje, a puno bolje \u0107ete izgledati.<\/p>\n\n\n\n<p>5. Zimska odje\u0107a uglavnom je tamnih boja. <strong>Svje\u017einu unesite lakom za nokte<\/strong>. Poku\u0161ajte s ljubi\u010dastom koja je ove zime in.<\/p>\n\n\n\n<p><strong>6. Ne zaboravite vje\u017ebati.<\/strong> Ne morate svaki dan po dva sata, ali jednom tjedno mo\u017eete odvojiti pola sata na tjelovje\u017ebu.<\/p>\n\n\n\n<p><strong>7. Priu\u0161tite si parfem koji oduvijek \u017eelite<\/strong>. U prosincu biste trebali uga\u0111ati i sebi i darivati i sebe, a ne samo druge.<\/p>\n\n\n\n<h3 class=\"wp-block-heading\">Do Nove popravite liniju<\/h3>\n\n\n\n<p>Mo\u017eda ste do sada ve\u0107 milijun puta zapo\u010deli dijetu i odustali ili ubrzo nakon dijete ponovno vratili kilograme. Vjerojatno je i va\u0161a volja za gubljenjem kilograma opala, ali ako mislite da vrijedi poku\u0161ati jo\u0161 jednom, pridr\u017eavajte se ovih pravila, pa mo\u017eda bude uspje\u0161nije.<\/p>\n\n\n\n<p><strong>1 &#8211; Morate vjerovati u sebe<\/strong>. Ako ve\u0107 na po\u010detku razmi\u0161ljate \u201eja to ne mogu\u201c, naravno da ne\u0107ete uspjeti, ali ako se potrudite i date sve od sebe, uspjeh ne\u0107e izostati.<\/p>\n\n\n\n<p><strong>2 \u2013 Izaberite dijetu koja odgovara va\u0161em \u017eivotnom stilu<\/strong>, bud\u017eetu i navikama. Nemojte se odlu\u010diti za neku samo zbog toga \u0161to je moderna ili je bila uspje\u0161na kod prijateljice.<\/p>\n\n\n\n<p><strong>3 \u2013 Te\u017einu provjeravajte dva do tri puta tjedno.<\/strong><\/p>\n\n\n\n<p><strong>4 \u2013 Redovito doru\u010dkujte.<\/strong><\/p>\n\n\n\n<p>5 &#8211; Uvijek u hladioniku<strong> imajte vo\u0107a i povr\u0107a,<\/strong> u slu\u010daju da osjetite iznenadnu i neizdr\u017eivu glad.<\/p>\n\n\n\n<p><strong>6 &#8211; Vi\u0161e vremena provodite s obitelji<\/strong>. Ako imate djecu igrajte se s njima i zaboravit \u0107ete na hranu.<\/p>\n\n\n\n<p><strong>7 &#8211; Uvijek sa sobom nosite malu bocu vode.<\/strong> Ako ste gladni popijte vode, voda \u0107e&nbsp;&nbsp; izazvati osje\u0107aj sitosti u organizmu.<\/p>\n\n\n\n<p><strong>8 &#8211; Nemojte se stalno voziti autom.<\/strong> Poku\u0161ajte \u0161to vi\u0161e pje\u0161a\u010diti, ako imate vremena svaku jutro pola sata prije posla tr\u010dite ili se bavite nekom drugom tjelesnom aktivno\u0161\u0107u.<\/p>\n\n\n\n<h3 class=\"wp-block-heading\"><span style=\"text-decoration: underline;\">Vi\u0161e ideja za zdravu prehranu i vrste dijeta prona\u0111ite ovdje:<\/span><\/h3>\n\n\n\n<figure class=\"wp-block-embed is-type-wp-embed is-provider-cover-magazin-com wp-block-embed-cover-magazin-com\"><div class=\"wp-block-embed__wrapper\">\n<blockquote class=\"wp-embedded-content\" data-secret=\"t7p8Q8mBJA\"><a href=\"https:\/\/covermagazin.com\/?page_id=26929\">30 vrsta dijeta za mr\u0161avljenje s planovima dijeta<\/a><\/blockquote><iframe loading=\"lazy\" class=\"wp-embedded-content\" sandbox=\"allow-scripts\" security=\"restricted\" style=\"position: absolute; visibility: hidden;\" title=\"&#8220;30 vrsta dijeta za mr\u0161avljenje s planovima dijeta&#8221; &#8212; COVER magazin.com\" src=\"https:\/\/covermagazin.com\/?page_id=26929&#038;embed=true#?secret=IuTo7OTZOG#?secret=t7p8Q8mBJA\" data-secret=\"t7p8Q8mBJA\" width=\"500\" height=\"282\" frameborder=\"0\" marginwidth=\"0\" marginheight=\"0\" scrolling=\"no\"><\/iframe>\n<\/div><\/figure>\n\n\n\n<h3 class=\"wp-block-heading\">Spremite stan za tulum<\/h3>\n\n\n\n<p>Ako organizirate dru\u017eenje s kolegama, obitelji ili prijateljima u va\u0161em stanu, korisno bi bilo napraviti neke izmjene.<\/p>\n\n\n\n<p>Ako su vam stolice i kau\u010d namje\u0161tene u obliku slova L, bilo bi dobro da ih premjestite u oblik slova U. Tako \u0107ete izbje\u0107i neugodnu situaciju u kojoj \u0107e svi samo gledati TV i prepirati se za daljinski upravlja\u010d.<\/p>\n\n\n\n<p>Tako\u0111er, nemojte zaboraviti pripremiti dodatne stolice. Za svaki slu\u010daj. Kad nema dovoljno mjesta svi se uvijek osje\u0107aju neugodno. Ako je dru\u017eenje malo intimnije pripremite svije\u0107e i lampe koje mo\u017eete postaviti u kutove prostorija. Zaboravite na centralno stropno svjetlo jer je ono prejako za takva dru\u017eenja.<\/p>\n\n\n\n<p>Jo\u0161 trebate obratiti pa\u017enju na izbor hrane. Neka ona bude raznovrsna tako da se svakog na\u0111e po ne\u0161to. I naravno poticati dobro raspolo\u017eenje i ugodnu komunikaciju.<\/p>\n\n\n\n<figure class=\"wp-block-embed is-type-wp-embed is-provider-cover-magazin-com wp-block-embed-cover-magazin-com\"><div class=\"wp-block-embed__wrapper\">\n<blockquote class=\"wp-embedded-content\" data-secret=\"yjodlycS6e\"><a href=\"https:\/\/covermagazin.com\/?p=975\">Kokteli za svaki horoskopski znak<\/a><\/blockquote><iframe loading=\"lazy\" class=\"wp-embedded-content\" sandbox=\"allow-scripts\" security=\"restricted\" style=\"position: absolute; visibility: hidden;\" title=\"&#8220;Kokteli za svaki horoskopski znak&#8221; &#8212; COVER magazin.com\" src=\"https:\/\/covermagazin.com\/?p=975&#038;embed=true#?secret=R1BvaidzJv#?secret=yjodlycS6e\" data-secret=\"yjodlycS6e\" width=\"500\" height=\"282\" frameborder=\"0\" marginwidth=\"0\" marginheight=\"0\" scrolling=\"no\"><\/iframe>\n<\/div><\/figure>\n\n\n\n<h3 class=\"wp-block-heading\">Slavlje uz pi\u0107e<\/h3>\n\n\n\n<p>Ako ste odlu\u010dili za Novu godinu ne \u0161tedjeti na pi\u0107u evo nekih savjeta koji \u0107e vam pomo\u0107i sutradan se osje\u0107ati bolje. Nisu \u010dudotvorni, ali mogu pomo\u0107i:<\/p>\n\n\n\n<p>&#8211; Nemojte pratiti ni\u010diji ritam. Dakle pijte onoliko koliko \u017eelite i mo\u017eete. Ne mogu svi isto, stoga ne trebate zvati prijatelje da prate va\u0161 ritam, ali ne morate ni vi njihov.<\/p>\n\n\n\n<p>&#8211; Iako se \u010dini glupo, mnogi se sla\u017eu u tome da ako \u017eelite izbje\u0107i da vam sutradan bude lo\u0161e, pijte uglavnom svijetla pi\u0107a. \u010cini se da u tamnim imaju neke supstance zbog kojih se sutradan osje\u0107ate lo\u0161ije.<\/p>\n\n\n\n<p>&#8211; Nemojte mije\u0161ati pi\u0107a! Savjet koji ste vjerojatno \u010duli mnogo puta, ali mi ga ponavljamo jer je va\u017ean. \u0160to vi\u0161e mije\u0161ate pi\u0107a to \u0107ete se lo\u0161ije osje\u0107ati sutradan.<\/p>\n\n\n\n<p>&#8211; Pijte polako. Ne morate svaku \u010da\u0161u odmah isprazniti. Ako sporije pijete ostavljate svome organizmu vi\u0161e vremena da preradi alkohol.<\/p>\n\n\n\n<p>&#8211; Nemojte piti na prazan stomak. Uvijek pojedite ne\u0161to prije. Kruh, sir, kola\u010di, hrana koja nije ba\u0161 najbolja za liniju jako je dobra u ovakvim situacijama.<\/p>\n\n\n\n<p>&#8211; Pijte dosta vode. Kako izme\u0111u alkoholnih pi\u0107a, tako i jutro poslije. Od alkohola \u0107ete dehidrirati, a i s vodom se lak\u0161e i br\u017ee rje\u0161avate toksina. Jednako \u0107e poslu\u017eiti i vo\u0107ni sok.<\/p>\n\n\n\n<p>&#8211; Jutro poslije, ako je mogu\u0107e, odspavajte du\u017ee. Tako \u0107ete ostaviti vi\u0161e vremena organizmu da odradi svoje.<\/p>\n\n\n\n<p>&#8211; Ako ste ba\u0161 pretjerali ujutro popijte jedan aspirin. I multivitamin. Ne\u0107e u\u010diniti \u010dudo, ali u kombinaciji s dosta teku\u0107ine ubrzat \u0107e proces oporavka.<\/p>\n\n\n\n<p>&#8211; Ako ste \u010duli za onu da je najbolje boriti se s mamurlukom tako da odmah ujutro popijete malo alkohola, nemojte to raditi. To \u0107e vam samo produ\u017eiti cijeli proces.<\/p>\n\n\n\n<p>&#8211; Nemojte piti kavu. Iako se \u010desto ka\u017ee da je kava najbolja za mamurluk, to i nije ba\u0161 tako. Ona poput alkohola izaziva dehidraciju te vam ne\u0107e pomo\u0107i. Umjesto nje bolje je popiti sok ili \u010da\u0161u vode.<\/p>\n\n\n\n<h3 class=\"wp-block-heading\">Ho\u0107e li va\u0161i ljubimci imati sretne blagdane?<\/h3>\n\n\n\n<p>U ovom tjednu naj\u010de\u0161\u0107e zapo\u010dinje tradicionalno obiteljsko \u201eki\u0107enje\u201c borova, postavljanje svje\u0107ica i ostalih ukrasa na i u domove. U\u017eivaju li u novogodi\u0161njim dekoracijama va\u0161i ljubimci jednako kao i vi?!<\/p>\n\n\n\n<p>Prema pro\u0161logodi\u0161njim podacima 50% pasa na neki na\u010din sudjeluje u novogodi\u0161njim nesre\u0107ama i nezgodama, a svaki deseti posjeti veterinara kao rezultat te nezgode. Padanje bora preko ljubimca (32%), gutanje ukrasa (19%), zatim elektri\u010dni stres zbog zapetljavanja ili kidanja lampica, trovanje hranom samo su neke i naj\u010de\u0161\u0107e nezgode. Kako biste ih izbjegli pobrinite se osigurati i va\u0161im ljubimcima ugodnu blagdansku atmosferu.<\/p>\n\n\n\n<p>1 &#8211; Ako imate prirodno drvce \u010distite opale iglice redovito, psi ih lako mogu udahnuti.<\/p>\n\n\n\n<p>2 &#8211; Na drvce ne vje\u0161ajte lampice koje naglo mijenjaju ja\u010dinu svjetla, pas bi se mogao osje\u0107ati ugro\u017eenim i napasti drvce.<\/p>\n\n\n\n<p>3 &#8211; Ograni\u010dite hranu koju va\u0161 ljubimac unosi i ne pretjerujte s hranjenjem \u201eljudskom\u201c hranom. Psima ne biste trebali davati \u010dokoladu, ni meso sa sitnim kostima.<\/p>\n\n\n\n<p>4 &#8211; Nitko ne o\u010dekuje kako \u0107e Bo\u017ei\u0107 ili Nova godina biti \u201etiha no\u0107\u201c, ali nazdravljanje, baloni, petarde i sl. mogu uznemiriti va\u0161eg psa. Osigurajte mu tih i miran prostor gdje \u0107e mo\u0107i pobje\u0107i, ako se osjeti ugro\u017eenim.<\/p>\n\n\n\n<p>5 &#8211; Svije\u0107njake dobro u\u010dvrstite kako ih ljubimci ne bi mogli oboriti i pritom zapaliti ne\u0161to.<\/p>\n\n\n\n<p>6 &#8211; Alkohol mo\u017eda mo\u017ee vama u\u010diniti proslavu zabavnijom, ali date li alkohol svome psu bit \u0107e doslovno bolesno pijan.<\/p>\n\n\n\n<figure class=\"wp-block-embed is-type-wp-embed is-provider-cover-magazin-com wp-block-embed-cover-magazin-com\"><div class=\"wp-block-embed__wrapper\">\n<blockquote class=\"wp-embedded-content\" data-secret=\"Yu5Yi63O2i\"><a href=\"https:\/\/covermagazin.com\/?p=27293\">Koje su najpopularnije NOVOGODI\u0160NJE ODLUKE i kako ih ostvariti<\/a><\/blockquote><iframe loading=\"lazy\" class=\"wp-embedded-content\" sandbox=\"allow-scripts\" security=\"restricted\" style=\"position: absolute; visibility: hidden;\" title=\"&#8220;Koje su najpopularnije NOVOGODI\u0160NJE ODLUKE i kako ih ostvariti&#8221; &#8212; COVER magazin.com\" src=\"https:\/\/covermagazin.com\/?p=27293&#038;embed=true#?secret=i1AZf2LDVA#?secret=Yu5Yi63O2i\" data-secret=\"Yu5Yi63O2i\" width=\"500\" height=\"282\" frameborder=\"0\" marginwidth=\"0\" marginheight=\"0\" scrolling=\"no\"><\/iframe>\n<\/div><\/figure>\n\n\n\n<figure class=\"wp-block-embed is-type-wp-embed is-provider-cover-magazin-com wp-block-embed-cover-magazin-com\"><div class=\"wp-block-embed__wrapper\">\n<blockquote class=\"wp-embedded-content\" data-secret=\"h5bLWHXX0d\"><a href=\"https:\/\/covermagazin.com\/?p=38114\">Poslovni pokloni  2024. \u2013 Kako izabrati poklon za partnere?! [ KARIJERA ]<\/a><\/blockquote><iframe loading=\"lazy\" class=\"wp-embedded-content\" sandbox=\"allow-scripts\" security=\"restricted\" style=\"position: absolute; visibility: hidden;\" title=\"&#8220;Poslovni pokloni  2024. \u2013 Kako izabrati poklon za partnere?! [ KARIJERA ]&#8221; &#8212; COVER magazin.com\" src=\"https:\/\/covermagazin.com\/?p=38114&#038;embed=true#?secret=Dktujs796X#?secret=h5bLWHXX0d\" data-secret=\"h5bLWHXX0d\" width=\"500\" height=\"282\" frameborder=\"0\" marginwidth=\"0\" marginheight=\"0\" scrolling=\"no\"><\/iframe>\n<\/div><\/figure>\n\n\n\n<h3 class=\"wp-block-heading\">&nbsp;<\/h3>\n\n\n\n<h3 class=\"wp-block-heading\"><i>Do\u010dek Nove godine \u2013 vodi\u010d za solere<\/i><\/h3>\n\n\n\n<p><i><br>Nova godina se pribli\u017eava i jo\u0161 uvijek nemate nikakvih planova. Ve\u0107ina va\u0161ih prijatelja \u0107e biti izvan grada ili sa svojim partnerima. A vi?! Vi ne mo\u017eete vjerovati da je pro\u0161la jo\u0161 jedna godina i da \u0107ete i ovu do\u010dekati bez partnera. I \u0161to sad?<\/i><\/p>\n\n\n\n<p><i>Mo\u017eda \u0107e vam ovo zvu\u010dati poznato, ali pravo je vrijeme da jo\u0161 jednom razmislite \u0161to zaista Nova godina zna\u010di i zbog \u010dega se slavi. Mo\u017eda iako nemate partnera imate vi\u0161e opcija nego \u0161to mislite. Ako upotrijebite svoju kreativnost mo\u017eete osmisliti ve\u010der koja \u0107e vam pomo\u0107i zapo\u010deti sljede\u0107u godinu u pravom raspolo\u017eenju. <\/i><\/p>\n\n\n\n<p><i>Za po\u010detak slijedi op\u0107enit popis stvari koje mo\u017eete raditi:<br>Isplanirajte izlazak s prijateljima. Mo\u017eete iza\u0107i na ve\u010deru, kino, neki klub ili kombinirati sve navedeno.<br>Isplanirajte ve\u010der s prijateljima u domu. Kupite dosta hrane, iznajmite neke humoristi\u010dne filmove, naru\u010dite ili napravite odli\u010dne deserte i u\u017eivajte u dru\u0161tvu, odli\u010dnim filmovima i hrani.<br>Mo\u017eete iza\u0107i i sami. Iza\u0111ite u omiljeni restoran na dobru ve\u010deru, pogledajte dobar film&#8230; Mo\u017eete iza\u0107i i u klub gdje uobi\u010davate zalaziti. Tamo \u0107ete mo\u0107i za \u0161ankom komunicirati s ljudima koje znate iz vi\u0111enja.<\/i><\/p>\n\n\n\n<p><i>Isplanirajte lijepu ve\u010der kod ku\u0107e i posvetite se samo sebi. Mo\u017eete ili kuhati ili naru\u010diti restoransku hranu, iznajmite omiljene filmove, gledajte televizijski novogodi\u0161nji program ili \u010ditajte dobru knjigu.<br>Mo\u017eda biste \u017eeljeli novu do\u010dekati na otvorenom. Mnogi gradovi imaju samo nekoliko sati udaljena skijali\u0161ta s no\u0107nim stazama. Raspitajte se jesu li otvorena.<br>U svakom slu\u010daju ako ste Novu godinu do\u010dekali sami to ne zna\u010di da i sutradan trebate biti sami cijeli dan. Mo\u017eete pozvati prijatelje koji su \u201eraspolo\u017eivi\u201c. Ili mo\u017eete oti\u0107i negdje na izlet. Bicikl, role ili skijanje ukoliko bude snijega dobar su na\u010din za zabavu.<\/i><\/p>\n\n\n\n<p><i>Ako vas ni\u0161ta od navedenog ne privla\u010di odlu\u010dite na novogodi\u0161nje jutro zapo\u010deti neki projekt o kojem ve\u0107 dugo razmi\u0161ljate. Na taj na\u010din \u010dete obilje\u017eiti po\u010detak nove godine.<\/i><\/p>\n\n\n\n<p><i>Mnogi ne uspijevaju prije praznika zavr\u0161iti sve poslove, novogodi\u0161nje jutro mo\u017eete pretvoriti u radnu akciju. Naravno uz dobru glazbu u pozadini.<\/i><\/p>\n\n\n\n<p><i>\u0160to god odlu\u010dili imajte na umu da ovaj praznik simbolizira novi po\u010detak, zbog toga umjesto da se koncentrirate na pronalazak najboljeg na\u010dina zabave dan mo\u017eete provesti i u razmi\u0161ljanju i postavljanju ciljeva za idu\u0107u godinu, koji \u0107e dovesti do promjena koje \u017eelite. Akcija \u010dini razliku. Na vama je da izaberete svoj put.<\/i><\/p>\n\n\n\n<h3 class=\"wp-block-heading\"><i>U\u017eivajte u praznicima i ako ste slobodni<\/i><\/h3>\n\n\n\n<p><i>Ako ste slobodni prazni\u010dko raspolo\u017eenje vam mo\u017ee i\u0107i na \u017eivce, jer se u pravilu blagdani fokusiraju na partnerstvo, obiteljska okupljanja i blagdanske zabave. \u010cak i oni najsamopouzdaniji slobodni se mogu osjetiti izolirano ili deprimirano.<\/i><\/p>\n\n\n\n<p><i>Najbolji na\u010din da privu\u010dete radost je da budete radosni zbog onog \u0161to jeste sada.<\/i><\/p>\n\n\n\n<p><i>Kako to posti\u0107i?<\/i><\/p>\n\n\n\n<p><i>&#8211; Poka\u017eite volju da se osje\u0107ate dobro \u2013<\/i><\/p>\n\n\n\n<p><i>\u010cesto sebi sami prizivamo pro\u0161la iskustva i ponavljamo ih. Ako sami sebi ka\u017eete i obe\u0107ate da \u0107ete u ovim blagdanima u\u017eivati tada oni mogu biti potpuno druga\u010dije iskustvo od onih prethodnih. Sami odlu\u010dujete kakve \u0107ete blagdane imati, pa se vi odlu\u010dite za one radosne.<\/i><\/p>\n\n\n\n<p><i>&#8211; Inicirajte akciju prema onome \u0161to \u017eelite &#8211;<\/i><\/p>\n\n\n\n<p><i>Izaberite dvije, tri stvari i zapo\u010dnite istra\u017eivati mogu\u0107nosti. Budite proaktivni, a ipak opu\u0161teni. \u010cak i ako smislite odli\u010dan plan, poku\u0161aji da ne\u0161to forsirate generiraju samo vi\u0161e anksioznosti i frustracija.<\/i><\/p>\n\n\n\n<p><i>&#8211; Napravite popis stvari koje \u017eelite, a koje mo\u017eete solo \u2013<\/i><\/p>\n\n\n\n<p><i>Mo\u017eda \u017eelite oti\u0107i na neki koncert, mjuzikl, nau\u010diti novi ples, pogledati odre\u0111eni film ili pro\u010ditati neku knjigu. Trik je u tome da se imate \u010dim baviti. <\/i><\/p>\n\n\n\n<p><i>&#8211; Pretvarajte se da imate partnera \u2013<\/i><\/p>\n\n\n\n<p><i>Ako mislite da biste neke stvari mogli raditi da imate partnera, radite ih svejedno, bez obzira \u0161to ste solo. Pretvarajte se da je srodna du\u0161a ve\u0107 u va\u0161em \u017eivotu, ali eto, ba\u0161 oko blagdana napao ga je neki \u017eelu\u010dani virus i ne mo\u017ee vam se pridru\u017eiti u svemu \u0161to ste planirali zajedno, pa \u0107ete to napraviti sami.<\/i><\/p>\n\n\n\n<p><i>&#8211; Darivajte \u2013<\/i><\/p>\n\n\n\n<p><i>Prona\u0111ite mjesto gdje mo\u017eete volontirati ili ako \u017eelite biti manje formalni provodite vrijeme s dragim ljudima, dajte im poljubac, zagrljaj ili zajedno slu\u0161ajte omiljene pjesme. Radite sve ono \u0161to vam do\u0111e spontano i u\u017eivajte.<\/i><\/p>\n\n\n\n<p><i>&#8211; Recite hvala \u2013<\/i><\/p>\n\n\n\n<p><i>Zahvalnost nas uvijek \u010dini ispunjenijima. Budite zahvalni na svemu oko sebe.<\/i><\/p>\n\n\n\n<p><i>&#8211; Budite otvoreni \u2013<\/i><\/p>\n\n\n\n<p><i>Tra\u017eite \u010daroliju u blagdanskoj sezoni. Svuda je oko nas. <\/i><\/p>\n\n\n\n<figure class=\"wp-block-embed is-type-wp-embed is-provider-m-stil wp-block-embed-m-stil\"><div class=\"wp-block-embed__wrapper\">\n<blockquote class=\"wp-embedded-content\" data-secret=\"atvWolDi1J\"><a href=\"https:\/\/m-stil.covermagazin.com\/?p=21174\">Kako vezati kravatu<\/a><\/blockquote><iframe loading=\"lazy\" class=\"wp-embedded-content\" sandbox=\"allow-scripts\" security=\"restricted\" style=\"position: absolute; visibility: hidden;\" title=\"&#8220;Kako vezati kravatu&#8221; &#8212; M stil\" src=\"https:\/\/m-stil.covermagazin.com\/?p=21174&#038;embed=true#?secret=ADsXoQKAAy#?secret=atvWolDi1J\" data-secret=\"atvWolDi1J\" width=\"500\" height=\"282\" frameborder=\"0\" marginwidth=\"0\" marginheight=\"0\" scrolling=\"no\"><\/iframe>\n<\/div><\/figure>\n\n\n\n<p>&nbsp;<\/p>\n\n\n\n<figure class=\"wp-block-embed is-type-wp-embed is-provider-cover-magazin-com wp-block-embed-cover-magazin-com\"><div class=\"wp-block-embed__wrapper\">\n<blockquote class=\"wp-embedded-content\" data-secret=\"EhonV4KjWG\"><a href=\"https:\/\/covermagazin.com\/?p=38149\">Pona\u0161anje na poslovnim domjencima [ KARIJERA ]<\/a><\/blockquote><iframe loading=\"lazy\" class=\"wp-embedded-content\" sandbox=\"allow-scripts\" security=\"restricted\" style=\"position: absolute; visibility: hidden;\" title=\"&#8220;Pona\u0161anje na poslovnim domjencima [ KARIJERA ]&#8221; &#8212; COVER magazin.com\" src=\"https:\/\/covermagazin.com\/?p=38149&#038;embed=true#?secret=KKqHtKTlgN#?secret=EhonV4KjWG\" data-secret=\"EhonV4KjWG\" width=\"500\" height=\"282\" frameborder=\"0\" marginwidth=\"0\" marginheight=\"0\" scrolling=\"no\"><\/iframe>\n<\/div><\/figure>\n\n\n\n<p>&nbsp;<\/p>\n\n\n\n<h3 class=\"wp-block-heading\">\u00a0Kako nam protje\u010de vrijeme?<\/h3>\n\n\n\n<p>Po\u010detak godine\u00a0 (a i razdoblje pred do\u010dek) je posebno izra\u017eeno razdoblje u godini u kojem razmi\u0161ljamo o vremenu i njegovom protjecanju.<\/p>\n\n\n\n<p>\u010covjekov do\u017eivljaj vremena jest ono \u0161to ga se osobno ti\u010de, \u0161to se doga\u0111a u njegovu djelovanju i pona\u0161anju. Od na\u0161eg odnosa prema fizi\u010dkom vremenu ovisi prolazi li nam vrijeme bez traga ili postaje i ostaje upisano u knjigu \u017eivota. Budu\u0107i da imamo vrijeme i da ga mo\u017eemo savladavati, \u010dovjek svojom slobodom u tom ispisivanju knjige \u017eivota do potpune kona\u010dnosti pravi korekcije, intervenira pozitivnim usmjeravanjem svog \u017eivota. To zna\u010di da stavom slobode prema vremenu vrijeme dobivamo i oblikujemo vlastitu povijest.<\/p>\n\n\n\n<p>\u010covjek je s jedne strane tjelesno i biolo\u0161ko bi\u0107e, uvjetovano vanjskim, fizi\u010dkim i biolo\u0161kim vremenom. U tom smislu ne mo\u017eemo po svojoj volji skratiti dan i produljiti no\u0107 ili obratno. Ne mo\u017eemo bez te\u0161kih posljedica pomicati svoj biolo\u0161ki sat, pa tako na dulje vrijeme uskra\u0107ivati san i ostale tjelesne potrebe. S druge strane \u010dovjek je i duhovno bi\u0107e. Slobodnom raspola\u017ee nad sobom i svojim vremenom. On ima vrijeme.<\/p>\n\n\n\n<p>Bez udjela temeljnih duhovnih \u010dina, slobode, svjesne prisutnosti i temeljnog opredjeljenja vrijeme prolazi i ne postaje.<\/p>\n\n\n\n<p>Slikovito re\u010deno, to su stranice na kojima stoji naslov neke teme ispod kojeg je papir neispisan. U svakodnevnom govoru ka\u017eemo da je to prespavano ili izgubljeno vrijeme.<\/p>\n\n\n\n<p>U govoru o vremenu svakako ne smijemo predvidjeti da je ono dar. A vanjsko vrijeme uobli\u010diti u osobni dar (Bogu ili drugom \u010dovjeku) najdublji je izraz na\u0161e vrijednosti i odgovora na nju.<\/p>\n\n\n\n<p>Najdragocjenije, danas i najnu\u017enije je uzajamno darivanje osobnim vremenom. Zato u analizi osobnog poslovanja u godini iza nas treba ustvrditi koja je koli\u010dina u njoj darovanog vremena, a u planiranju godine ispred nas dati dovoljno va\u017enosti darivanju vremena. U najmanju ruku vi\u0161ak vremena treba dati onima koji ga trebaju, a ne krasti ga onima koji ga imaju premalo.<\/p>\n\n\n\n<p><em>Izvor: Vrijeme u vremenu, Stjepan Duvnjak<\/em><\/p>\n","protected":false},"excerpt":{"rendered":"<p>Nova godina \u2013 kako unato\u010d svemu do\u010dekati sretno i veselo Novu godinu Novu godinu koju slavimo prvog sije\u010dnja uveo je rimski dr\u017eavnik i vojskovo\u0111a Gaj Julije Cezar 36. godine pr.Kr. \u017eele\u0107i urediti radne i neradne dane. Po njemu i njegovu nasljedniku Augustu dva su mjeseca dobila ime, a ostali nazivi su ostali iz starog kalendara, [&hellip;]<\/p>\n","protected":false},"author":1,"featured_media":39658,"parent":0,"menu_order":0,"comment_status":"closed","ping_status":"closed","template":"","meta":{"footnotes":"","_links_to":"","_links_to_target":""},"class_list":["post-27127","page","type-page","status-publish","has-post-thumbnail","hentry"],"_links":{"self":[{"href":"https:\/\/covermagazin.com\/index.php?rest_route=\/wp\/v2\/pages\/27127","targetHints":{"allow":["GET"]}}],"collection":[{"href":"https:\/\/covermagazin.com\/index.php?rest_route=\/wp\/v2\/pages"}],"about":[{"href":"https:\/\/covermagazin.com\/index.php?rest_route=\/wp\/v2\/types\/page"}],"author":[{"embeddable":true,"href":"https:\/\/covermagazin.com\/index.php?rest_route=\/wp\/v2\/users\/1"}],"replies":[{"embeddable":true,"href":"https:\/\/covermagazin.com\/index.php?rest_route=%2Fwp%2Fv2%2Fcomments&post=27127"}],"version-history":[{"count":18,"href":"https:\/\/covermagazin.com\/index.php?rest_route=\/wp\/v2\/pages\/27127\/revisions"}],"predecessor-version":[{"id":73076,"href":"https:\/\/covermagazin.com\/index.php?rest_route=\/wp\/v2\/pages\/27127\/revisions\/73076"}],"wp:featuredmedia":[{"embeddable":true,"href":"https:\/\/covermagazin.com\/index.php?rest_route=\/wp\/v2\/media\/39658"}],"wp:attachment":[{"href":"https:\/\/covermagazin.com\/index.php?rest_route=%2Fwp%2Fv2%2Fmedia&parent=27127"}],"curies":[{"name":"wp","href":"https:\/\/api.w.org\/{rel}","templated":true}]}}